{"id":26495,"date":"2025-06-02T09:26:47","date_gmt":"2025-06-02T09:26:47","guid":{"rendered":"https:\/\/para-pharmacity.tn\/?post_type=product&#038;p=26495"},"modified":"2025-06-02T09:26:47","modified_gmt":"2025-06-02T09:26:47","slug":"uriage-depiderm-mousse-nett-vit-c-100ml","status":"publish","type":"product","link":"https:\/\/para-pharmacity.tn\/?product=uriage-depiderm-mousse-nett-vit-c-100ml","title":{"rendered":"URIAGE DEPIDERM MOUSSE NETT VIT C 100ML"},"content":{"rendered":"<p><b>URIAGE D\u00c9PIDERM CREME MOUSSE NETTOYANTE ECLAT 100ML<\/b><\/p>\n<p>URIAGE D\u00c9PIDERM CREME MOUSSE NETTOYANTE ECLAT nettoie le visage en douceur et laisse la peau fra\u00eeche et lumineuse. Sa texture cr\u00e8me mousse onctueuse s&rsquo;accompagne d\u2019un parfum floral pour une application confortable et sensorielle.<\/p>\n<div>\n<div>URIAGE D\u00c9PIDERM CREME MOUSSE Vitamine C associe un c\u0153ur de formule, la MELA TECHNOLOGY* avec 100% d\u2019ingr\u00e9dients d\u2019origine naturelle, \u00e0 la VITAMINE C\u00a0 pour une action compl\u00e8te de correction et de pr\u00e9vention des taches.<\/div>\n<div>*EXTRAIT DE POIS ET DE SUCROSE + EAU THERMALE D\u2019URIAGE + ENOXOLONE<\/div>\n<div><\/div>\n<div>\n<div>Avec une formule test\u00e9e sous contr\u00f4le dermatologique, cette mousse nettoyante convient \u00e0 tous les types de peaux.<\/div>\n<div>L\u2019eau Thermale d\u2019Uriage adoucit et apaise toutes les peaux, m\u00eame sensibles.<\/div>\n<div><\/div>\n<div><strong>Composition :<\/strong><\/div>\n<div>\n<div><\/div>\n<div>AQUA (WATER, EAU) \u2014 SODIUM COCOYL GLYCINATE \u2014 GLYCERIN \u2014 SODIUM LAURETH SULFATE \u2014 COCAMIDOPROPYL BETAINE \u2014 SODIUM METHYL COCOYL TAURATE \u2014 ACRYLATES COPOLYMER \u2014 CITRIC ACID \u2014 TRIETHYL CITRATE \u2014 PARFUM (FRAGRANCE) \u2014 SODIUM CHLORIDE \u2014 SODIUM BENZOATE \u2014 COCONUT ACID \u2014 MALTODEXTRIN \u2014 ASCORBYL GLUCOSIDE \u2014 NIACINAMIDE \u2014 SUCROSE DILAURATE \u2014 SODIUM COCOYL GLUTAMATE \u2014 SODIUM CITRATE \u2014 SODIUM HYDROXIDE \u2014 PISUM SATIVUM EXTRACT (PISUM SATIVUM (PEA) EXTRACT)<\/div>\n<\/div>\n<div><\/div>\n<div><strong>Conseils d&rsquo;utilisation :\u00a0<\/strong><\/div>\n<div>\n<div><\/div>\n<div>Appliquer sur le visage l\u00e9g\u00e8rement humide. Masser d\u00e9licatement, puis rincer.<\/div>\n<\/div>\n<\/div>\n<\/div>\n","protected":false},"excerpt":{"rendered":"<p>Cette mousse nettoyante nettoie le visage en douceur et laisse la peau fra\u00eeche et lumineuse. Sa texture cr\u00e8me mousse onctueuse s&rsquo;accompagne d\u2019un parfum floral pour une application confortable et sensorielle.<\/p>\n","protected":false},"featured_media":26496,"comment_status":"open","ping_status":"closed","template":"","meta":[],"product_cat":[213],"product_tag":[],"class_list":{"0":"post-26495","1":"product","2":"type-product","3":"status-publish","4":"has-post-thumbnail","6":"product_cat-visage","8":"first","9":"instock","10":"shipping-taxable","11":"purchasable","12":"product-type-simple"},"jetpack_sharing_enabled":true,"_links":{"self":[{"href":"https:\/\/para-pharmacity.tn\/index.php?rest_route=\/wp\/v2\/product\/26495","targetHints":{"allow":["GET"]}}],"collection":[{"href":"https:\/\/para-pharmacity.tn\/index.php?rest_route=\/wp\/v2\/product"}],"about":[{"href":"https:\/\/para-pharmacity.tn\/index.php?rest_route=\/wp\/v2\/types\/product"}],"replies":[{"embeddable":true,"href":"https:\/\/para-pharmacity.tn\/index.php?rest_route=%2Fwp%2Fv2%2Fcomments&post=26495"}],"version-history":[{"count":1,"href":"https:\/\/para-pharmacity.tn\/index.php?rest_route=\/wp\/v2\/product\/26495\/revisions"}],"predecessor-version":[{"id":26497,"href":"https:\/\/para-pharmacity.tn\/index.php?rest_route=\/wp\/v2\/product\/26495\/revisions\/26497"}],"wp:featuredmedia":[{"embeddable":true,"href":"https:\/\/para-pharmacity.tn\/index.php?rest_route=\/wp\/v2\/media\/26496"}],"wp:attachment":[{"href":"https:\/\/para-pharmacity.tn\/index.php?rest_route=%2Fwp%2Fv2%2Fmedia&parent=26495"}],"wp:term":[{"taxonomy":"product_cat","embeddable":true,"href":"https:\/\/para-pharmacity.tn\/index.php?rest_route=%2Fwp%2Fv2%2Fproduct_cat&post=26495"},{"taxonomy":"product_tag","embeddable":true,"href":"https:\/\/para-pharmacity.tn\/index.php?rest_route=%2Fwp%2Fv2%2Fproduct_tag&post=26495"}],"curies":[{"name":"wp","href":"https:\/\/api.w.org\/{rel}","templated":true}]}}