{"id":26384,"date":"2025-05-29T08:26:11","date_gmt":"2025-05-29T08:26:11","guid":{"rendered":"https:\/\/para-pharmacity.tn\/?post_type=product&#038;p=26384"},"modified":"2025-05-29T08:26:11","modified_gmt":"2025-05-29T08:26:11","slug":"vichy-cicaplast-baume-b5-100ml","status":"publish","type":"product","link":"https:\/\/para-pharmacity.tn\/?product=vichy-cicaplast-baume-b5-100ml","title":{"rendered":"VICHY CICAPLAST BAUME B5+ 100ML"},"content":{"rendered":"<p><strong>B\u00c9N\u00c9FICES<\/strong><br \/>\nCicaplast Baume B5+ est une cr\u00e8me r\u00e9paratrice et apaisante qui s\u2019utilise pour r\u00e9parer la fonction barri\u00e8re de la peau et soulager intens\u00e9ment\u00a0<a href=\"https:\/\/www.laroche-posay.fr\/l-edito-peau\/peau-sensible-ou-lesee\/-ne-sous-estimez-pas-les-consequences-d-un-epiderme-fragilise-\/ne-sous-estimez-pas-les-consequences-d-un-epiderme-fragilise.html\">les peaux fragiles<\/a>\u00a0et irrit\u00e9es tout en r\u00e9duisant les marques. Cette\u00a0<a href=\"https:\/\/www.laroche-posay.fr\/produits\/corps\/soins-reparateurs\">cr\u00e8me r\u00e9paratrice corps<\/a>\u00a0et visage contient du beurre de karit\u00e9 nourrissant, de la vitamine B5 apaisante et de la mad\u00e9cassoside connue pour ses propri\u00e9t\u00e9s apaisantes. La peau est imm\u00e9diatement nourrie et confortable, les rougeurs et les irritations sont apais\u00e9es..<\/p>\n<p><strong>INDICATION<\/strong><br \/>\nPeaux fragilis\u00e9es et irrit\u00e9es des b\u00e9b\u00e9s (nourrissons), enfants et adultes. Cicaplast Baume B5+ est indiqu\u00e9 pour les peaux sensibles suite \u00e0 des atteintes \u00e9pidermiques : rougeurs du si\u00e8ge du b\u00e9b\u00e9, irritation p\u00e9ri-orale, micro-ger\u00e7ure, s\u00e9cheresse intense, irritation cutan\u00e9e, post-laser superficiel, irritation post-\u00e9pilation&#8230;<\/p>\n","protected":false},"excerpt":{"rendered":"<p style=\"font-weight: 400;\">CICAPLAST Baume B5+ est un baume multi-usages qui apaise et prot\u00e8ge les peaux irrit\u00e9es. Il convient \u00e0 toute la famille et test\u00e9 sur 14 indications.<\/p>\n<p style=\"font-weight: 400;\">Propuls\u00e9 par le pr\u00e9biotique exclusif Tribioma.<\/p>\n","protected":false},"featured_media":26385,"comment_status":"open","ping_status":"closed","template":"","meta":[],"product_cat":[213],"product_tag":[],"class_list":{"0":"post-26384","1":"product","2":"type-product","3":"status-publish","4":"has-post-thumbnail","6":"product_cat-visage","8":"first","9":"instock","10":"shipping-taxable","11":"purchasable","12":"product-type-simple"},"jetpack_sharing_enabled":true,"_links":{"self":[{"href":"https:\/\/para-pharmacity.tn\/index.php?rest_route=\/wp\/v2\/product\/26384","targetHints":{"allow":["GET"]}}],"collection":[{"href":"https:\/\/para-pharmacity.tn\/index.php?rest_route=\/wp\/v2\/product"}],"about":[{"href":"https:\/\/para-pharmacity.tn\/index.php?rest_route=\/wp\/v2\/types\/product"}],"replies":[{"embeddable":true,"href":"https:\/\/para-pharmacity.tn\/index.php?rest_route=%2Fwp%2Fv2%2Fcomments&post=26384"}],"version-history":[{"count":1,"href":"https:\/\/para-pharmacity.tn\/index.php?rest_route=\/wp\/v2\/product\/26384\/revisions"}],"predecessor-version":[{"id":26390,"href":"https:\/\/para-pharmacity.tn\/index.php?rest_route=\/wp\/v2\/product\/26384\/revisions\/26390"}],"wp:featuredmedia":[{"embeddable":true,"href":"https:\/\/para-pharmacity.tn\/index.php?rest_route=\/wp\/v2\/media\/26385"}],"wp:attachment":[{"href":"https:\/\/para-pharmacity.tn\/index.php?rest_route=%2Fwp%2Fv2%2Fmedia&parent=26384"}],"wp:term":[{"taxonomy":"product_cat","embeddable":true,"href":"https:\/\/para-pharmacity.tn\/index.php?rest_route=%2Fwp%2Fv2%2Fproduct_cat&post=26384"},{"taxonomy":"product_tag","embeddable":true,"href":"https:\/\/para-pharmacity.tn\/index.php?rest_route=%2Fwp%2Fv2%2Fproduct_tag&post=26384"}],"curies":[{"name":"wp","href":"https:\/\/api.w.org\/{rel}","templated":true}]}}