{"id":25585,"date":"2025-04-24T10:30:59","date_gmt":"2025-04-24T10:30:59","guid":{"rendered":"https:\/\/para-pharmacity.tn\/?post_type=product&#038;p=25585"},"modified":"2025-04-24T10:31:00","modified_gmt":"2025-04-24T10:31:00","slug":"bavettes-chirugicales-my-mask-fille-50p","status":"publish","type":"product","link":"https:\/\/para-pharmacity.tn\/?product=bavettes-chirugicales-my-mask-fille-50p","title":{"rendered":"BAVETTES CHIRUGICALES MY MASK FILLE 50P"},"content":{"rendered":"<p class=\"\" data-start=\"283\" data-end=\"402\"><span class=\"relative -mx-px my-[-0.2rem] rounded px-px py-[0.2rem] transition-colors duration-100 ease-in-out\">Les <strong data-start=\"4\" data-end=\"43\">bavettes chirurgicales pour enfants<\/strong> sont sp\u00e9cialement con\u00e7ues pour s&rsquo;adapter aux visages des plus jeunes, offrant une protection contre les agents pathog\u00e8nes tout en assurant confort et respirabilit\u00e9.<\/span> <span class=\"relative -mx-px my-[-0.2rem] rounded px-px py-[0.2rem] transition-colors duration-100 ease-in-out\">Elles sont id\u00e9ales pour une utilisation en milieu scolaire, lors de visites m\u00e9dicales ou dans les transports en commun.<\/span>\u200b<\/p>\n<p class=\"\" data-start=\"404\" data-end=\"438\"><strong data-start=\"404\" data-end=\"438\">Caract\u00e9ristiques principales :<\/strong><\/p>\n<ul data-start=\"440\" data-end=\"810\">\n<li class=\"\" data-start=\"440\" data-end=\"516\">\n<p class=\"\" data-start=\"442\" data-end=\"516\"><strong data-start=\"442\" data-end=\"476\">Conception adapt\u00e9e aux enfants<\/strong> : <span class=\"relative -mx-px my-[-0.2rem] rounded px-px py-[0.2rem] transition-colors duration-100 ease-in-out\">Dimensions r\u00e9duites pour un ajustement optimal.<\/span><\/p>\n<\/li>\n<li class=\"\" data-start=\"517\" data-end=\"582\">\n<p class=\"\" data-start=\"519\" data-end=\"582\"><strong data-start=\"519\" data-end=\"542\">Filtration efficace<\/strong> : <span class=\"relative -mx-px my-[-0.2rem] rounded px-px py-[0.2rem] transition-colors duration-100 ease-in-out\">Conforme aux normes EN 14683:2019+AC:2019, assurant une filtration bact\u00e9rienne \u00e9lev\u00e9e.<\/span><\/p>\n<\/li>\n<li class=\"\" data-start=\"583\" data-end=\"638\">\n<p class=\"\" data-start=\"585\" data-end=\"638\"><strong data-start=\"585\" data-end=\"596\">Confort<\/strong> : <span class=\"relative -mx-px my-[-0.2rem] rounded px-px py-[0.2rem] transition-colors duration-100 ease-in-out\">\u00c9lastiques doux et barrette nasale ajustable pour un maintien s\u00e9curis\u00e9.<\/span><\/p>\n<\/li>\n<li class=\"\" data-start=\"639\" data-end=\"703\">\n<p class=\"\" data-start=\"641\" data-end=\"703\"><strong data-start=\"641\" data-end=\"661\">Hypoallerg\u00e9nique<\/strong> : <span class=\"relative -mx-px my-[-0.2rem] rounded px-px py-[0.2rem] transition-colors duration-100 ease-in-out\">Sans latex, minimisant les risques d&rsquo;irritation.<\/span><\/p>\n<\/li>\n<li class=\"\" data-start=\"704\" data-end=\"810\">\n<p class=\"\" data-start=\"706\" data-end=\"810\"><strong data-start=\"706\" data-end=\"722\">Usage unique<\/strong> : <span class=\"relative -mx-px my-[-0.2rem] rounded px-px py-[0.2rem] transition-colors duration-100 ease-in-out\">\u00c0 jeter apr\u00e8s chaque utilisation pour garantir une hygi\u00e8ne optimale.<\/span><\/p>\n<\/li>\n<\/ul>\n<p class=\"\" data-start=\"812\" data-end=\"841\"><strong data-start=\"812\" data-end=\"841\">Utilisation recommand\u00e9e :<\/strong><\/p>\n<ul data-start=\"843\" data-end=\"1107\">\n<li class=\"\" data-start=\"843\" data-end=\"909\">\n<p class=\"\" data-start=\"845\" data-end=\"909\"><strong data-start=\"845\" data-end=\"867\">En milieu scolaire<\/strong> : <span class=\"relative -mx-px my-[-0.2rem] rounded px-px py-[0.2rem] transition-colors duration-100 ease-in-out\">Prot\u00e8ge les enfants contre les infections respiratoires.<\/span><\/p>\n<\/li>\n<li class=\"\" data-start=\"910\" data-end=\"983\">\n<p class=\"\" data-start=\"912\" data-end=\"983\"><strong data-start=\"912\" data-end=\"941\">Lors de visites m\u00e9dicales<\/strong> : <span class=\"relative -mx-px my-[-0.2rem] rounded px-px py-[0.2rem] transition-colors duration-100 ease-in-out\">Assure une protection lors des consultations.<\/span><\/p>\n<\/li>\n<li class=\"\" data-start=\"984\" data-end=\"1107\">\n<p class=\"\" data-start=\"986\" data-end=\"1107\"><strong data-start=\"986\" data-end=\"1019\">Dans les transports en commun<\/strong> : <span class=\"relative -mx-px my-[-0.2rem] rounded px-px py-[0.2rem] transition-colors duration-100 ease-in-out\">R\u00e9duit le risque de transmission de maladies.<\/span>\u200b<\/p>\n<\/li>\n<\/ul>\n<p class=\"\" data-start=\"1109\" data-end=\"1124\"><strong data-start=\"1109\" data-end=\"1124\">Entretien :<\/strong><\/p>\n<ul data-start=\"1126\" data-end=\"1293\">\n<li class=\"\" data-start=\"1126\" data-end=\"1186\">\n<p class=\"\" data-start=\"1128\" data-end=\"1186\"><strong data-start=\"1128\" data-end=\"1144\">Conservation<\/strong> : <span class=\"relative -mx-px my-[-0.2rem] rounded px-px py-[0.2rem] transition-colors duration-100 ease-in-out\">Conserver dans un endroit sec et \u00e0 temp\u00e9rature ambiante.<\/span><\/p>\n<\/li>\n<li class=\"\" data-start=\"1187\" data-end=\"1293\">\n<p class=\"\" data-start=\"1189\" data-end=\"1293\"><strong data-start=\"1189\" data-end=\"1205\">Remplacement<\/strong> : <span class=\"relative -mx-px my-[-0.2rem] rounded px-px py-[0.2rem] transition-colors duration-100 ease-in-out\">Changer le masque apr\u00e8s chaque utilisation ou s&rsquo;il est humide.<\/span>\u200b<\/p>\n<\/li>\n<\/ul>\n","protected":false},"excerpt":{"rendered":"<p class=\"\" data-start=\"126\" data-end=\"245\"><span class=\"relative -mx-px my-[-0.2rem] rounded px-px py-[0.2rem] transition-colors duration-100 ease-in-out\">Masque chirurgical pour enfant, con\u00e7u pour offrir une protection efficace contre les particules en suspension dans l&rsquo;air.<\/span> <span class=\"relative -mx-px my-[-0.2rem] rounded px-px py-[0.2rem] transition-colors duration-100 ease-in-out\">Disponible en bo\u00eete de 50 unit\u00e9s.<\/span>\u200b<\/p>\n","protected":false},"featured_media":25586,"comment_status":"open","ping_status":"closed","template":"","meta":[],"product_cat":[20],"product_tag":[],"class_list":{"0":"post-25585","1":"product","2":"type-product","3":"status-publish","4":"has-post-thumbnail","6":"product_cat-accessories","8":"first","9":"instock","10":"shipping-taxable","11":"purchasable","12":"product-type-simple"},"jetpack_sharing_enabled":true,"_links":{"self":[{"href":"https:\/\/para-pharmacity.tn\/index.php?rest_route=\/wp\/v2\/product\/25585","targetHints":{"allow":["GET"]}}],"collection":[{"href":"https:\/\/para-pharmacity.tn\/index.php?rest_route=\/wp\/v2\/product"}],"about":[{"href":"https:\/\/para-pharmacity.tn\/index.php?rest_route=\/wp\/v2\/types\/product"}],"replies":[{"embeddable":true,"href":"https:\/\/para-pharmacity.tn\/index.php?rest_route=%2Fwp%2Fv2%2Fcomments&post=25585"}],"version-history":[{"count":1,"href":"https:\/\/para-pharmacity.tn\/index.php?rest_route=\/wp\/v2\/product\/25585\/revisions"}],"predecessor-version":[{"id":25587,"href":"https:\/\/para-pharmacity.tn\/index.php?rest_route=\/wp\/v2\/product\/25585\/revisions\/25587"}],"wp:featuredmedia":[{"embeddable":true,"href":"https:\/\/para-pharmacity.tn\/index.php?rest_route=\/wp\/v2\/media\/25586"}],"wp:attachment":[{"href":"https:\/\/para-pharmacity.tn\/index.php?rest_route=%2Fwp%2Fv2%2Fmedia&parent=25585"}],"wp:term":[{"taxonomy":"product_cat","embeddable":true,"href":"https:\/\/para-pharmacity.tn\/index.php?rest_route=%2Fwp%2Fv2%2Fproduct_cat&post=25585"},{"taxonomy":"product_tag","embeddable":true,"href":"https:\/\/para-pharmacity.tn\/index.php?rest_route=%2Fwp%2Fv2%2Fproduct_tag&post=25585"}],"curies":[{"name":"wp","href":"https:\/\/api.w.org\/{rel}","templated":true}]}}