{"id":25318,"date":"2025-04-16T13:57:10","date_gmt":"2025-04-16T13:57:10","guid":{"rendered":"https:\/\/para-pharmacity.tn\/?post_type=product&#038;p=25318"},"modified":"2025-04-16T13:57:11","modified_gmt":"2025-04-16T13:57:11","slug":"avent-bib-natural-330ml-906-01","status":"publish","type":"product","link":"https:\/\/para-pharmacity.tn\/?product=avent-bib-natural-330ml-906-01","title":{"rendered":"AVENT BIB NATURAL 330ML 906\/01"},"content":{"rendered":"<p class=\"\" data-start=\"349\" data-end=\"508\"><span class=\"relative -mx-px my-[-0.2rem] rounded px-px py-[0.2rem] transition-colors duration-100 ease-in-out\">Le biberon Philips Avent Natural Response 330 ml (r\u00e9f. SCY906\/01) est con\u00e7u pour respecter le rythme naturel de t\u00e9t\u00e9e de votre b\u00e9b\u00e9.<\/span> <span class=\"relative -mx-px my-[-0.2rem] rounded px-px py-[0.2rem] transition-colors duration-100 ease-in-out\">Sa t\u00e9tine innovante lib\u00e8re le lait uniquement lorsque b\u00e9b\u00e9 t\u00e8te activement, permettant ainsi une alternance ais\u00e9e entre allaitement au sein et au biberon.<\/span> \u200b<\/p>\n<p class=\"\" data-start=\"510\" data-end=\"675\"><span class=\"relative -mx-px my-[-0.2rem] rounded px-px py-[0.2rem] transition-colors duration-100 ease-in-out\">La t\u00e9tine large, douce et souple imite la forme du sein maternel, offrant une sensation famili\u00e8re \u00e0 b\u00e9b\u00e9.<\/span> <span class=\"relative -mx-px my-[-0.2rem] rounded px-px py-[0.2rem] transition-colors duration-100 ease-in-out\">La valve anti-coliques int\u00e9gr\u00e9e emp\u00eache l&rsquo;air d&rsquo;entrer dans l&rsquo;estomac de votre enfant, r\u00e9duisant ainsi les risques de coliques et d&rsquo;inconfort.<\/span> \u200b<\/p>\n<p class=\"\" data-start=\"677\" data-end=\"882\"><span class=\"relative -mx-px my-[-0.2rem] rounded px-px py-[0.2rem] transition-colors duration-100 ease-in-out\">Le biberon est fabriqu\u00e9 en polypropyl\u00e8ne sans BPA, assurant une utilisation s\u00fbre.<\/span> <span class=\"relative -mx-px my-[-0.2rem] rounded px-px py-[0.2rem] transition-colors duration-100 ease-in-out\">Son large goulot facilite le remplissage et le nettoyage, et sa conception ergonomique le rend facile \u00e0 tenir, m\u00eame pour les petites mains.<\/span> <span class=\"relative -mx-px my-[-0.2rem] rounded px-px py-[0.2rem] transition-colors duration-100 ease-in-out\">Compatible avec l&rsquo;ensemble de la gamme Philips Avent Natural.<\/span><\/p>\n","protected":false},"excerpt":{"rendered":"<p><span class=\"relative -mx-px my-[-0.2rem] rounded px-px py-[0.2rem] transition-colors duration-100 ease-in-out\">Biberon Philips Avent Natural Response 330 ml avec t\u00e9tine d\u00e9bit 4, imitant la forme du sein pour une t\u00e9t\u00e9e naturelle.<\/span> <span class=\"relative -mx-px my-[-0.2rem] rounded px-px py-[0.2rem] transition-colors duration-100 ease-in-out\">La t\u00e9tine lib\u00e8re le lait uniquement lorsque b\u00e9b\u00e9 t\u00e8te activement, favorisant une alimentation \u00e0 son rythme.<\/span> <span class=\"relative -mx-px my-[-0.2rem] rounded px-px py-[0.2rem] transition-colors duration-100 ease-in-out\">Dot\u00e9 d&rsquo;une valve anti-coliques pour r\u00e9duire l&rsquo;inconfort.<\/span> <span class=\"relative -mx-px my-[-0.2rem] rounded px-px py-[0.2rem] transition-colors duration-100 ease-in-out\">Facile \u00e0 assembler et \u00e0 nettoyer, fabriqu\u00e9 en polypropyl\u00e8ne sans BPA.<\/span><\/p>\n","protected":false},"featured_media":25319,"comment_status":"open","ping_status":"closed","template":"","meta":[],"product_cat":[243],"product_tag":[],"class_list":{"0":"post-25318","1":"product","2":"type-product","3":"status-publish","4":"has-post-thumbnail","6":"product_cat-bebe-et-maman","8":"first","9":"instock","10":"shipping-taxable","11":"product-type-simple"},"jetpack_sharing_enabled":true,"_links":{"self":[{"href":"https:\/\/para-pharmacity.tn\/index.php?rest_route=\/wp\/v2\/product\/25318","targetHints":{"allow":["GET"]}}],"collection":[{"href":"https:\/\/para-pharmacity.tn\/index.php?rest_route=\/wp\/v2\/product"}],"about":[{"href":"https:\/\/para-pharmacity.tn\/index.php?rest_route=\/wp\/v2\/types\/product"}],"replies":[{"embeddable":true,"href":"https:\/\/para-pharmacity.tn\/index.php?rest_route=%2Fwp%2Fv2%2Fcomments&post=25318"}],"version-history":[{"count":1,"href":"https:\/\/para-pharmacity.tn\/index.php?rest_route=\/wp\/v2\/product\/25318\/revisions"}],"predecessor-version":[{"id":25320,"href":"https:\/\/para-pharmacity.tn\/index.php?rest_route=\/wp\/v2\/product\/25318\/revisions\/25320"}],"wp:featuredmedia":[{"embeddable":true,"href":"https:\/\/para-pharmacity.tn\/index.php?rest_route=\/wp\/v2\/media\/25319"}],"wp:attachment":[{"href":"https:\/\/para-pharmacity.tn\/index.php?rest_route=%2Fwp%2Fv2%2Fmedia&parent=25318"}],"wp:term":[{"taxonomy":"product_cat","embeddable":true,"href":"https:\/\/para-pharmacity.tn\/index.php?rest_route=%2Fwp%2Fv2%2Fproduct_cat&post=25318"},{"taxonomy":"product_tag","embeddable":true,"href":"https:\/\/para-pharmacity.tn\/index.php?rest_route=%2Fwp%2Fv2%2Fproduct_tag&post=25318"}],"curies":[{"name":"wp","href":"https:\/\/api.w.org\/{rel}","templated":true}]}}