{"id":25039,"date":"2025-04-14T14:16:04","date_gmt":"2025-04-14T14:16:04","guid":{"rendered":"https:\/\/para-pharmacity.tn\/?post_type=product&#038;p=25039"},"modified":"2025-04-14T14:16:04","modified_gmt":"2025-04-14T14:16:04","slug":"alcool-modifiee-ipa-70-150ml-ben-pharma","status":"publish","type":"product","link":"https:\/\/para-pharmacity.tn\/?product=alcool-modifiee-ipa-70-150ml-ben-pharma","title":{"rendered":"ALCOOL MODIFIEE IPA 70% 150ML BEN PHARMA"},"content":{"rendered":"<p class=\"\" data-start=\"456\" data-end=\"980\"><strong data-start=\"456\" data-end=\"500\">Alcool Modifi\u00e9e IPA 70% 150ml Ben Pharma<\/strong><br data-start=\"500\" data-end=\"503\" \/>L&rsquo;<strong data-start=\"505\" data-end=\"532\">Alcool Modifi\u00e9e IPA 70%<\/strong> (alcool isopropylique) est un antiseptique de qualit\u00e9 sup\u00e9rieure, utilis\u00e9 pour la <strong data-start=\"615\" data-end=\"638\">d\u00e9sinfection rapide<\/strong> et <strong data-start=\"642\" data-end=\"654\">efficace<\/strong> des surfaces et des mains. Avec une concentration d&rsquo;<strong data-start=\"707\" data-end=\"723\">alcool \u00e0 70%<\/strong>, il offre une <strong data-start=\"738\" data-end=\"790\">protection optimale contre les agents pathog\u00e8nes<\/strong>, tout en \u00e9tant doux pour les surfaces. Ce format de <strong data-start=\"843\" data-end=\"852\">150ml<\/strong> est id\u00e9al pour un usage personnel ou professionnel, et facilement transportable dans une trousse de premiers secours ou un sac.<\/p>\n<ul data-start=\"982\" data-end=\"1239\">\n<li class=\"\" data-start=\"982\" data-end=\"1076\">\n<p class=\"\" data-start=\"984\" data-end=\"1076\"><strong data-start=\"984\" data-end=\"1012\">Alcool isopropylique 70%<\/strong> : hautement efficace pour \u00e9liminer <strong data-start=\"1048\" data-end=\"1061\">bact\u00e9ries<\/strong> et <strong data-start=\"1065\" data-end=\"1074\">virus<\/strong><\/p>\n<\/li>\n<li class=\"\" data-start=\"1077\" data-end=\"1156\">\n<p class=\"\" data-start=\"1079\" data-end=\"1156\"><strong data-start=\"1079\" data-end=\"1091\">Pratique<\/strong> : format compact de <strong data-start=\"1112\" data-end=\"1121\">150ml<\/strong>, parfait pour un usage quotidien<\/p>\n<\/li>\n<li class=\"\" data-start=\"1157\" data-end=\"1239\">\n<p class=\"\" data-start=\"1159\" data-end=\"1239\">Utilis\u00e9 pour d\u00e9sinfecter les <strong data-start=\"1188\" data-end=\"1197\">mains<\/strong>, les <strong data-start=\"1203\" data-end=\"1215\">surfaces<\/strong>, et les <strong data-start=\"1224\" data-end=\"1239\">\u00e9quipements<\/strong><\/p>\n<\/li>\n<\/ul>\n","protected":false},"excerpt":{"rendered":"<p class=\"\" data-start=\"130\" data-end=\"259\"><strong data-start=\"130\" data-end=\"174\">Alcool Modifi\u00e9e IPA 70% 150ml Ben Pharma<\/strong><br data-start=\"174\" data-end=\"177\" \/>Alcool isopropylique \u00e0 <strong data-start=\"200\" data-end=\"207\">70%<\/strong>, id\u00e9al pour la <strong data-start=\"223\" data-end=\"239\">d\u00e9sinfection<\/strong> et l&rsquo;<strong data-start=\"245\" data-end=\"256\">hygi\u00e8ne<\/strong>.<\/p>\n<p class=\"\" data-start=\"262\" data-end=\"315\"><strong data-start=\"262\" data-end=\"284\">Contenance : 150ml<\/strong>, format pratique et portable<\/p>\n<p class=\"\" data-start=\"318\" data-end=\"362\"><strong data-start=\"318\" data-end=\"360\">Efficace contre les bact\u00e9ries et virus<\/strong><\/p>\n<p class=\"\" data-start=\"365\" data-end=\"419\">Parfait pour d\u00e9sinfecter les <strong data-start=\"394\" data-end=\"403\">mains<\/strong> et <strong data-start=\"407\" data-end=\"419\">surfaces<\/strong><\/p>\n","protected":false},"featured_media":25040,"comment_status":"open","ping_status":"closed","template":"","meta":[],"product_cat":[202],"product_tag":[],"class_list":{"0":"post-25039","1":"product","2":"type-product","3":"status-publish","4":"has-post-thumbnail","6":"product_cat-consommable","8":"first","9":"instock","10":"shipping-taxable","11":"purchasable","12":"product-type-simple"},"jetpack_sharing_enabled":true,"_links":{"self":[{"href":"https:\/\/para-pharmacity.tn\/index.php?rest_route=\/wp\/v2\/product\/25039","targetHints":{"allow":["GET"]}}],"collection":[{"href":"https:\/\/para-pharmacity.tn\/index.php?rest_route=\/wp\/v2\/product"}],"about":[{"href":"https:\/\/para-pharmacity.tn\/index.php?rest_route=\/wp\/v2\/types\/product"}],"replies":[{"embeddable":true,"href":"https:\/\/para-pharmacity.tn\/index.php?rest_route=%2Fwp%2Fv2%2Fcomments&post=25039"}],"version-history":[{"count":1,"href":"https:\/\/para-pharmacity.tn\/index.php?rest_route=\/wp\/v2\/product\/25039\/revisions"}],"predecessor-version":[{"id":25041,"href":"https:\/\/para-pharmacity.tn\/index.php?rest_route=\/wp\/v2\/product\/25039\/revisions\/25041"}],"wp:featuredmedia":[{"embeddable":true,"href":"https:\/\/para-pharmacity.tn\/index.php?rest_route=\/wp\/v2\/media\/25040"}],"wp:attachment":[{"href":"https:\/\/para-pharmacity.tn\/index.php?rest_route=%2Fwp%2Fv2%2Fmedia&parent=25039"}],"wp:term":[{"taxonomy":"product_cat","embeddable":true,"href":"https:\/\/para-pharmacity.tn\/index.php?rest_route=%2Fwp%2Fv2%2Fproduct_cat&post=25039"},{"taxonomy":"product_tag","embeddable":true,"href":"https:\/\/para-pharmacity.tn\/index.php?rest_route=%2Fwp%2Fv2%2Fproduct_tag&post=25039"}],"curies":[{"name":"wp","href":"https:\/\/api.w.org\/{rel}","templated":true}]}}