{"id":22382,"date":"2024-07-11T10:30:37","date_gmt":"2024-07-11T10:30:37","guid":{"rendered":"https:\/\/para-pharmacity.tn\/?product=test-de-grossesse-medicare-band"},"modified":"2025-06-16T11:22:28","modified_gmt":"2025-06-16T11:22:28","slug":"test-de-grossesse-medicare-band","status":"publish","type":"product","link":"https:\/\/para-pharmacity.tn\/?product=test-de-grossesse-medicare-band","title":{"rendered":"TEST DE GROSSESSE MEDICARE BAND"},"content":{"rendered":"<p>Test de grossesse est un dosage immuno-chromatrographic rapide pour la d\u00e9tection qualitative de la gonadotrophine chorionique humaine (HCG) dans l urine \u00e0 un niveau de concentration de 25 MUI\/ml ou plus \u00e0 l aide dans la d\u00e9tection pr\u00e9coce de la grossesse.<\/p>\n<p>Le test est con\u00e7u pour plus d -the-counter d utilisation<\/p>\n","protected":false},"excerpt":{"rendered":"<p>Test de grossesse urinaire rapide, d\u00e9tectant l\u2019hormone HCG d\u00e8s 25 mUI\/ml, pour un usage pr\u00e9coce et en vente libre.<\/p>\n","protected":false},"featured_media":26810,"comment_status":"open","ping_status":"closed","template":"","meta":[],"product_cat":[230],"product_tag":[],"class_list":{"0":"post-22382","1":"product","2":"type-product","3":"status-publish","4":"has-post-thumbnail","6":"product_cat-hygiene","8":"first","9":"instock","10":"shipping-taxable","11":"purchasable","12":"product-type-simple"},"jetpack_sharing_enabled":true,"_links":{"self":[{"href":"https:\/\/para-pharmacity.tn\/index.php?rest_route=\/wp\/v2\/product\/22382","targetHints":{"allow":["GET"]}}],"collection":[{"href":"https:\/\/para-pharmacity.tn\/index.php?rest_route=\/wp\/v2\/product"}],"about":[{"href":"https:\/\/para-pharmacity.tn\/index.php?rest_route=\/wp\/v2\/types\/product"}],"replies":[{"embeddable":true,"href":"https:\/\/para-pharmacity.tn\/index.php?rest_route=%2Fwp%2Fv2%2Fcomments&post=22382"}],"version-history":[{"count":1,"href":"https:\/\/para-pharmacity.tn\/index.php?rest_route=\/wp\/v2\/product\/22382\/revisions"}],"predecessor-version":[{"id":26811,"href":"https:\/\/para-pharmacity.tn\/index.php?rest_route=\/wp\/v2\/product\/22382\/revisions\/26811"}],"wp:featuredmedia":[{"embeddable":true,"href":"https:\/\/para-pharmacity.tn\/index.php?rest_route=\/wp\/v2\/media\/26810"}],"wp:attachment":[{"href":"https:\/\/para-pharmacity.tn\/index.php?rest_route=%2Fwp%2Fv2%2Fmedia&parent=22382"}],"wp:term":[{"taxonomy":"product_cat","embeddable":true,"href":"https:\/\/para-pharmacity.tn\/index.php?rest_route=%2Fwp%2Fv2%2Fproduct_cat&post=22382"},{"taxonomy":"product_tag","embeddable":true,"href":"https:\/\/para-pharmacity.tn\/index.php?rest_route=%2Fwp%2Fv2%2Fproduct_tag&post=22382"}],"curies":[{"name":"wp","href":"https:\/\/api.w.org\/{rel}","templated":true}]}}