{"id":22334,"date":"2024-07-11T10:30:10","date_gmt":"2024-07-11T10:30:10","guid":{"rendered":"https:\/\/para-pharmacity.tn\/?product=vital-oligovit-trio-30-gelules"},"modified":"2025-05-16T16:47:37","modified_gmt":"2025-05-16T16:47:37","slug":"vital-oligovit-trio-30-gelules","status":"publish","type":"product","link":"https:\/\/para-pharmacity.tn\/?product=vital-oligovit-trio-30-gelules","title":{"rendered":"VITAL OLIGOVIT TRIO 30 GELULES"},"content":{"rendered":"<p><strong>Oligovit Trio<\/strong>\u00a0est un\u00a0<a href=\"https:\/\/www.maparatunisie.tn\/categorie-produit\/complements-alimentaires\/\">compl\u00e9ment alimentaire<\/a>\u00a0pour fortifier l\u2019immunit\u00e9.<\/p>\n<p><strong>Le zinc\u00a0<\/strong>Beaucoup de travaux scientifiques r\u00e9alis\u00e9s au cours des 50 derni\u00e8res ann\u00e9es ont montr\u00e9 que le zinc \u00e9tait un oligo\u00e9l\u00e9ment important pour lutter contre les infections bact\u00e9riennes et virales<\/p>\n<p><strong>La\u00a0<\/strong><strong>vitamine C<\/strong>\u00a0intervient dans de grandes fonctions de l\u2019organisme: d\u00e9fense contre les infections virales et bact\u00e9rienne. Protection de la paroi des vaisseaux sanguins, action antioxydante.<\/p>\n<p><strong>La<\/strong><strong>\u00a0vitamine D<\/strong>\u00a0contribue au fonctionnement normal du syst\u00e8me immunitaire.<\/p>\n<p><strong>Conseils d\u2019utilisation:\u00a0<\/strong><\/p>\n<p>1 g\u00e9lule\/jour.<\/p>\n","protected":false},"excerpt":{"rendered":"<div class=\"product-short-description\">\n<p>Oligovit Trio est un compl\u00e9ment alimentaire pour fortifier l\u2019immunit\u00e9.<\/p>\n<\/div>\n","protected":false},"featured_media":26204,"comment_status":"open","ping_status":"closed","template":"","meta":[],"product_cat":[286],"product_tag":[],"class_list":{"0":"post-22334","1":"product","2":"type-product","3":"status-publish","4":"has-post-thumbnail","6":"product_cat-complement-alimentaire","8":"first","9":"instock","10":"shipping-taxable","11":"purchasable","12":"product-type-simple"},"jetpack_sharing_enabled":true,"_links":{"self":[{"href":"https:\/\/para-pharmacity.tn\/index.php?rest_route=\/wp\/v2\/product\/22334","targetHints":{"allow":["GET"]}}],"collection":[{"href":"https:\/\/para-pharmacity.tn\/index.php?rest_route=\/wp\/v2\/product"}],"about":[{"href":"https:\/\/para-pharmacity.tn\/index.php?rest_route=\/wp\/v2\/types\/product"}],"replies":[{"embeddable":true,"href":"https:\/\/para-pharmacity.tn\/index.php?rest_route=%2Fwp%2Fv2%2Fcomments&post=22334"}],"version-history":[{"count":2,"href":"https:\/\/para-pharmacity.tn\/index.php?rest_route=\/wp\/v2\/product\/22334\/revisions"}],"predecessor-version":[{"id":26205,"href":"https:\/\/para-pharmacity.tn\/index.php?rest_route=\/wp\/v2\/product\/22334\/revisions\/26205"}],"wp:featuredmedia":[{"embeddable":true,"href":"https:\/\/para-pharmacity.tn\/index.php?rest_route=\/wp\/v2\/media\/26204"}],"wp:attachment":[{"href":"https:\/\/para-pharmacity.tn\/index.php?rest_route=%2Fwp%2Fv2%2Fmedia&parent=22334"}],"wp:term":[{"taxonomy":"product_cat","embeddable":true,"href":"https:\/\/para-pharmacity.tn\/index.php?rest_route=%2Fwp%2Fv2%2Fproduct_cat&post=22334"},{"taxonomy":"product_tag","embeddable":true,"href":"https:\/\/para-pharmacity.tn\/index.php?rest_route=%2Fwp%2Fv2%2Fproduct_tag&post=22334"}],"curies":[{"name":"wp","href":"https:\/\/api.w.org\/{rel}","templated":true}]}}