{"id":22313,"date":"2024-07-11T10:29:57","date_gmt":"2024-07-11T10:29:57","guid":{"rendered":"https:\/\/para-pharmacity.tn\/?product=vital-memoire-concen-b-30"},"modified":"2025-05-21T10:30:50","modified_gmt":"2025-05-21T10:30:50","slug":"vital-memoire-concen-b-30","status":"publish","type":"product","link":"https:\/\/para-pharmacity.tn\/?product=vital-memoire-concen-b-30","title":{"rendered":"VITAL MEMOIRE &#038; CONCEN B\/30"},"content":{"rendered":"<p><strong>Phytothera MEMOIRE &amp; CONCENTRATION 30 GELLULES<\/strong><\/p>\n<p>La Commission E et l&rsquo;Organisation mondiale de la Sant\u00e9 reconnaissent l&rsquo;usage du ginseng asiatique (Panax Ginseng) pour tonifier l&rsquo;organisme des personnes fatigu\u00e9es ou affaiblies, r\u00e9tablir la capacit\u00e9 de travail physique et de concentration intellectuelle et aider les convalescents \u00e0 reprendre des forces.<\/p>\n<p>En 1947, un \u00e9minent chercheur russe du nom de Lazarev formulait le concept d&rsquo;\u00abadaptog\u00e8ne\u00bb pour d\u00e9crire un type d&rsquo;effet qui pourrait s&rsquo;apparenter au concept chinois de \u00ab Tonique \u00bb.<\/p>\n<p>Selon la d\u00e9finition de Lazarev, une substance adaptog\u00e8ne accro\u00eet, de mani\u00e8re g\u00e9n\u00e9rale et non sp\u00e9cifique, la r\u00e9sistance de l&rsquo;organisme aux divers stress qui l&rsquo;affectent. Tout en causant un minimum d&rsquo;effets ind\u00e9sirables, l&rsquo;adaptog\u00e8ne exerce une action normalisatrice non sp\u00e9cifique sur de nombreux organes ou fonctions physiologiques. Le concept correspond bien au ginseng et \u00e0 la gel\u00e9e royale qui ont pour effet, comme plusieurs \u00e9tudes l&rsquo;ont d\u00e9montr\u00e9, d&rsquo;\u00e9lever ou d&rsquo;abaisser la temp\u00e9rature corporelle et la tension art\u00e9rielle, de faire perdre ou gagner du poids, de stimuler ou calmer le syst\u00e8me nerveux central, etc.<\/p>\n<p>La l\u00e9cithine de soja constitue un exellent apport en phospholipide principal constituant des membranes cellulaires et notemment des dentrites des cellules nerveuses d&rsquo;o\u00f9 une connexion plus dense et une meilleure performance<\/p>\n<p>Phytothera MEMOIRE CONCENTRATION est indique en :<\/p>\n<ul>\n<li>P\u00e9riode de surmenage<\/li>\n<li>Troubles de la m\u00e9moire<\/li>\n<li>P\u00e9riode des examen<\/li>\n<\/ul>\n<p>Composiotion :<\/p>\n<p>Racine de panax Ginseng \/ L\u00e9cithine de soja\/ Huile de poisson riche en DHA Pour une g\u00e9lule de 320mg<\/p>\n<p>&nbsp;<\/p>\n<p>Posologie :<\/p>\n<p>2 g\u00e9lules le soir pendant 2 \u00e0 6 mois.<\/p>\n","protected":false},"excerpt":{"rendered":"<p><span class=\"_fadeIn_m1hgl_8\">PHYTOTHERA <\/span><span class=\"_fadeIn_m1hgl_8\">M\u00e9moire &amp; <\/span><span class=\"_fadeIn_m1hgl_8\">Concentration <\/span><span class=\"_fadeIn_m1hgl_8\">est <\/span><span class=\"_fadeIn_m1hgl_8\">un <\/span><span class=\"_fadeIn_m1hgl_8\">compl\u00e9ment <\/span><span class=\"_fadeIn_m1hgl_8\">naturel <\/span><span class=\"_fadeIn_m1hgl_8\">\u00e0 <\/span><span class=\"_fadeIn_m1hgl_8\">base <\/span><span class=\"_fadeIn_m1hgl_8\">de <\/span><span class=\"_fadeIn_m1hgl_8\">plantes <\/span><span class=\"_fadeIn_m1hgl_8\">et <\/span><span class=\"_fadeIn_m1hgl_8\">vitamines <\/span><span class=\"_fadeIn_m1hgl_8\">qui <\/span><span class=\"_fadeIn_m1hgl_8\">soutient <\/span><span class=\"_fadeIn_m1hgl_8\">la <\/span><span class=\"_fadeIn_m1hgl_8\">m\u00e9moire, <\/span><span class=\"_fadeIn_m1hgl_8\">la <\/span><span class=\"_fadeIn_m1hgl_8\">concentration <\/span><span class=\"_fadeIn_m1hgl_8\">et <\/span><span class=\"_fadeIn_m1hgl_8\">la <\/span><span class=\"_fadeIn_m1hgl_8\">vitalit\u00e9 <\/span><span class=\"_fadeIn_m1hgl_8\">mentale. <\/span><span class=\"_fadeIn_m1hgl_8\">Gr\u00e2ce <\/span><span class=\"_fadeIn_m1hgl_8\">au <\/span><span class=\"_fadeIn_m1hgl_8\">ginkgo <\/span><span class=\"_fadeIn_m1hgl_8\">biloba, <\/span><span class=\"_fadeIn_m1hgl_8\">bacopa, <\/span><span class=\"_fadeIn_m1hgl_8\">gingembre <\/span><span class=\"_fadeIn_m1hgl_8\">et <\/span><span class=\"_fadeIn_m1hgl_8\">vitamines <\/span><span class=\"_fadeIn_m1hgl_8\">B, <\/span><span class=\"_fadeIn_m1hgl_8\">il <\/span><span class=\"_fadeIn_m1hgl_8\">am\u00e9liore <\/span><span class=\"_fadeIn_m1hgl_8\">la <\/span><span class=\"_fadeIn_m1hgl_8\">circulation <\/span><span class=\"_fadeIn_m1hgl_8\">c\u00e9r\u00e9brale <\/span><span class=\"_fadeIn_m1hgl_8\">et <\/span><span class=\"_fadeIn_m1hgl_8\">r\u00e9duit <\/span><span class=\"_fadeIn_m1hgl_8\">la <\/span><span class=\"_fadeIn_m1hgl_8\">fatigue <\/span><span class=\"_fadeIn_m1hgl_8\">mentale.<\/span><\/p>\n","protected":false},"featured_media":26231,"comment_status":"open","ping_status":"closed","template":"","meta":[],"product_cat":[286],"product_tag":[],"class_list":{"0":"post-22313","1":"product","2":"type-product","3":"status-publish","4":"has-post-thumbnail","6":"product_cat-complement-alimentaire","8":"first","9":"instock","10":"shipping-taxable","11":"purchasable","12":"product-type-simple"},"jetpack_sharing_enabled":true,"_links":{"self":[{"href":"https:\/\/para-pharmacity.tn\/index.php?rest_route=\/wp\/v2\/product\/22313","targetHints":{"allow":["GET"]}}],"collection":[{"href":"https:\/\/para-pharmacity.tn\/index.php?rest_route=\/wp\/v2\/product"}],"about":[{"href":"https:\/\/para-pharmacity.tn\/index.php?rest_route=\/wp\/v2\/types\/product"}],"replies":[{"embeddable":true,"href":"https:\/\/para-pharmacity.tn\/index.php?rest_route=%2Fwp%2Fv2%2Fcomments&post=22313"}],"version-history":[{"count":2,"href":"https:\/\/para-pharmacity.tn\/index.php?rest_route=\/wp\/v2\/product\/22313\/revisions"}],"predecessor-version":[{"id":26232,"href":"https:\/\/para-pharmacity.tn\/index.php?rest_route=\/wp\/v2\/product\/22313\/revisions\/26232"}],"wp:featuredmedia":[{"embeddable":true,"href":"https:\/\/para-pharmacity.tn\/index.php?rest_route=\/wp\/v2\/media\/26231"}],"wp:attachment":[{"href":"https:\/\/para-pharmacity.tn\/index.php?rest_route=%2Fwp%2Fv2%2Fmedia&parent=22313"}],"wp:term":[{"taxonomy":"product_cat","embeddable":true,"href":"https:\/\/para-pharmacity.tn\/index.php?rest_route=%2Fwp%2Fv2%2Fproduct_cat&post=22313"},{"taxonomy":"product_tag","embeddable":true,"href":"https:\/\/para-pharmacity.tn\/index.php?rest_route=%2Fwp%2Fv2%2Fproduct_tag&post=22313"}],"curies":[{"name":"wp","href":"https:\/\/api.w.org\/{rel}","templated":true}]}}