{"id":22262,"date":"2024-07-11T10:29:33","date_gmt":"2024-07-11T10:29:33","guid":{"rendered":"https:\/\/para-pharmacity.tn\/?product=vital-tetra-b-30-gellules"},"modified":"2025-05-08T16:10:16","modified_gmt":"2025-05-08T16:10:16","slug":"vital-tetra-b-30-gellules","status":"publish","type":"product","link":"https:\/\/para-pharmacity.tn\/?product=vital-tetra-b-30-gellules","title":{"rendered":"VITAL TETRA-B 30 GELLULES"},"content":{"rendered":"<p>Les Vitamines VITAL TETRA B &#8211; 30 G\u00e9lules sont un compl\u00e9ment alimentaire essentiel pour maintenir une sant\u00e9 optimale. Compos\u00e9es d&rsquo;un m\u00e9lange de vitamines du groupe B (B1, B2, B3, B5, B6, B8, B9 et B12), ces g\u00e9lules sont sp\u00e9cialement con\u00e7ues pour fournir \u00e0 l&rsquo;organisme les nutriments n\u00e9cessaires pour la production d&rsquo;\u00e9nergie, le fonctionnement du syst\u00e8me nerveux et la sant\u00e9 de la peau, des cheveux et des ongles. Les Vitamines VITAL TETRA B sont id\u00e9ales pour les personnes en manque de vitalit\u00e9, stress\u00e9es ou expos\u00e9es \u00e0 une forte charge de travail. Ces g\u00e9lules sont faciles \u00e0 prendre et assurent une absorption optimale des nutriments. Offrez \u00e0 votre corps la dose de vitamines dont il a besoin avec les Vitamines VITAL TETRA B &#8211; 30 G\u00e9lules.<br \/>\n&#8211; Vitamine A<br \/>\n&#8211; Vitamine B1<br \/>\n&#8211; Vitamine B2<br \/>\n&#8211; Vitamine B3<br \/>\n&#8211; Vitamine B5<br \/>\n&#8211; Vitamine B6<br \/>\n&#8211; Vitamine B8<br \/>\n&#8211; Vitamine B9<br \/>\n&#8211; Vitamine B12<br \/>\n&#8211; Vitamine C<br \/>\n&#8211; Vitamine D<br \/>\n&#8211; Vitamine E<br \/>\n&#8211; Vitamine K<br \/>\n&#8211; S\u00e9l\u00e9nium<br \/>\n&#8211; Zinc<br \/>\n&#8211; Cuivre<br \/>\n&#8211; Mangan\u00e8se<br \/>\n&#8211; Magn\u00e9sium<br \/>\n&#8211; Fer<br \/>\nConseils d&rsquo;utilisation du produit de Vitamines VITAL TETRA B &#8211; 30 G\u00e9lules :<\/p>\n<p>&#8211; Prendre 1 g\u00e9lule de Vitamines VITAL TETRA B par jour avec un verre d&rsquo;eau, de pr\u00e9f\u00e9rence au cours d&rsquo;un repas.<br \/>\n&#8211; Ne pas d\u00e9passer la dose journali\u00e8re recommand\u00e9e.<br \/>\n&#8211; Tenir hors de port\u00e9e des enfants.<br \/>\n&#8211; Ce compl\u00e9ment alimentaire ne doit pas se substituer \u00e0 une alimentation vari\u00e9e et \u00e9quilibr\u00e9e et \u00e0 un mode de vie sain.<br \/>\n&#8211; Consultez un professionnel de sant\u00e9 avant de d\u00e9buter un programme de compl\u00e9mentation si vous \u00eates enceinte, allaitez, prenez des m\u00e9dicaments ou avez des probl\u00e8mes de sant\u00e9.<br \/>\n&#8211; Conservez les g\u00e9lules dans un endroit frais, sec et \u00e0 l&rsquo;abri de la lumi\u00e8re.<\/p>\n<p>N&rsquo;h\u00e9sitez pas \u00e0 consulter notre \u00e9quipe de professionnels pour plus d&rsquo;informations sur l&rsquo;utilisation des Vitamines VITAL TETRA B &#8211; 30 G\u00e9lules.<\/p>\n","protected":false},"excerpt":{"rendered":"<p>Compl\u00e9ment alimentaire \u00e0 base de vitamines du groupe B pour favoriser un bon fonctionnement du syst\u00e8me nerveux et r\u00e9duire la fatigue.<\/p>\n","protected":false},"featured_media":26026,"comment_status":"open","ping_status":"closed","template":"","meta":[],"product_cat":[286],"product_tag":[],"class_list":{"0":"post-22262","1":"product","2":"type-product","3":"status-publish","4":"has-post-thumbnail","6":"product_cat-complement-alimentaire","8":"first","9":"instock","10":"shipping-taxable","11":"purchasable","12":"product-type-simple"},"jetpack_sharing_enabled":true,"_links":{"self":[{"href":"https:\/\/para-pharmacity.tn\/index.php?rest_route=\/wp\/v2\/product\/22262","targetHints":{"allow":["GET"]}}],"collection":[{"href":"https:\/\/para-pharmacity.tn\/index.php?rest_route=\/wp\/v2\/product"}],"about":[{"href":"https:\/\/para-pharmacity.tn\/index.php?rest_route=\/wp\/v2\/types\/product"}],"replies":[{"embeddable":true,"href":"https:\/\/para-pharmacity.tn\/index.php?rest_route=%2Fwp%2Fv2%2Fcomments&post=22262"}],"version-history":[{"count":2,"href":"https:\/\/para-pharmacity.tn\/index.php?rest_route=\/wp\/v2\/product\/22262\/revisions"}],"predecessor-version":[{"id":26027,"href":"https:\/\/para-pharmacity.tn\/index.php?rest_route=\/wp\/v2\/product\/22262\/revisions\/26027"}],"wp:featuredmedia":[{"embeddable":true,"href":"https:\/\/para-pharmacity.tn\/index.php?rest_route=\/wp\/v2\/media\/26026"}],"wp:attachment":[{"href":"https:\/\/para-pharmacity.tn\/index.php?rest_route=%2Fwp%2Fv2%2Fmedia&parent=22262"}],"wp:term":[{"taxonomy":"product_cat","embeddable":true,"href":"https:\/\/para-pharmacity.tn\/index.php?rest_route=%2Fwp%2Fv2%2Fproduct_cat&post=22262"},{"taxonomy":"product_tag","embeddable":true,"href":"https:\/\/para-pharmacity.tn\/index.php?rest_route=%2Fwp%2Fv2%2Fproduct_tag&post=22262"}],"curies":[{"name":"wp","href":"https:\/\/api.w.org\/{rel}","templated":true}]}}