{"id":22084,"date":"2024-07-11T10:27:57","date_gmt":"2024-07-11T10:27:57","guid":{"rendered":"https:\/\/para-pharmacity.tn\/?product=vital-oligovit-vit-c-30-gelules"},"modified":"2025-05-16T16:44:13","modified_gmt":"2025-05-16T16:44:13","slug":"vital-oligovit-vit-c-30-gelules","status":"publish","type":"product","link":"https:\/\/para-pharmacity.tn\/?product=vital-oligovit-vit-c-30-gelules","title":{"rendered":"VITAL OLIGOVIT VIT C 30 GELULES"},"content":{"rendered":"<p>OLIGOVIT Vit C 320 mg est un compl\u00e9ment alimentaire sp\u00e9cialement con\u00e7u pour renforcer la r\u00e9sistance de l\u2019organisme face aux agressions ext\u00e9rieures.<\/p>\n<p>La vitamine C contribue \u00e0 att\u00e9nuer la sensation de fatigue.<br \/>\nElle participe \u00e9galement au fonctionnement normal du syst\u00e8me immunitaire.<\/p>\n<p>La vitamine C favorise la formation normale du collag\u00e8ne, pr\u00e9sent dans les parois des vaisseaux sanguins, les os, les cartilages, la peau et les dents.<\/p>\n<p>Elle contribue au bon fonctionnement du syst\u00e8me immunitaire, soutient les fonctions mentales normales, r\u00e9duit la fatigue, favorise la r\u00e9g\u00e9n\u00e9ration de la vitamine E, facilite l&rsquo;absorption digestive du fer et prot\u00e8ge les cellules contre les radicaux libres (effet antioxydant).<\/p>\n<p>Conseil d&rsquo;utilisation<\/p>\n<h5 class=\"tab-title\">ONSEILS D&rsquo;UTILISATION<\/h5>\n<p>\u2013 1 g\u00e9lule par jour pendant un mois<\/p>\n","protected":false},"excerpt":{"rendered":"<p>Fatigue,\u00a0Asth\u00e9nie,\u00a0Courbatures,\u00a0Baisse d\u2019immunit\u00e9<\/p>\n<p>30 g\u00e9lules<\/p>\n","protected":false},"featured_media":26201,"comment_status":"open","ping_status":"closed","template":"","meta":[],"product_cat":[286],"product_tag":[],"class_list":{"0":"post-22084","1":"product","2":"type-product","3":"status-publish","4":"has-post-thumbnail","6":"product_cat-complement-alimentaire","8":"first","9":"instock","10":"shipping-taxable","11":"purchasable","12":"product-type-simple"},"jetpack_sharing_enabled":true,"_links":{"self":[{"href":"https:\/\/para-pharmacity.tn\/index.php?rest_route=\/wp\/v2\/product\/22084","targetHints":{"allow":["GET"]}}],"collection":[{"href":"https:\/\/para-pharmacity.tn\/index.php?rest_route=\/wp\/v2\/product"}],"about":[{"href":"https:\/\/para-pharmacity.tn\/index.php?rest_route=\/wp\/v2\/types\/product"}],"replies":[{"embeddable":true,"href":"https:\/\/para-pharmacity.tn\/index.php?rest_route=%2Fwp%2Fv2%2Fcomments&post=22084"}],"version-history":[{"count":2,"href":"https:\/\/para-pharmacity.tn\/index.php?rest_route=\/wp\/v2\/product\/22084\/revisions"}],"predecessor-version":[{"id":26202,"href":"https:\/\/para-pharmacity.tn\/index.php?rest_route=\/wp\/v2\/product\/22084\/revisions\/26202"}],"wp:featuredmedia":[{"embeddable":true,"href":"https:\/\/para-pharmacity.tn\/index.php?rest_route=\/wp\/v2\/media\/26201"}],"wp:attachment":[{"href":"https:\/\/para-pharmacity.tn\/index.php?rest_route=%2Fwp%2Fv2%2Fmedia&parent=22084"}],"wp:term":[{"taxonomy":"product_cat","embeddable":true,"href":"https:\/\/para-pharmacity.tn\/index.php?rest_route=%2Fwp%2Fv2%2Fproduct_cat&post=22084"},{"taxonomy":"product_tag","embeddable":true,"href":"https:\/\/para-pharmacity.tn\/index.php?rest_route=%2Fwp%2Fv2%2Fproduct_tag&post=22084"}],"curies":[{"name":"wp","href":"https:\/\/api.w.org\/{rel}","templated":true}]}}