{"id":22070,"date":"2024-07-11T10:27:48","date_gmt":"2024-07-11T10:27:48","guid":{"rendered":"https:\/\/para-pharmacity.tn\/?product=vital-pediakids-apigorge-150-ml"},"modified":"2025-05-16T14:29:06","modified_gmt":"2025-05-16T14:29:06","slug":"vital-pediakids-apigorge-150-ml","status":"publish","type":"product","link":"https:\/\/para-pharmacity.tn\/?product=vital-pediakids-apigorge-150-ml","title":{"rendered":"VITAL PEDIAKIDS APIGORGE 150 ML"},"content":{"rendered":"<div class=\"tab\">\n<h5 class=\"tab-title\">INDICATIONS<\/h5>\n<div class=\"tab-content\">\n<p>\u2013 Triple action: Antiseptique, anti-inflammatoire<br \/>\net cicatrisante de la gorge<br \/>\n\u2013 Traitement d\u2019appoint de l\u2019inflammation aigue de la gorge<\/p>\n<\/div>\n<\/div>\n<div class=\"tab\">\n<h5 class=\"tab-title\">\u00a0COMPOSITIONS<\/h5>\n<div class=\"tab-content\">extrait sec de Guimauve, extrait sec d&rsquo;Eucalyptus, extrait sec de Thym, extrait sec d&rsquo;\u00e9chinac\u00e9e, extrait sec de Plantain, extrait sec de R\u00e9glisse, propolis, vitamine C<\/div>\n<\/div>\n<div class=\"tab\">\n<h5 class=\"tab-title\">\u00a0FORME<\/h5>\n<div class=\"tab-content\">Sirop<\/div>\n<\/div>\n<div class=\"tab\">\n<h5 class=\"tab-title\">\u00a0INFOS SUR LE PRODUIT<\/h5>\n<div class=\"tab-content\">\n<p>Flacon de 150 ml<\/p>\n<h5 class=\"tab-title\">CONSEILS D&rsquo;UTILISATION<\/h5>\n<div class=\"tab-content\">\n<p>\u2013 0 \u00e0 5 ans : 5ml 3 fois par jour<br \/>\n\u2013 Plus de 5 ans : 10 ml 3 fois par jour<\/p>\n<\/div>\n<\/div>\n<\/div>\n","protected":false},"excerpt":{"rendered":"<ul>\n<li>P\u00e9diakids apigorge<\/li>\n<li>Triple action<\/li>\n<li>Antiseptique<\/li>\n<li>Anti-inflammatoire<\/li>\n<li>Cicatrisante de la gorge<\/li>\n<li>Traitement de l\u2019inflammation aigue de la gorge<\/li>\n<li>Contenance 150 ml<\/li>\n<\/ul>\n","protected":false},"featured_media":26151,"comment_status":"open","ping_status":"closed","template":"","meta":[],"product_cat":[345],"product_tag":[],"class_list":{"0":"post-22070","1":"product","2":"type-product","3":"status-publish","4":"has-post-thumbnail","6":"product_cat-gorge","8":"first","9":"instock","10":"shipping-taxable","11":"purchasable","12":"product-type-simple"},"jetpack_sharing_enabled":true,"_links":{"self":[{"href":"https:\/\/para-pharmacity.tn\/index.php?rest_route=\/wp\/v2\/product\/22070","targetHints":{"allow":["GET"]}}],"collection":[{"href":"https:\/\/para-pharmacity.tn\/index.php?rest_route=\/wp\/v2\/product"}],"about":[{"href":"https:\/\/para-pharmacity.tn\/index.php?rest_route=\/wp\/v2\/types\/product"}],"replies":[{"embeddable":true,"href":"https:\/\/para-pharmacity.tn\/index.php?rest_route=%2Fwp%2Fv2%2Fcomments&post=22070"}],"version-history":[{"count":3,"href":"https:\/\/para-pharmacity.tn\/index.php?rest_route=\/wp\/v2\/product\/22070\/revisions"}],"predecessor-version":[{"id":26152,"href":"https:\/\/para-pharmacity.tn\/index.php?rest_route=\/wp\/v2\/product\/22070\/revisions\/26152"}],"wp:featuredmedia":[{"embeddable":true,"href":"https:\/\/para-pharmacity.tn\/index.php?rest_route=\/wp\/v2\/media\/26151"}],"wp:attachment":[{"href":"https:\/\/para-pharmacity.tn\/index.php?rest_route=%2Fwp%2Fv2%2Fmedia&parent=22070"}],"wp:term":[{"taxonomy":"product_cat","embeddable":true,"href":"https:\/\/para-pharmacity.tn\/index.php?rest_route=%2Fwp%2Fv2%2Fproduct_cat&post=22070"},{"taxonomy":"product_tag","embeddable":true,"href":"https:\/\/para-pharmacity.tn\/index.php?rest_route=%2Fwp%2Fv2%2Fproduct_tag&post=22070"}],"curies":[{"name":"wp","href":"https:\/\/api.w.org\/{rel}","templated":true}]}}