{"id":22014,"date":"2024-07-11T10:27:10","date_gmt":"2024-07-11T10:27:10","guid":{"rendered":"https:\/\/para-pharmacity.tn\/?product=xen-hivrex-etat-grippal-12-sachets"},"modified":"2025-05-05T13:26:53","modified_gmt":"2025-05-05T13:26:53","slug":"xen-hivrex-etat-grippal-12-sachets","status":"publish","type":"product","link":"https:\/\/para-pharmacity.tn\/?product=xen-hivrex-etat-grippal-12-sachets","title":{"rendered":"XEN HIVREX ETAT GRIPPAL 12 SACHETS"},"content":{"rendered":"<p>Ceci est un compl\u00e9ment alimentaire et n&rsquo;est pas un m\u00e9dicament, indiqu\u00e9 en \u00e9tat grippal. Il est d\u00e9congestionnant nasal, immuno- stimulant, antalgique et anti-inflammatoire.<\/p>\n<p>Pr\u00e9sentation : boite de 12 sachets :<\/p>\n<p>8 sachets d\u00e9di\u00e9s pour l&rsquo;utilisation au cours de la journ\u00e9e, soit 2 sachets\/jour<\/p>\n<p>4 sachets d\u00e9di\u00e9s pour l&rsquo;utilisation au cours de la nuit, soit 1 sachet le soir<\/p>\n<p>e compl\u00e9ment alimentaire Hivrex contient une combinaison d\u2019ingr\u00e9dients naturels qui aident \u00e0 renforcer votre syst\u00e8me immunitaire.<\/p>\n<p>Hivrex est compos\u00e9 de divers ingr\u00e9dients actifs, dont notamment :<\/p>\n<ul>\n<li>\u2013 La vitamine C : Elle am\u00e9liore le syst\u00e8me immunitaire et ses propri\u00e9t\u00e9s antioxydantes prot\u00e8gent l\u2019organisme contre les radicaux libres.<\/li>\n<li>\u2013 Le sureau noir : b\u00e9n\u00e9fique contre les infections et d\u2019inflammations des voies respiratoires,<\/li>\n<li>\u2013 La Echinacea purpurea (Echinac\u00e9e) : Elle a des propri\u00e9t\u00e9s anti-inflammatoires et antibact\u00e9riennes.<\/li>\n<\/ul>\n<h5>Conseils d\u2019utilisation :<\/h5>\n<p>Ce compl\u00e9ment convient aux adultes et aux enfants de plus de 12 ans.<\/p>\n<p>Lorsque vous \u00eates plus sensible aux rhumes et \u00e0 la grippe, il est recommand\u00e9 d\u2019utiliser Hivrex pendant les mois d\u2019hiver dans le cadre d\u2019une alimentation \u00e9quilibr\u00e9e, en compl\u00e9ment d\u2019autres m\u00e9dicaments.<\/p>\n<p>Pour utiliser correctement ce produit, prenez un sachet le matin et un autre l\u2019apr\u00e8s-midi, puis un autre sachet le soir. Les sachets doivent \u00eatre espac\u00e9s des repas.<\/p>\n<p>Enfin, ce produit ne doit \u00eatre utilis\u00e9 que dans le cadre d\u2019une alimentation \u00e9quilibr\u00e9e.<\/p>\n","protected":false},"excerpt":{"rendered":"<div class=\"woocommerce-product-details__short-description\">\n<p><em>Hivrex \u00c9tat Grippal<\/em>\u00a0est sp\u00e9cialement formul\u00e9 pour accompagner l\u2019organisme lors d\u2019infections respiratoires l\u00e9g\u00e8res, comme le rhume ou la grippe.<\/p>\n<\/div>\n","protected":false},"featured_media":25829,"comment_status":"open","ping_status":"closed","template":"","meta":[],"product_cat":[286],"product_tag":[],"class_list":{"0":"post-22014","1":"product","2":"type-product","3":"status-publish","4":"has-post-thumbnail","6":"product_cat-complement-alimentaire","8":"first","9":"instock","10":"shipping-taxable","11":"purchasable","12":"product-type-simple"},"jetpack_sharing_enabled":true,"_links":{"self":[{"href":"https:\/\/para-pharmacity.tn\/index.php?rest_route=\/wp\/v2\/product\/22014","targetHints":{"allow":["GET"]}}],"collection":[{"href":"https:\/\/para-pharmacity.tn\/index.php?rest_route=\/wp\/v2\/product"}],"about":[{"href":"https:\/\/para-pharmacity.tn\/index.php?rest_route=\/wp\/v2\/types\/product"}],"replies":[{"embeddable":true,"href":"https:\/\/para-pharmacity.tn\/index.php?rest_route=%2Fwp%2Fv2%2Fcomments&post=22014"}],"version-history":[{"count":2,"href":"https:\/\/para-pharmacity.tn\/index.php?rest_route=\/wp\/v2\/product\/22014\/revisions"}],"predecessor-version":[{"id":25828,"href":"https:\/\/para-pharmacity.tn\/index.php?rest_route=\/wp\/v2\/product\/22014\/revisions\/25828"}],"wp:featuredmedia":[{"embeddable":true,"href":"https:\/\/para-pharmacity.tn\/index.php?rest_route=\/wp\/v2\/media\/25829"}],"wp:attachment":[{"href":"https:\/\/para-pharmacity.tn\/index.php?rest_route=%2Fwp%2Fv2%2Fmedia&parent=22014"}],"wp:term":[{"taxonomy":"product_cat","embeddable":true,"href":"https:\/\/para-pharmacity.tn\/index.php?rest_route=%2Fwp%2Fv2%2Fproduct_cat&post=22014"},{"taxonomy":"product_tag","embeddable":true,"href":"https:\/\/para-pharmacity.tn\/index.php?rest_route=%2Fwp%2Fv2%2Fproduct_tag&post=22014"}],"curies":[{"name":"wp","href":"https:\/\/api.w.org\/{rel}","templated":true}]}}