{"id":21864,"date":"2024-07-11T10:25:53","date_gmt":"2024-07-11T10:25:53","guid":{"rendered":"https:\/\/para-pharmacity.tn\/?product=almaflore-bactix-kids-100-ml"},"modified":"2025-04-15T10:53:33","modified_gmt":"2025-04-15T10:53:33","slug":"almaflore-bactix-kids-100-ml","status":"publish","type":"product","link":"https:\/\/para-pharmacity.tn\/?product=almaflore-bactix-kids-100-ml","title":{"rendered":"ALMAFLORE BACTIX KIDS 100 ML"},"content":{"rendered":"<p class=\"\" data-start=\"394\" data-end=\"775\"><strong data-start=\"394\" data-end=\"419\">Almaflore Bactix Kids<\/strong> est une solution \u00e0 base de <strong data-start=\"447\" data-end=\"470\">plantes m\u00e9dicinales<\/strong>, sp\u00e9cialement formul\u00e9e pour les enfants \u00e0 partir de 3 ans. Elle aide \u00e0 <strong data-start=\"542\" data-end=\"581\">renforcer les d\u00e9fenses immunitaires<\/strong>, \u00e0 <strong data-start=\"585\" data-end=\"597\">pr\u00e9venir<\/strong> et <strong data-start=\"601\" data-end=\"646\">lutter contre les infections bact\u00e9riennes<\/strong> et <strong data-start=\"650\" data-end=\"661\">virales<\/strong> gr\u00e2ce \u00e0 son action <strong data-start=\"681\" data-end=\"710\">antibact\u00e9rienne naturelle<\/strong>. Le produit est doux et respectueux des besoins des plus jeunes.<\/p>\n<p class=\"\" data-start=\"779\" data-end=\"819\"><strong data-start=\"779\" data-end=\"817\">Renforce les d\u00e9fenses immunitaires<\/strong><\/p>\n<p class=\"\" data-start=\"822\" data-end=\"867\">Action <strong data-start=\"829\" data-end=\"848\">antibact\u00e9rienne<\/strong> et <strong data-start=\"852\" data-end=\"865\">apaisante<\/strong><\/p>\n<p class=\"\" data-start=\"870\" data-end=\"906\">Convient aux <strong data-start=\"883\" data-end=\"904\">enfants d\u00e8s 3 ans<\/strong><\/p>\n<p class=\"\" data-start=\"909\" data-end=\"951\">Formule \u00e0 base de <strong data-start=\"927\" data-end=\"949\">plantes naturelles<\/strong><\/p>\n<p class=\"\" data-start=\"954\" data-end=\"997\"><strong data-start=\"954\" data-end=\"964\">100 ml<\/strong> de solution facile \u00e0 administrer<\/p>\n","protected":false},"excerpt":{"rendered":"<p class=\"\" data-start=\"126\" data-end=\"288\"><strong data-start=\"126\" data-end=\"158\">Almaflore Bactix Kids 100 ml<\/strong><br data-start=\"158\" data-end=\"161\" \/>Solution naturelle pour renforcer les <strong data-start=\"199\" data-end=\"224\">d\u00e9fenses immunitaires<\/strong> des enfants et lutter contre les <strong data-start=\"258\" data-end=\"285\">infections bact\u00e9riennes<\/strong>.<\/p>\n<ul data-start=\"289\" data-end=\"354\">\n<li class=\"\" data-start=\"289\" data-end=\"310\">\n<p class=\"\" data-start=\"291\" data-end=\"310\"><strong data-start=\"291\" data-end=\"308\">100% v\u00e9g\u00e9tale<\/strong><\/p>\n<\/li>\n<li class=\"\" data-start=\"311\" data-end=\"354\">\n<p class=\"\" data-start=\"313\" data-end=\"354\">Adapt\u00e9e aux <strong data-start=\"325\" data-end=\"354\">enfants \u00e0 partir de 3 ans<\/strong><\/p>\n<\/li>\n<\/ul>\n","protected":false},"featured_media":25071,"comment_status":"open","ping_status":"closed","template":"","meta":[],"product_cat":[211],"product_tag":[],"class_list":{"0":"post-21864","1":"product","2":"type-product","3":"status-publish","4":"has-post-thumbnail","6":"product_cat-cheveux","8":"first","9":"instock","10":"shipping-taxable","11":"purchasable","12":"product-type-simple"},"jetpack_sharing_enabled":true,"_links":{"self":[{"href":"https:\/\/para-pharmacity.tn\/index.php?rest_route=\/wp\/v2\/product\/21864","targetHints":{"allow":["GET"]}}],"collection":[{"href":"https:\/\/para-pharmacity.tn\/index.php?rest_route=\/wp\/v2\/product"}],"about":[{"href":"https:\/\/para-pharmacity.tn\/index.php?rest_route=\/wp\/v2\/types\/product"}],"replies":[{"embeddable":true,"href":"https:\/\/para-pharmacity.tn\/index.php?rest_route=%2Fwp%2Fv2%2Fcomments&post=21864"}],"version-history":[{"count":2,"href":"https:\/\/para-pharmacity.tn\/index.php?rest_route=\/wp\/v2\/product\/21864\/revisions"}],"predecessor-version":[{"id":25073,"href":"https:\/\/para-pharmacity.tn\/index.php?rest_route=\/wp\/v2\/product\/21864\/revisions\/25073"}],"wp:featuredmedia":[{"embeddable":true,"href":"https:\/\/para-pharmacity.tn\/index.php?rest_route=\/wp\/v2\/media\/25071"}],"wp:attachment":[{"href":"https:\/\/para-pharmacity.tn\/index.php?rest_route=%2Fwp%2Fv2%2Fmedia&parent=21864"}],"wp:term":[{"taxonomy":"product_cat","embeddable":true,"href":"https:\/\/para-pharmacity.tn\/index.php?rest_route=%2Fwp%2Fv2%2Fproduct_cat&post=21864"},{"taxonomy":"product_tag","embeddable":true,"href":"https:\/\/para-pharmacity.tn\/index.php?rest_route=%2Fwp%2Fv2%2Fproduct_tag&post=21864"}],"curies":[{"name":"wp","href":"https:\/\/api.w.org\/{rel}","templated":true}]}}