{"id":21862,"date":"2024-07-11T10:25:52","date_gmt":"2024-07-11T10:25:52","guid":{"rendered":"https:\/\/para-pharmacity.tn\/?product=xen-kela-vit-energy"},"modified":"2025-05-05T10:26:54","modified_gmt":"2025-05-05T10:26:54","slug":"xen-kela-vit-energy","status":"publish","type":"product","link":"https:\/\/para-pharmacity.tn\/?product=xen-kela-vit-energy","title":{"rendered":"XEN KELA VIT ENERGY"},"content":{"rendered":"<p>KELA VIT Energy\u00a0est une multivitamine contenant un large de vitamines et de min\u00e9raux ch\u00e9lat\u00e9s, qui r\u00e9pondent aux besoins quotidiens (11 vitamines et 5 min\u00e9raux). Il contient aussi l\u2019extrait de Guarana et de Ginseng, qui ont un effet r\u00e9g\u00e9n\u00e9rant document\u00e9 sur le niveau d\u2019\u00e9nergie, \u00e0 la fois physiquement et mentalement.<\/p>\n<p>KELA VIT Energy\u00a0est un rem\u00e8de compos\u00e9 d\u2019ingr\u00e9dients comportementales. Ces ingr\u00e9dients aident \u00e0 maintenir un style de vie actif et sain et donnent la force mentale et physique, ce qui garantit un b\u00e9n\u00e9fice maximal de chaque jour. De plus, KELA VTT Energy fournit des nutriments importants qui peuvent pr\u00e9venir les maladies courantes.<\/p>\n<p>EXTRAIT DE GUARANA: La guarani (caf\u00e9ine du guarana) stimule le syst\u00e8me nerveux central, ce qui accroit consid\u00e9rablement l\u2019attention et les r\u00e9flexes. Elle permet aussi de lutter contre la somnolence et l\u2019endormissement.<\/p>\n<p>EXTRAIT DE GINSENG\u00a0Le ginseng a \u00e9t\u00e9 tr\u00e8s appr\u00e9ci\u00e9 au cours de I\u2019histoire pour sa capacite a r\u00e9tablir la vigueur, \u00e0 stimuler l\u2019\u00e9nergie, a renforcer le syst\u00e8me immunitaire et \u00e0 am\u00e9liorer les performances pnysiques et mentales. utilis\u00e9 depuis des mill\u00e9naires dans la m\u00e9decine traditionnelle chinoise pour promouvoir le bien-\u00eatre<br \/>\ng\u00e9n\u00e9ral et traiter divers troubles, notamment ceux lies au vieillissement. La plupart des activit\u00e9s pharmacologiques du ginseng identifi\u00e9es \u00e0 ce jour sont attribu\u00e9es aux gins\u00e9nosides.<br \/>\nLe ginseng renforce le syst\u00e8me immunitaire et par cons\u00e9quent la capacit\u00e9 de r\u00e9sister aux infections tel que le rhume, le nombre de globules blancs (lymphocytes T), augmente, am\u00e9liorant la lutte du syst\u00e8me immunitaire contre les bact\u00e9ries et les virus.<\/p>\n<p>L\u2019extrait de ginseng dans KELA VIT Energy donnera les r\u00e9sultats des \u00e9tudes cliniques suivantes:<\/p>\n<ul>\n<li>Am\u00e9lioration du pouvoir de concentration, de la fonction c\u00e9r\u00e9brale et de la capacit\u00e9 physique.<\/li>\n<li>Am\u00e9lioration de la capacit\u00e9 de r\u00e9solution abstraite des probl\u00e8mes et r\u00e9duction du temps de r\u00e9action.<\/li>\n<li>Plus d\u2019\u00e9nergie en p\u00e9riode de stress.<\/li>\n<li>Activit\u00e9 physique am\u00e9lior\u00e9e et \u00e9quilibre en vitamines chez les personnes \u00e2g\u00e9es.<\/li>\n<li>R\u00e9duction de la glyc\u00e9mie et am\u00e9lioration du bien-\u00eatre des patients diab\u00e9tiques de type 2 nouvellement diagnostiqu\u00e9s.<\/li>\n<li>Meilleur syst\u00e8me immunitaire pour lutter contre les infections.<\/li>\n<li>Style de vie activ\u00e9.<\/li>\n<\/ul>\n","protected":false},"excerpt":{"rendered":"<p>KELA VIT Energy\u00a0est une multivitamine contenant un large de vitamines et de min\u00e9raux ch\u00e9lat\u00e9s, qui r\u00e9pondent aux besoins quotidiens (11 vitamines et 5 min\u00e9raux). Il contient aussi l\u2019extrait de Guarana et de Ginseng, qui ont un effet r\u00e9g\u00e9n\u00e9rant document\u00e9 sur le niveau d\u2019\u00e9nergie, \u00e0 la fois physiquement et mentalement.<\/p>\n","protected":false},"featured_media":25783,"comment_status":"open","ping_status":"closed","template":"","meta":[],"product_cat":[286],"product_tag":[],"class_list":{"0":"post-21862","1":"product","2":"type-product","3":"status-publish","4":"has-post-thumbnail","6":"product_cat-complement-alimentaire","8":"first","9":"instock","10":"shipping-taxable","11":"purchasable","12":"product-type-simple"},"jetpack_sharing_enabled":true,"_links":{"self":[{"href":"https:\/\/para-pharmacity.tn\/index.php?rest_route=\/wp\/v2\/product\/21862","targetHints":{"allow":["GET"]}}],"collection":[{"href":"https:\/\/para-pharmacity.tn\/index.php?rest_route=\/wp\/v2\/product"}],"about":[{"href":"https:\/\/para-pharmacity.tn\/index.php?rest_route=\/wp\/v2\/types\/product"}],"replies":[{"embeddable":true,"href":"https:\/\/para-pharmacity.tn\/index.php?rest_route=%2Fwp%2Fv2%2Fcomments&post=21862"}],"version-history":[{"count":2,"href":"https:\/\/para-pharmacity.tn\/index.php?rest_route=\/wp\/v2\/product\/21862\/revisions"}],"predecessor-version":[{"id":25784,"href":"https:\/\/para-pharmacity.tn\/index.php?rest_route=\/wp\/v2\/product\/21862\/revisions\/25784"}],"wp:featuredmedia":[{"embeddable":true,"href":"https:\/\/para-pharmacity.tn\/index.php?rest_route=\/wp\/v2\/media\/25783"}],"wp:attachment":[{"href":"https:\/\/para-pharmacity.tn\/index.php?rest_route=%2Fwp%2Fv2%2Fmedia&parent=21862"}],"wp:term":[{"taxonomy":"product_cat","embeddable":true,"href":"https:\/\/para-pharmacity.tn\/index.php?rest_route=%2Fwp%2Fv2%2Fproduct_cat&post=21862"},{"taxonomy":"product_tag","embeddable":true,"href":"https:\/\/para-pharmacity.tn\/index.php?rest_route=%2Fwp%2Fv2%2Fproduct_tag&post=21862"}],"curies":[{"name":"wp","href":"https:\/\/api.w.org\/{rel}","templated":true}]}}