{"id":21855,"date":"2024-07-11T10:25:50","date_gmt":"2024-07-11T10:25:50","guid":{"rendered":"https:\/\/para-pharmacity.tn\/?product=vital-cysprotect-bte-de-30"},"modified":"2025-05-23T10:05:56","modified_gmt":"2025-05-23T10:05:56","slug":"vital-cysprotect-bte-de-30","status":"publish","type":"product","link":"https:\/\/para-pharmacity.tn\/?product=vital-cysprotect-bte-de-30","title":{"rendered":"VITAL CYSPROTECT BTE DE 30"},"content":{"rendered":"<p>Les capsules Vital Cystoprotect sont sp\u00e9cialement con\u00e7ues pour am\u00e9liorer le confort urinaire et prot\u00e9ger la vessie. Gr\u00e2ce \u00e0 une formulation unique \u00e0 base d&rsquo;extrait de cranberry, de vitamine C et de D-mannose, ces g\u00e9lules agissent en synergie pour favoriser la sant\u00e9 des voies urinaires. Les cranberries sont reconnus pour leurs propri\u00e9t\u00e9s anti-bact\u00e9riennes et anti-inflammatoires, tandis que la vitamine C renforce le syst\u00e8me immunitaire et le D-mannose aide \u00e0 pr\u00e9venir les infections urinaires. Ce compl\u00e9ment alimentaire est id\u00e9al pour les personnes sujettes aux cystites r\u00e9currentes ou simplement pour maintenir des voies urinaires saines. Les capsules Vital Cystoprotect sont sans colorant, sans conservateur et conviennent aux v\u00e9g\u00e9tariens. Prenez soin de votre confort urinaire avec ce produit de qualit\u00e9 de la gamme Vital Cystoprotect.<br \/>\n&#8211; Busserole<br \/>\n&#8211; Canneberge<br \/>\n&#8211; Bruy\u00e8re<br \/>\n&#8211; Pens\u00e9e sauvage<br \/>\n&#8211; Orthosiphon<br \/>\n&#8211; Huile essentielle de Sarriette<br \/>\n&#8211; Vitamine C<br \/>\n&#8211; Zinc<br \/>\n&#8211; S\u00e9l\u00e9nium<br \/>\nConseils d&rsquo;utilisation du produit Confort urinaire VITAL CYSPROTECT &#8211; 30 Gelules :<\/p>\n<p>&#8211; Prendre 1 g\u00e9lule par jour avec un grand verre d&rsquo;eau apr\u00e8s un repas.<br \/>\n&#8211; Ne pas d\u00e9passer la dose recommand\u00e9e.<br \/>\n&#8211; Ce compl\u00e9ment alimentaire doit \u00eatre utilis\u00e9 dans le cadre d&rsquo;une alimentation \u00e9quilibr\u00e9e et d&rsquo;un mode de vie sain.<br \/>\n&#8211; Tenir hors de port\u00e9e des enfants.<br \/>\n&#8211; Ne pas utiliser en cas de grossesse ou d&rsquo;allaitement sans avis m\u00e9dical.<br \/>\n&#8211; En cas de traitement m\u00e9dical, demander l&rsquo;avis d&rsquo;un professionnel de sant\u00e9 avant de prendre ce produit.<\/p>\n<p>Il est conseill\u00e9 de consulter un m\u00e9decin en cas d&rsquo;inconfort urinaire persistant ou de sympt\u00f4mes non soulag\u00e9s par ce compl\u00e9ment alimentaire .<\/p>\n","protected":false},"excerpt":{"rendered":"<p>Compl\u00e9ment alimentaire \u00e0 base de cranberry et de pr\u00e9 et probiotiques pour soutenir le confort urinaire et pr\u00e9venir les infections urinaires.<\/p>\n","protected":false},"featured_media":26318,"comment_status":"open","ping_status":"closed","template":"","meta":[],"product_cat":[286],"product_tag":[],"class_list":{"0":"post-21855","1":"product","2":"type-product","3":"status-publish","4":"has-post-thumbnail","6":"product_cat-complement-alimentaire","8":"first","9":"instock","10":"shipping-taxable","11":"purchasable","12":"product-type-simple"},"jetpack_sharing_enabled":true,"_links":{"self":[{"href":"https:\/\/para-pharmacity.tn\/index.php?rest_route=\/wp\/v2\/product\/21855","targetHints":{"allow":["GET"]}}],"collection":[{"href":"https:\/\/para-pharmacity.tn\/index.php?rest_route=\/wp\/v2\/product"}],"about":[{"href":"https:\/\/para-pharmacity.tn\/index.php?rest_route=\/wp\/v2\/types\/product"}],"replies":[{"embeddable":true,"href":"https:\/\/para-pharmacity.tn\/index.php?rest_route=%2Fwp%2Fv2%2Fcomments&post=21855"}],"version-history":[{"count":2,"href":"https:\/\/para-pharmacity.tn\/index.php?rest_route=\/wp\/v2\/product\/21855\/revisions"}],"predecessor-version":[{"id":26319,"href":"https:\/\/para-pharmacity.tn\/index.php?rest_route=\/wp\/v2\/product\/21855\/revisions\/26319"}],"wp:featuredmedia":[{"embeddable":true,"href":"https:\/\/para-pharmacity.tn\/index.php?rest_route=\/wp\/v2\/media\/26318"}],"wp:attachment":[{"href":"https:\/\/para-pharmacity.tn\/index.php?rest_route=%2Fwp%2Fv2%2Fmedia&parent=21855"}],"wp:term":[{"taxonomy":"product_cat","embeddable":true,"href":"https:\/\/para-pharmacity.tn\/index.php?rest_route=%2Fwp%2Fv2%2Fproduct_cat&post=21855"},{"taxonomy":"product_tag","embeddable":true,"href":"https:\/\/para-pharmacity.tn\/index.php?rest_route=%2Fwp%2Fv2%2Fproduct_tag&post=21855"}],"curies":[{"name":"wp","href":"https:\/\/api.w.org\/{rel}","templated":true}]}}