{"id":21815,"date":"2024-07-11T10:25:31","date_gmt":"2024-07-11T10:25:31","guid":{"rendered":"https:\/\/para-pharmacity.tn\/?product=xen-clean-lp-shamp-anti-poux"},"modified":"2025-05-06T12:35:54","modified_gmt":"2025-05-06T12:35:54","slug":"xen-clean-lp-shamp-anti-poux","status":"publish","type":"product","link":"https:\/\/para-pharmacity.tn\/?product=xen-clean-lp-shamp-anti-poux","title":{"rendered":"XEN CLEAN LP SHAMP ANTI POUX"},"content":{"rendered":"<p><strong>Clean Lp Shampooing Anti-poux et Lentes<\/strong>\u00a0est conseill\u00e9 pour \u00e9liminer les poux et les lents chez chez l&rsquo;enfant d\u00e9s 6 mois et l&rsquo;adulte et pour \u00e9radiquer l&rsquo;infestation de poux . Il respect le cuir chevelu sensible des enfants .Il est efficace ,doux et non toxique , permettant d&rsquo;eliminer les poux de t\u00eate et de stopper le d\u00e9veloppement des lentes .<\/p>\n<p><strong>\u00a0+ Peigne<\/strong><\/p>\n<p><strong>Conseils d&rsquo;utilisation :<\/strong><\/p>\n<p>Appliquer une quantit\u00e9 suffisante de Clean Lp Shampooing Anti-poux et Lentes\u00a0 sur les cheveux mouill\u00e9s et essor\u00e9s .Bien masser les racines jusqu&rsquo;aux\u00a0 pointes\u00a0 pendant 10 minutes laver et rincer l&rsquo;ensemble de la\u00a0 chevelure Renouveler le traitement chaque soir tant que le sujet est expos\u00e9 \u00e0 l\u2019infestation<\/p>\n","protected":false},"excerpt":{"rendered":"<p><strong data-start=\"45\" data-end=\"88\">Clean Lp Shampooing Anti-poux et Lentes<\/strong> \u00e9limine efficacement les poux et lentes d\u00e8s 6 mois, chez l\u2019enfant comme chez l\u2019adulte. Doux, non toxique et respectueux du cuir chevelu sensible, il stoppe l\u2019infestation et emp\u00eache le d\u00e9veloppement des lentes.<\/p>\n","protected":false},"featured_media":25866,"comment_status":"open","ping_status":"closed","template":"","meta":[],"product_cat":[211],"product_tag":[],"class_list":{"0":"post-21815","1":"product","2":"type-product","3":"status-publish","4":"has-post-thumbnail","6":"product_cat-cheveux","8":"first","9":"instock","10":"shipping-taxable","11":"purchasable","12":"product-type-simple"},"jetpack_sharing_enabled":true,"_links":{"self":[{"href":"https:\/\/para-pharmacity.tn\/index.php?rest_route=\/wp\/v2\/product\/21815","targetHints":{"allow":["GET"]}}],"collection":[{"href":"https:\/\/para-pharmacity.tn\/index.php?rest_route=\/wp\/v2\/product"}],"about":[{"href":"https:\/\/para-pharmacity.tn\/index.php?rest_route=\/wp\/v2\/types\/product"}],"replies":[{"embeddable":true,"href":"https:\/\/para-pharmacity.tn\/index.php?rest_route=%2Fwp%2Fv2%2Fcomments&post=21815"}],"version-history":[{"count":2,"href":"https:\/\/para-pharmacity.tn\/index.php?rest_route=\/wp\/v2\/product\/21815\/revisions"}],"predecessor-version":[{"id":25867,"href":"https:\/\/para-pharmacity.tn\/index.php?rest_route=\/wp\/v2\/product\/21815\/revisions\/25867"}],"wp:featuredmedia":[{"embeddable":true,"href":"https:\/\/para-pharmacity.tn\/index.php?rest_route=\/wp\/v2\/media\/25866"}],"wp:attachment":[{"href":"https:\/\/para-pharmacity.tn\/index.php?rest_route=%2Fwp%2Fv2%2Fmedia&parent=21815"}],"wp:term":[{"taxonomy":"product_cat","embeddable":true,"href":"https:\/\/para-pharmacity.tn\/index.php?rest_route=%2Fwp%2Fv2%2Fproduct_cat&post=21815"},{"taxonomy":"product_tag","embeddable":true,"href":"https:\/\/para-pharmacity.tn\/index.php?rest_route=%2Fwp%2Fv2%2Fproduct_tag&post=21815"}],"curies":[{"name":"wp","href":"https:\/\/api.w.org\/{rel}","templated":true}]}}