{"id":21779,"date":"2024-07-11T10:25:15","date_gmt":"2024-07-11T10:25:15","guid":{"rendered":"https:\/\/para-pharmacity.tn\/?product=baumix-creme-enfant"},"modified":"2025-04-24T09:48:49","modified_gmt":"2025-04-24T09:48:49","slug":"baumix-creme-enfant","status":"publish","type":"product","link":"https:\/\/para-pharmacity.tn\/?product=baumix-creme-enfant","title":{"rendered":"BAUMIX CREME ENFANT"},"content":{"rendered":"<p class=\"\" data-start=\"245\" data-end=\"364\"><span class=\"relative -mx-px my-[-0.2rem] rounded px-px py-[0.2rem] transition-colors duration-100 ease-in-out\">La <strong data-start=\"3\" data-end=\"30\">BAUMIX Cr\u00e8me Enfant 50g<\/strong> est sp\u00e9cialement con\u00e7ue pour apaiser les voies respiratoires sup\u00e9rieures des enfants.<\/span> <span class=\"relative -mx-px my-[-0.2rem] rounded px-px py-[0.2rem] transition-colors duration-100 ease-in-out\">Elle aide \u00e0 soulager les sympt\u00f4mes de la toux, du rhume, de l&rsquo;\u00e9tat grippal et d&rsquo;autres affections respiratoires saisonni\u00e8res.<\/span>\u200b<\/p>\n<p class=\"\" data-start=\"366\" data-end=\"447\"><span class=\"relative -mx-px my-[-0.2rem] rounded px-px py-[0.2rem] transition-colors duration-100 ease-in-out\">Sa formule est enrichie en huiles essentielles naturelles reconnues pour leurs propri\u00e9t\u00e9s th\u00e9rapeutiques :<\/span>\u200b<\/p>\n<ul data-start=\"449\" data-end=\"806\">\n<li class=\"\" data-start=\"449\" data-end=\"527\">\n<p class=\"\" data-start=\"451\" data-end=\"527\"><strong data-start=\"451\" data-end=\"487\">Romarin (Rosmarinus officinalis)<\/strong> : <span class=\"relative -mx-px my-[-0.2rem] rounded px-px py-[0.2rem] transition-colors duration-100 ease-in-out\">antitussif et antioxydant<\/span><\/p>\n<\/li>\n<li class=\"\" data-start=\"528\" data-end=\"608\">\n<p class=\"\" data-start=\"530\" data-end=\"608\"><strong data-start=\"530\" data-end=\"566\">Eucalyptus (Eucalyptus globulus)<\/strong> : <span class=\"relative -mx-px my-[-0.2rem] rounded px-px py-[0.2rem] transition-colors duration-100 ease-in-out\">antitussif, antigrippal, apaise les maux de gorge, les bronchites, les rhinopharyngites et agit contre l&rsquo;asthme<\/span><\/p>\n<\/li>\n<li class=\"\" data-start=\"609\" data-end=\"689\">\n<p class=\"\" data-start=\"611\" data-end=\"689\"><strong data-start=\"611\" data-end=\"647\">Lavande (Lavandula angustifolia)<\/strong> : <span class=\"relative -mx-px my-[-0.2rem] rounded px-px py-[0.2rem] transition-colors duration-100 ease-in-out\">antigrippal, agit contre l&rsquo;asthme, agit contre les inflammations respiratoires<\/span><\/p>\n<\/li>\n<li class=\"\" data-start=\"690\" data-end=\"806\">\n<p class=\"\" data-start=\"692\" data-end=\"806\"><strong data-start=\"692\" data-end=\"718\">Thym (Thymus vulgaris)<\/strong> : <span class=\"relative -mx-px my-[-0.2rem] rounded px-px py-[0.2rem] transition-colors duration-100 ease-in-out\">antitussif, apaise les bronchites et les rhinopharyngites, agit contre l&rsquo;asthme<\/span>\u200b<\/p>\n<\/li>\n<\/ul>\n<p class=\"\" data-start=\"808\" data-end=\"836\"><strong data-start=\"808\" data-end=\"836\">Conseils d&rsquo;utilisation :<\/strong><\/p>\n<ul data-start=\"838\" data-end=\"1135\">\n<li class=\"\" data-start=\"838\" data-end=\"879\">\n<p class=\"\" data-start=\"840\" data-end=\"879\"><span class=\"relative -mx-px my-[-0.2rem] rounded px-px py-[0.2rem] transition-colors duration-100 ease-in-out\">Appliquer une petite quantit\u00e9 de cr\u00e8me 1 \u00e0 2 fois par jour sur le dos ou la poitrine de l&rsquo;enfant.<\/span><\/p>\n<\/li>\n<li class=\"\" data-start=\"880\" data-end=\"921\">\n<p class=\"\" data-start=\"882\" data-end=\"921\"><span class=\"relative -mx-px my-[-0.2rem] rounded px-px py-[0.2rem] transition-colors duration-100 ease-in-out\">Masser d\u00e9licatement jusqu&rsquo;\u00e0 absorption compl\u00e8te.<\/span><\/p>\n<\/li>\n<li class=\"\" data-start=\"922\" data-end=\"963\">\n<p class=\"\" data-start=\"924\" data-end=\"963\"><span class=\"relative -mx-px my-[-0.2rem] rounded px-px py-[0.2rem] transition-colors duration-100 ease-in-out\">Usage externe uniquement.<\/span><\/p>\n<\/li>\n<li class=\"\" data-start=\"964\" data-end=\"1005\">\n<p class=\"\" data-start=\"966\" data-end=\"1005\"><span class=\"relative -mx-px my-[-0.2rem] rounded px-px py-[0.2rem] transition-colors duration-100 ease-in-out\">\u00c9viter le contact avec les yeux, le visage et les muqueuses.<\/span><\/p>\n<\/li>\n<li class=\"\" data-start=\"1006\" data-end=\"1047\">\n<p class=\"\" data-start=\"1008\" data-end=\"1047\"><span class=\"relative -mx-px my-[-0.2rem] rounded px-px py-[0.2rem] transition-colors duration-100 ease-in-out\">Ne pas appliquer sur une peau ab\u00eem\u00e9e ou irrit\u00e9e.<\/span><\/p>\n<\/li>\n<li class=\"\" data-start=\"1048\" data-end=\"1135\">\n<p class=\"\" data-start=\"1050\" data-end=\"1135\"><span class=\"relative -mx-px my-[-0.2rem] rounded px-px py-[0.2rem] transition-colors duration-100 ease-in-out\">Conserver \u00e0 une temp\u00e9rature inf\u00e9rieure \u00e0 25\u00b0C.<\/span>\u200b<\/p>\n<\/li>\n<\/ul>\n<p class=\"\" data-start=\"1137\" data-end=\"1171\"><strong data-start=\"1137\" data-end=\"1171\">Informations compl\u00e9mentaires :<\/strong><\/p>\n<ul data-start=\"1173\" data-end=\"1356\">\n<li class=\"\" data-start=\"1173\" data-end=\"1227\">\n<p class=\"\" data-start=\"1175\" data-end=\"1227\"><strong data-start=\"1175\" data-end=\"1185\">Marque<\/strong> : <span class=\"relative -mx-px my-[-0.2rem] rounded px-px py-[0.2rem] transition-colors duration-100 ease-in-out\">Belpharma<\/span><\/p>\n<\/li>\n<li class=\"\" data-start=\"1228\" data-end=\"1250\">\n<p class=\"\" data-start=\"1230\" data-end=\"1250\"><strong data-start=\"1230\" data-end=\"1244\">Contenance<\/strong> : 50g<\/p>\n<\/li>\n<li class=\"\" data-start=\"1251\" data-end=\"1356\">\n<p class=\"\" data-start=\"1253\" data-end=\"1356\"><strong data-start=\"1253\" data-end=\"1268\">Code-barres<\/strong> : <span class=\"relative -mx-px my-[-0.2rem] rounded px-px py-[0.2rem] transition-colors duration-100 ease-in-out\">6192006704922<\/span><\/p>\n<\/li>\n<\/ul>\n","protected":false},"excerpt":{"rendered":"<p><span class=\"relative -mx-px my-[-0.2rem] rounded px-px py-[0.2rem] transition-colors duration-100 ease-in-out\">Cr\u00e8me d\u00e9congestionnante pour enfants, soulage efficacement la toux, le rhume et les sympt\u00f4mes grippaux gr\u00e2ce \u00e0 une synergie d&rsquo;huiles essentielles naturelles.<\/span>\u200b<\/p>\n","protected":false},"featured_media":25564,"comment_status":"open","ping_status":"closed","template":"","meta":[],"product_cat":[243],"product_tag":[],"class_list":{"0":"post-21779","1":"product","2":"type-product","3":"status-publish","4":"has-post-thumbnail","6":"product_cat-bebe-et-maman","8":"first","9":"instock","10":"shipping-taxable","11":"purchasable","12":"product-type-simple"},"jetpack_sharing_enabled":true,"_links":{"self":[{"href":"https:\/\/para-pharmacity.tn\/index.php?rest_route=\/wp\/v2\/product\/21779","targetHints":{"allow":["GET"]}}],"collection":[{"href":"https:\/\/para-pharmacity.tn\/index.php?rest_route=\/wp\/v2\/product"}],"about":[{"href":"https:\/\/para-pharmacity.tn\/index.php?rest_route=\/wp\/v2\/types\/product"}],"replies":[{"embeddable":true,"href":"https:\/\/para-pharmacity.tn\/index.php?rest_route=%2Fwp%2Fv2%2Fcomments&post=21779"}],"version-history":[{"count":2,"href":"https:\/\/para-pharmacity.tn\/index.php?rest_route=\/wp\/v2\/product\/21779\/revisions"}],"predecessor-version":[{"id":25566,"href":"https:\/\/para-pharmacity.tn\/index.php?rest_route=\/wp\/v2\/product\/21779\/revisions\/25566"}],"wp:featuredmedia":[{"embeddable":true,"href":"https:\/\/para-pharmacity.tn\/index.php?rest_route=\/wp\/v2\/media\/25564"}],"wp:attachment":[{"href":"https:\/\/para-pharmacity.tn\/index.php?rest_route=%2Fwp%2Fv2%2Fmedia&parent=21779"}],"wp:term":[{"taxonomy":"product_cat","embeddable":true,"href":"https:\/\/para-pharmacity.tn\/index.php?rest_route=%2Fwp%2Fv2%2Fproduct_cat&post=21779"},{"taxonomy":"product_tag","embeddable":true,"href":"https:\/\/para-pharmacity.tn\/index.php?rest_route=%2Fwp%2Fv2%2Fproduct_tag&post=21779"}],"curies":[{"name":"wp","href":"https:\/\/api.w.org\/{rel}","templated":true}]}}