{"id":21728,"date":"2024-07-11T10:24:54","date_gmt":"2024-07-11T10:24:54","guid":{"rendered":"https:\/\/para-pharmacity.tn\/?product=young-health-nutrifa-compl-nutrit"},"modified":"2025-05-02T11:14:36","modified_gmt":"2025-05-02T11:14:36","slug":"young-health-nutrifa-compl-nutrit","status":"publish","type":"product","link":"https:\/\/para-pharmacity.tn\/?product=young-health-nutrifa-compl-nutrit","title":{"rendered":"YOUNG HEALTH NUTRIFA COMPL NUTRIT"},"content":{"rendered":"<p>Un compl\u00e9ment riche en vitamines, en min\u00e9raux et en Om\u00e9ga 3 permettant la lutte contre les radicaux libres, le cholest\u00e9rol dont plusieurs souffrent et les triglyc\u00e9rides.<\/p>\n<p>C\u2019est b\u00e9n\u00e9fique de plus pour la vision et la m\u00e9moire. Une composition qui permet de retrouver de nouveau la forme surtout qu\u2019elle est anti-stress et anti-fatigue.<\/p>\n<p>le complement nutritionnel Nurtifast\u00a0 permet de<\/p>\n<ul>\n<li>Lutte contre les radicaux libres ( b\u00e9ta carot\u00e8ne, vitamines C et E )<\/li>\n<li>Lutte contre le cholestrole et les tiglyc\u00e9rides ( huile de poisson , EPA et DHA )<\/li>\n<li>Pr\u00e9server la vision et la m\u00e9moire ( acides gras essentiels , b\u00e9ta carot\u00e8ne )<\/li>\n<li>Retrouvera la forme ( magn\u00e9sium 300mg)<\/li>\n<\/ul>\n","protected":false},"excerpt":{"rendered":"<div id=\"tab-description\" class=\"woocommerce-Tabs-panel woocommerce-Tabs-panel--description panel entry-content wc-tab\"><strong>CURE COMPLETE FORCE ET VITALITE 10VITAMINES &#8211; 6 MINERAUX &#8211; OMEGA 3<\/strong><\/div>\n<div class=\"woocommerce-Tabs-panel woocommerce-Tabs-panel--description panel entry-content wc-tab\">\n<ul>\n<li>Pr\u00e9serve le capital sant\u00e9<\/li>\n<li>Anti stress<\/li>\n<li>Anti fatigue<\/li>\n<\/ul>\n<\/div>\n","protected":false},"featured_media":25648,"comment_status":"open","ping_status":"closed","template":"","meta":[],"product_cat":[20,286],"product_tag":[],"class_list":{"0":"post-21728","1":"product","2":"type-product","3":"status-publish","4":"has-post-thumbnail","6":"product_cat-accessories","7":"product_cat-complement-alimentaire","9":"first","10":"instock","11":"shipping-taxable","12":"purchasable","13":"product-type-simple"},"jetpack_sharing_enabled":true,"_links":{"self":[{"href":"https:\/\/para-pharmacity.tn\/index.php?rest_route=\/wp\/v2\/product\/21728","targetHints":{"allow":["GET"]}}],"collection":[{"href":"https:\/\/para-pharmacity.tn\/index.php?rest_route=\/wp\/v2\/product"}],"about":[{"href":"https:\/\/para-pharmacity.tn\/index.php?rest_route=\/wp\/v2\/types\/product"}],"replies":[{"embeddable":true,"href":"https:\/\/para-pharmacity.tn\/index.php?rest_route=%2Fwp%2Fv2%2Fcomments&post=21728"}],"version-history":[{"count":2,"href":"https:\/\/para-pharmacity.tn\/index.php?rest_route=\/wp\/v2\/product\/21728\/revisions"}],"predecessor-version":[{"id":25649,"href":"https:\/\/para-pharmacity.tn\/index.php?rest_route=\/wp\/v2\/product\/21728\/revisions\/25649"}],"wp:featuredmedia":[{"embeddable":true,"href":"https:\/\/para-pharmacity.tn\/index.php?rest_route=\/wp\/v2\/media\/25648"}],"wp:attachment":[{"href":"https:\/\/para-pharmacity.tn\/index.php?rest_route=%2Fwp%2Fv2%2Fmedia&parent=21728"}],"wp:term":[{"taxonomy":"product_cat","embeddable":true,"href":"https:\/\/para-pharmacity.tn\/index.php?rest_route=%2Fwp%2Fv2%2Fproduct_cat&post=21728"},{"taxonomy":"product_tag","embeddable":true,"href":"https:\/\/para-pharmacity.tn\/index.php?rest_route=%2Fwp%2Fv2%2Fproduct_tag&post=21728"}],"curies":[{"name":"wp","href":"https:\/\/api.w.org\/{rel}","templated":true}]}}