{"id":21667,"date":"2024-07-11T10:24:20","date_gmt":"2024-07-11T10:24:20","guid":{"rendered":"https:\/\/para-pharmacity.tn\/?product=therapia-immune-30-gellules"},"modified":"2025-06-13T11:07:22","modified_gmt":"2025-06-13T11:07:22","slug":"therapia-immune-30-gellules","status":"publish","type":"product","link":"https:\/\/para-pharmacity.tn\/?product=therapia-immune-30-gellules","title":{"rendered":"THERAPIA IMMUNE 30 GELLULES"},"content":{"rendered":"<p>Immune agit comme un immunomodulateur, en stimulant les d\u00e9fenses naturelles de l\u2019organisme. Il aide \u00e0 pr\u00e9venir et \u00e0 att\u00e9nuer les sympt\u00f4mes des affections hivernales telles que le rhume, la grippe, la sinusite et la bronchite.<\/p>\n<p><strong>Traitement pr\u00e9ventif :<\/strong><\/p>\n<ul>\n<li><strong>Adultes et enfants de plus de 15 ans<\/strong>\u00a0: Prendre 1 g\u00e9lule le matin, pendant 3 semaines par mois, durant la p\u00e9riode \u00e0 risque.<\/li>\n<li><strong>Enfants de 6 \u00e0 15 ans<\/strong>\u00a0: Prendre 1 g\u00e9lule le matin, pendant 5 jours par semaine, durant la p\u00e9riode \u00e0 risque.<\/li>\n<\/ul>\n<p><strong>Dur\u00e9e de la cure<\/strong>\u00a0: 1 mois, \u00e0 renouveler si n\u00e9cessaire.<\/p>\n<p>&nbsp;<\/p>\n<p><strong>Bo\u00eete de 30 g\u00e9lules<\/strong>.<\/p>\n","protected":false},"excerpt":{"rendered":"<p>Immuno-stimulant qui vous aide \u00e0 diminuer la dur\u00e9e et la gravit\u00e9 des sympt\u00f4mes du rhume et de la grippe, \u00e0 pr\u00e9venir les infections des voies respiratoires sup\u00e9rieures.<\/p>\n","protected":false},"featured_media":26775,"comment_status":"open","ping_status":"closed","template":"","meta":[],"product_cat":[204,217],"product_tag":[],"class_list":{"0":"post-21667","1":"product","2":"type-product","3":"status-publish","4":"has-post-thumbnail","6":"product_cat-complement","7":"product_cat-vitamines","9":"first","10":"instock","11":"shipping-taxable","12":"purchasable","13":"product-type-simple"},"jetpack_sharing_enabled":true,"_links":{"self":[{"href":"https:\/\/para-pharmacity.tn\/index.php?rest_route=\/wp\/v2\/product\/21667","targetHints":{"allow":["GET"]}}],"collection":[{"href":"https:\/\/para-pharmacity.tn\/index.php?rest_route=\/wp\/v2\/product"}],"about":[{"href":"https:\/\/para-pharmacity.tn\/index.php?rest_route=\/wp\/v2\/types\/product"}],"replies":[{"embeddable":true,"href":"https:\/\/para-pharmacity.tn\/index.php?rest_route=%2Fwp%2Fv2%2Fcomments&post=21667"}],"version-history":[{"count":2,"href":"https:\/\/para-pharmacity.tn\/index.php?rest_route=\/wp\/v2\/product\/21667\/revisions"}],"predecessor-version":[{"id":26777,"href":"https:\/\/para-pharmacity.tn\/index.php?rest_route=\/wp\/v2\/product\/21667\/revisions\/26777"}],"wp:featuredmedia":[{"embeddable":true,"href":"https:\/\/para-pharmacity.tn\/index.php?rest_route=\/wp\/v2\/media\/26775"}],"wp:attachment":[{"href":"https:\/\/para-pharmacity.tn\/index.php?rest_route=%2Fwp%2Fv2%2Fmedia&parent=21667"}],"wp:term":[{"taxonomy":"product_cat","embeddable":true,"href":"https:\/\/para-pharmacity.tn\/index.php?rest_route=%2Fwp%2Fv2%2Fproduct_cat&post=21667"},{"taxonomy":"product_tag","embeddable":true,"href":"https:\/\/para-pharmacity.tn\/index.php?rest_route=%2Fwp%2Fv2%2Fproduct_tag&post=21667"}],"curies":[{"name":"wp","href":"https:\/\/api.w.org\/{rel}","templated":true}]}}