{"id":21611,"date":"2024-07-11T10:23:49","date_gmt":"2024-07-11T10:23:49","guid":{"rendered":"https:\/\/para-pharmacity.tn\/?product=avent-2-suc-6-18m-garcon-080-07"},"modified":"2025-04-16T10:11:42","modified_gmt":"2025-04-16T10:11:42","slug":"avent-2-suc-6-18m-garcon-080-07","status":"publish","type":"product","link":"https:\/\/para-pharmacity.tn\/?product=avent-2-suc-6-18m-garcon-080-07","title":{"rendered":"AVENT 2 SUC 6-18M GARCON 080\/07"},"content":{"rendered":"<p><span class=\"relative -mx-px my-[-0.2rem] rounded px-px py-[0.2rem] transition-colors duration-100 ease-in-out\">Les sucettes Ultra Air Philips Avent (r\u00e9f\u00e9rence SCF080\/07) sont sp\u00e9cialement con\u00e7ues pour les gar\u00e7ons \u00e2g\u00e9s de 6 \u00e0 18 mois.<\/span> <span class=\"relative -mx-px my-[-0.2rem] rounded px-px py-[0.2rem] transition-colors duration-100 ease-in-out\">Elles pr\u00e9sentent de larges a\u00e9rations qui permettent \u00e0 la peau de rester s\u00e8che et respirante, r\u00e9duisant ainsi les risques d&rsquo;irritation.<\/span> <span class=\"relative -mx-px my-[-0.2rem] rounded px-px py-[0.2rem] transition-colors duration-100 ease-in-out\">La t\u00e9tine sym\u00e9trique respecte la forme naturelle du palais, des dents et des gencives de votre b\u00e9b\u00e9, contribuant \u00e0 un d\u00e9veloppement bucco-dentaire sain.<\/span> <span class=\"relative -mx-px my-[-0.2rem] rounded px-px py-[0.2rem] transition-colors duration-100 ease-in-out\">Le lot comprend deux sucettes accompagn\u00e9es d&rsquo;un \u00e9tui de transport et de st\u00e9rilisation, garantissant une hygi\u00e8ne optimale.<\/span> <span class=\"relative -mx-px my-[-0.2rem] rounded px-px py-[0.2rem] transition-colors duration-100 ease-in-out\">Ces sucettes sont \u00e9galement compatibles avec le lave-vaisselle et sont exemptes de BPA pour la s\u00e9curit\u00e9 de votre enfant.<\/span><\/p>\n","protected":false},"excerpt":{"rendered":"<p>Lot de 2 sucettes Ultra Air Philips Avent pour gar\u00e7ons, adapt\u00e9es aux b\u00e9b\u00e9s de 6 \u00e0 18 mois. Dot\u00e9es de larges a\u00e9rations pour une peau s\u00e8che et saine, elles respectent le d\u00e9veloppement bucco-dentaire de votre enfant. Livr\u00e9es avec un \u00e9tui de transport et de st\u00e9rilisation pratique.\u200b<\/p>\n","protected":false},"featured_media":25246,"comment_status":"open","ping_status":"closed","template":"","meta":[],"product_cat":[243],"product_tag":[],"class_list":{"0":"post-21611","1":"product","2":"type-product","3":"status-publish","4":"has-post-thumbnail","6":"product_cat-bebe-et-maman","8":"first","9":"instock","10":"shipping-taxable","11":"purchasable","12":"product-type-simple"},"jetpack_sharing_enabled":true,"_links":{"self":[{"href":"https:\/\/para-pharmacity.tn\/index.php?rest_route=\/wp\/v2\/product\/21611","targetHints":{"allow":["GET"]}}],"collection":[{"href":"https:\/\/para-pharmacity.tn\/index.php?rest_route=\/wp\/v2\/product"}],"about":[{"href":"https:\/\/para-pharmacity.tn\/index.php?rest_route=\/wp\/v2\/types\/product"}],"replies":[{"embeddable":true,"href":"https:\/\/para-pharmacity.tn\/index.php?rest_route=%2Fwp%2Fv2%2Fcomments&post=21611"}],"version-history":[{"count":2,"href":"https:\/\/para-pharmacity.tn\/index.php?rest_route=\/wp\/v2\/product\/21611\/revisions"}],"predecessor-version":[{"id":25247,"href":"https:\/\/para-pharmacity.tn\/index.php?rest_route=\/wp\/v2\/product\/21611\/revisions\/25247"}],"wp:featuredmedia":[{"embeddable":true,"href":"https:\/\/para-pharmacity.tn\/index.php?rest_route=\/wp\/v2\/media\/25246"}],"wp:attachment":[{"href":"https:\/\/para-pharmacity.tn\/index.php?rest_route=%2Fwp%2Fv2%2Fmedia&parent=21611"}],"wp:term":[{"taxonomy":"product_cat","embeddable":true,"href":"https:\/\/para-pharmacity.tn\/index.php?rest_route=%2Fwp%2Fv2%2Fproduct_cat&post=21611"},{"taxonomy":"product_tag","embeddable":true,"href":"https:\/\/para-pharmacity.tn\/index.php?rest_route=%2Fwp%2Fv2%2Fproduct_tag&post=21611"}],"curies":[{"name":"wp","href":"https:\/\/api.w.org\/{rel}","templated":true}]}}