{"id":21544,"date":"2024-07-11T10:23:19","date_gmt":"2024-07-11T10:23:19","guid":{"rendered":"https:\/\/para-pharmacity.tn\/?product=beesline-gommage-oxygene-visage"},"modified":"2025-05-02T11:25:15","modified_gmt":"2025-05-02T11:25:15","slug":"beesline-gommage-oxygene-visage","status":"publish","type":"product","link":"https:\/\/para-pharmacity.tn\/?product=beesline-gommage-oxygene-visage","title":{"rendered":"BEESLINE GOMMAGE OXYGENE VISAGE"},"content":{"rendered":"<p><strong data-start=\"325\" data-end=\"360\">BEESLINE GOMMAGE OXYG\u00c8NE VISAGE<\/strong> est un soin exfoliant innovant con\u00e7u pour <strong data-start=\"403\" data-end=\"450\">d\u00e9toxifier, purifier et revitaliser la peau<\/strong> en profondeur. Enrichi en <strong data-start=\"477\" data-end=\"541\">microbilles naturelles, extraits botaniques et oxyg\u00e8ne actif<\/strong>, ce gommage \u00e9limine en douceur les cellules mortes, l\u2019exc\u00e8s de s\u00e9bum et les impuret\u00e9s tout en stimulant la microcirculation. Sa texture fra\u00eeche et l\u00e9g\u00e8re lib\u00e8re la peau des toxines, favorise le renouvellement cellulaire et laisse le teint <strong data-start=\"781\" data-end=\"809\">frais, lisse et \u00e9clatant<\/strong>. Id\u00e9al pour tous les types de peau, m\u00eame sensibles, il redonne instantan\u00e9ment de la vitalit\u00e9 \u00e0 la peau fatigu\u00e9e ou ternie.<\/p>\n","protected":false},"excerpt":{"rendered":"<p>Gommage visage oxyg\u00e9nant aux ingr\u00e9dients naturels, exfolie en douceur, purifie la peau et ravive instantan\u00e9ment l\u2019\u00e9clat du teint.<\/p>\n","protected":false},"featured_media":25674,"comment_status":"open","ping_status":"closed","template":"","meta":[],"product_cat":[213],"product_tag":[],"class_list":{"0":"post-21544","1":"product","2":"type-product","3":"status-publish","4":"has-post-thumbnail","6":"product_cat-visage","8":"first","9":"instock","10":"shipping-taxable","11":"purchasable","12":"product-type-simple"},"jetpack_sharing_enabled":true,"_links":{"self":[{"href":"https:\/\/para-pharmacity.tn\/index.php?rest_route=\/wp\/v2\/product\/21544","targetHints":{"allow":["GET"]}}],"collection":[{"href":"https:\/\/para-pharmacity.tn\/index.php?rest_route=\/wp\/v2\/product"}],"about":[{"href":"https:\/\/para-pharmacity.tn\/index.php?rest_route=\/wp\/v2\/types\/product"}],"replies":[{"embeddable":true,"href":"https:\/\/para-pharmacity.tn\/index.php?rest_route=%2Fwp%2Fv2%2Fcomments&post=21544"}],"version-history":[{"count":2,"href":"https:\/\/para-pharmacity.tn\/index.php?rest_route=\/wp\/v2\/product\/21544\/revisions"}],"predecessor-version":[{"id":25673,"href":"https:\/\/para-pharmacity.tn\/index.php?rest_route=\/wp\/v2\/product\/21544\/revisions\/25673"}],"wp:featuredmedia":[{"embeddable":true,"href":"https:\/\/para-pharmacity.tn\/index.php?rest_route=\/wp\/v2\/media\/25674"}],"wp:attachment":[{"href":"https:\/\/para-pharmacity.tn\/index.php?rest_route=%2Fwp%2Fv2%2Fmedia&parent=21544"}],"wp:term":[{"taxonomy":"product_cat","embeddable":true,"href":"https:\/\/para-pharmacity.tn\/index.php?rest_route=%2Fwp%2Fv2%2Fproduct_cat&post=21544"},{"taxonomy":"product_tag","embeddable":true,"href":"https:\/\/para-pharmacity.tn\/index.php?rest_route=%2Fwp%2Fv2%2Fproduct_tag&post=21544"}],"curies":[{"name":"wp","href":"https:\/\/api.w.org\/{rel}","templated":true}]}}