{"id":21449,"date":"2024-07-11T10:22:33","date_gmt":"2024-07-11T10:22:33","guid":{"rendered":"https:\/\/para-pharmacity.tn\/?product=bambini-anneau-dent-raisin-473"},"modified":"2025-04-21T11:40:55","modified_gmt":"2025-04-21T11:40:55","slug":"bambini-anneau-dent-raisin-473","status":"publish","type":"product","link":"https:\/\/para-pharmacity.tn\/?product=bambini-anneau-dent-raisin-473","title":{"rendered":"BAMBINI ANNEAU DENT RAISIN 473"},"content":{"rendered":"<p class=\"\" data-start=\"276\" data-end=\"357\"><span class=\"relative -mx-px my-[-0.2rem] rounded px-px py-[0.2rem] transition-colors duration-100 ease-in-out\">L&rsquo;anneau de dentition <strong data-start=\"22\" data-end=\"44\">Bambini Raisin 473<\/strong> est sp\u00e9cialement con\u00e7u pour apaiser les douleurs li\u00e9es \u00e0 la pouss\u00e9e dentaire. Sa forme ludique de grappe de raisin attire l&rsquo;attention de b\u00e9b\u00e9, tandis que sa texture souple masse d\u00e9licatement les gencives sensibles.<\/span>\u200b<\/p>\n<p class=\"\" data-start=\"359\" data-end=\"440\"><span class=\"relative -mx-px my-[-0.2rem] rounded px-px py-[0.2rem] transition-colors duration-100 ease-in-out\">Fabriqu\u00e9 en silicone alimentaire sans BPA, cet anneau est s\u00fbr pour votre enfant. Il peut \u00eatre plac\u00e9 au r\u00e9frig\u00e9rateur pour un effet rafra\u00eechissant suppl\u00e9mentaire, offrant ainsi un soulagement accru.<\/span>\u200b<\/p>\n<p class=\"\" data-start=\"442\" data-end=\"525\"><span class=\"relative -mx-px my-[-0.2rem] rounded px-px py-[0.2rem] transition-colors duration-100 ease-in-out\">Sa taille ergonomique permet une prise en main facile, favorisant le d\u00e9veloppement de la motricit\u00e9 fine.<\/span><\/p>\n","protected":false},"excerpt":{"rendered":"<p>Anneau de dentition souple Bambini en forme de grappe de raisin, adapt\u00e9 aux b\u00e9b\u00e9s d\u00e8s 4 mois. Soulage les gencives sensibles tout en stimulant les sens<\/p>\n","protected":false},"featured_media":25409,"comment_status":"open","ping_status":"closed","template":"","meta":[],"product_cat":[243],"product_tag":[],"class_list":{"0":"post-21449","1":"product","2":"type-product","3":"status-publish","4":"has-post-thumbnail","6":"product_cat-bebe-et-maman","8":"first","9":"instock","10":"shipping-taxable","11":"purchasable","12":"product-type-simple"},"jetpack_sharing_enabled":true,"_links":{"self":[{"href":"https:\/\/para-pharmacity.tn\/index.php?rest_route=\/wp\/v2\/product\/21449","targetHints":{"allow":["GET"]}}],"collection":[{"href":"https:\/\/para-pharmacity.tn\/index.php?rest_route=\/wp\/v2\/product"}],"about":[{"href":"https:\/\/para-pharmacity.tn\/index.php?rest_route=\/wp\/v2\/types\/product"}],"replies":[{"embeddable":true,"href":"https:\/\/para-pharmacity.tn\/index.php?rest_route=%2Fwp%2Fv2%2Fcomments&post=21449"}],"version-history":[{"count":2,"href":"https:\/\/para-pharmacity.tn\/index.php?rest_route=\/wp\/v2\/product\/21449\/revisions"}],"predecessor-version":[{"id":25410,"href":"https:\/\/para-pharmacity.tn\/index.php?rest_route=\/wp\/v2\/product\/21449\/revisions\/25410"}],"wp:featuredmedia":[{"embeddable":true,"href":"https:\/\/para-pharmacity.tn\/index.php?rest_route=\/wp\/v2\/media\/25409"}],"wp:attachment":[{"href":"https:\/\/para-pharmacity.tn\/index.php?rest_route=%2Fwp%2Fv2%2Fmedia&parent=21449"}],"wp:term":[{"taxonomy":"product_cat","embeddable":true,"href":"https:\/\/para-pharmacity.tn\/index.php?rest_route=%2Fwp%2Fv2%2Fproduct_cat&post=21449"},{"taxonomy":"product_tag","embeddable":true,"href":"https:\/\/para-pharmacity.tn\/index.php?rest_route=%2Fwp%2Fv2%2Fproduct_tag&post=21449"}],"curies":[{"name":"wp","href":"https:\/\/api.w.org\/{rel}","templated":true}]}}