{"id":21439,"date":"2024-07-11T10:22:30","date_gmt":"2024-07-11T10:22:30","guid":{"rendered":"https:\/\/para-pharmacity.tn\/?product=xen-clean-lp-kit-rep-anti-poux"},"modified":"2025-05-06T12:42:28","modified_gmt":"2025-05-06T12:42:28","slug":"xen-clean-lp-kit-rep-anti-poux","status":"publish","type":"product","link":"https:\/\/para-pharmacity.tn\/?product=xen-clean-lp-kit-rep-anti-poux","title":{"rendered":"XEN CLEAN LP KIT REP ANTI POUX"},"content":{"rendered":"<h2><b><a href=\"https:\/\/xenlaboratoires.com\/\">Xen<\/a>\u00a0Clean LP Kit Anti-Poux : Solution compl\u00e8te pour \u00e9radiquer les poux et lentes!<\/b><\/h2>\n<p>Le\u00a0<b>Xen Clean LP Kit Anti-Poux<\/b>\u00a0offre une<strong>\u00a0solution compl\u00e8te et douce pour \u00e9liminer poux et lentes.<\/strong>\u00a0Adapt\u00e9 aux enfants<strong>\u00a0d\u00e8s 6 mois<\/strong>, ce kit respecte le\u00a0<a title=\"cuir chevelu\" href=\"https:\/\/www.paraexpert.tn\/secrets-cuir-chevelu-sain\/\" data-internallinksmanager029f6b8e52c=\"59\">cuir chevelu<\/a>\u00a0sensible tout en \u00e9tant efficace contre l\u2019infestation de poux.<\/p>\n<h2><b>Description\u00a0<\/b><\/h2>\n<p>Le\u00a0<b><a href=\"https:\/\/www.paraexpert.tn\/brands\/xen\/\">Xen<\/a>\u00a0Clean LP Kit Anti-Poux<\/b>\u00a0contient :<\/p>\n<ul>\n<li><b><a href=\"https:\/\/www.paraexpert.tn\/produit\/xen-clean-lp-shampooing-anti-poux\/\">Clean LP Shampooing<\/a>\u00a0Anti-Poux et Lentes<\/b>\u00a0: \u00e9limine efficacement les poux et pr\u00e9vient la r\u00e9infestation.<\/li>\n<li><b><a href=\"https:\/\/www.paraexpert.tn\/produit\/xen-clean-lp-lotion-anti-poux\/\">Clean LP Lotion<\/a>\u00a0Assainissante<\/b>\u00a0: \u00e9limine poux et lentes par action physique, sans toxines.<\/li>\n<li><b>Peigne \u00e0 poux<\/b>\u00a0: retire les parasites morts et les lentes.<\/li>\n<li><b>Chouchou r\u00e9pulsif<\/b>\u00a0: prot\u00e8ge contre les nouvelles infestations.<\/li>\n<\/ul>\n<p>Chaque produit agit en synergie pour \u00e9radiquer les poux de mani\u00e8re douce et s\u00e9curis\u00e9e.<\/p>\n<h2><b>B\u00e9n\u00e9fices\u00a0<\/b><\/h2>\n<ul>\n<li><b>\u00c9radication rapide<\/b>\u00a0: Lotion efficace en 25 minutes.<\/li>\n<li><b>Douceur<\/b>\u00a0: Sans alcool, parfum ni insecticide, pour une utilisation sur les cuirs chevelus sensibles.<\/li>\n<li><b>Adapt\u00e9 aux enfants d\u00e8s 6 mois<\/b>\u00a0: Un traitement s\u00fbr pour toute la famille.<\/li>\n<li><b>Pr\u00e9vention<\/b>\u00a0: Le chouchou r\u00e9pulsif prot\u00e8ge contre les r\u00e9cidives.<\/li>\n<\/ul>\n<h2><b>Indications\u00a0<\/b><\/h2>\n<p class=\"\" data-start=\"2274\" data-end=\"2301\">Ce kit est indiqu\u00e9 en cas :<\/p>\n<ul data-start=\"2303\" data-end=\"2654\">\n<li class=\"\" data-start=\"2303\" data-end=\"2396\">\n<p class=\"\" data-start=\"2305\" data-end=\"2396\">D\u2019infestation av\u00e9r\u00e9e de poux ou de lentes chez les\u00a0<strong data-start=\"2356\" data-end=\"2367\">enfants<\/strong>\u00a0(d\u00e8s 6 mois) et\u00a0<strong data-start=\"2384\" data-end=\"2395\">adultes<\/strong>.<\/p>\n<\/li>\n<li class=\"\" data-start=\"2397\" data-end=\"2488\">\n<p class=\"\" data-start=\"2399\" data-end=\"2488\">De\u00a0<strong data-start=\"2402\" data-end=\"2453\">contacts fr\u00e9quents avec des personnes infest\u00e9es<\/strong>, notamment \u00e0 l\u2019\u00e9cole ou en cr\u00e8che.<\/p>\n<\/li>\n<li class=\"\" data-start=\"2489\" data-end=\"2566\">\n<p class=\"\" data-start=\"2491\" data-end=\"2566\">Pour\u00a0<strong data-start=\"2496\" data-end=\"2520\">pr\u00e9venir une rechute<\/strong>\u00a0apr\u00e8s traitement, gr\u00e2ce au chouchou r\u00e9pulsif.<\/p>\n<\/li>\n<li class=\"\" data-start=\"2567\" data-end=\"2654\">\n<p class=\"\" data-start=\"2569\" data-end=\"2654\">En\u00a0<strong data-start=\"2572\" data-end=\"2612\">compl\u00e9ment d\u2019un traitement pr\u00e9ventif<\/strong>\u00a0ou apr\u00e8s une premi\u00e8re alerte \u00e0 la maison.<\/p>\n<\/li>\n<\/ul>\n<p class=\"\" data-start=\"2656\" data-end=\"2766\">Il convient aussi bien pour un traitement individuel que pour une\u00a0<strong data-start=\"2722\" data-end=\"2747\">utilisation familiale<\/strong>\u00a0en cas d\u2019\u00e9pid\u00e9mie.<\/p>\n<h2><b>Conseils d\u2019utilisation\u00a0<\/b><\/h2>\n<ol>\n<li>Appliquez la\u00a0<b>lotion Clean LP<\/b>\u00a0sur\u00a0<a title=\"cheveux secs\" href=\"https:\/\/www.paraexpert.tn\/cheveux-secs\/\" data-internallinksmanager029f6b8e52c=\"57\">cheveux secs<\/a>\u00a0et laissez agir 25 minutes.<\/li>\n<li><b>Lavez avec le shampooing Clean LP<\/b>\u00a0et rincez.<\/li>\n<li><b>Peignez avec le peigne \u00e0 poux<\/b>\u00a0pour \u00e9liminer les lentes restantes.<\/li>\n<li><b>Utilisez le chouchou r\u00e9pulsif<\/b>\u00a0pour pr\u00e9venir de nouvelles infestations.<\/li>\n<\/ol>\n","protected":false},"excerpt":{"rendered":"<p>Kit Clean LP Shampooing &amp; Lotion Assainissant contient :<\/p>\n<p>LP Shampooing Anti-poux et Lentes<\/p>\n<p>Lotion Assainissant, \u00e9limine les poux et les lentes.<\/p>\n<p>Peigne<\/p>\n<p>Chouchou r\u00e9pulsif<\/p>\n","protected":false},"featured_media":25870,"comment_status":"open","ping_status":"closed","template":"","meta":[],"product_cat":[211],"product_tag":[],"class_list":{"0":"post-21439","1":"product","2":"type-product","3":"status-publish","4":"has-post-thumbnail","6":"product_cat-cheveux","8":"first","9":"instock","10":"shipping-taxable","11":"purchasable","12":"product-type-simple"},"jetpack_sharing_enabled":true,"_links":{"self":[{"href":"https:\/\/para-pharmacity.tn\/index.php?rest_route=\/wp\/v2\/product\/21439","targetHints":{"allow":["GET"]}}],"collection":[{"href":"https:\/\/para-pharmacity.tn\/index.php?rest_route=\/wp\/v2\/product"}],"about":[{"href":"https:\/\/para-pharmacity.tn\/index.php?rest_route=\/wp\/v2\/types\/product"}],"replies":[{"embeddable":true,"href":"https:\/\/para-pharmacity.tn\/index.php?rest_route=%2Fwp%2Fv2%2Fcomments&post=21439"}],"version-history":[{"count":1,"href":"https:\/\/para-pharmacity.tn\/index.php?rest_route=\/wp\/v2\/product\/21439\/revisions"}],"predecessor-version":[{"id":25868,"href":"https:\/\/para-pharmacity.tn\/index.php?rest_route=\/wp\/v2\/product\/21439\/revisions\/25868"}],"wp:featuredmedia":[{"embeddable":true,"href":"https:\/\/para-pharmacity.tn\/index.php?rest_route=\/wp\/v2\/media\/25870"}],"wp:attachment":[{"href":"https:\/\/para-pharmacity.tn\/index.php?rest_route=%2Fwp%2Fv2%2Fmedia&parent=21439"}],"wp:term":[{"taxonomy":"product_cat","embeddable":true,"href":"https:\/\/para-pharmacity.tn\/index.php?rest_route=%2Fwp%2Fv2%2Fproduct_cat&post=21439"},{"taxonomy":"product_tag","embeddable":true,"href":"https:\/\/para-pharmacity.tn\/index.php?rest_route=%2Fwp%2Fv2%2Fproduct_tag&post=21439"}],"curies":[{"name":"wp","href":"https:\/\/api.w.org\/{rel}","templated":true}]}}