{"id":21438,"date":"2024-07-11T10:22:29","date_gmt":"2024-07-11T10:22:29","guid":{"rendered":"https:\/\/para-pharmacity.tn\/?product=wellnat-rhinowell-spray-nasal-20ml"},"modified":"2025-05-06T17:07:26","modified_gmt":"2025-05-06T17:07:26","slug":"wellnat-rhinowell-spray-nasal-20ml","status":"publish","type":"product","link":"https:\/\/para-pharmacity.tn\/?product=wellnat-rhinowell-spray-nasal-20ml","title":{"rendered":"WELLNAT RHINOWELL SPRAY NASAL 20ML"},"content":{"rendered":"<h2>DESCRIPTION RHINACTION NASAL SPRAY 20 ML<\/h2>\n<p>Rhinaction est un traitement local d\u2019appoint, recommand\u00e9\u00a0<strong>en cas de rhinite aigu\u00eb, rhume et rhinopharyngite.<\/strong><\/p>\n<ul>\n<li>Soulage d\u00e8s la 1\u00e8re minute<\/li>\n<li>3 actions combin\u00e9es : osmotique, mucolytique et purifiante<\/li>\n<li>\u00c0 partir de 3 ans<\/li>\n<li>Contient de l\u2019huile essentielle de Ravintsara, 1<sup>\u00e8re<\/sup>\u00a0huile essentielle de l\u2019hiver<\/li>\n<li>Sans corticost\u00e9ro\u00efde, sans vasoconstricteur<\/li>\n<li>Efficacit\u00e9 et tol\u00e9rance cliniquement prouv\u00e9es<\/li>\n<\/ul>\n","protected":false},"excerpt":{"rendered":"<p><strong data-start=\"0\" data-end=\"14\">Rhinaction<\/strong> agit d\u00e8s la premi\u00e8re minute gr\u00e2ce \u00e0 son action osmotique et purifiante.<br data-start=\"86\" data-end=\"89\" data-is-only-node=\"\" \/>Formul\u00e9 avec de l\u2019huile essentielle de Ravintsara, il convient d\u00e8s 3 ans, sans corticost\u00e9ro\u00efde ni vasoconstricteur.<\/p>\n","protected":false},"featured_media":25910,"comment_status":"open","ping_status":"closed","template":"","meta":[],"product_cat":[286],"product_tag":[],"class_list":{"0":"post-21438","1":"product","2":"type-product","3":"status-publish","4":"has-post-thumbnail","6":"product_cat-complement-alimentaire","8":"first","9":"instock","10":"shipping-taxable","11":"purchasable","12":"product-type-simple"},"jetpack_sharing_enabled":true,"_links":{"self":[{"href":"https:\/\/para-pharmacity.tn\/index.php?rest_route=\/wp\/v2\/product\/21438","targetHints":{"allow":["GET"]}}],"collection":[{"href":"https:\/\/para-pharmacity.tn\/index.php?rest_route=\/wp\/v2\/product"}],"about":[{"href":"https:\/\/para-pharmacity.tn\/index.php?rest_route=\/wp\/v2\/types\/product"}],"replies":[{"embeddable":true,"href":"https:\/\/para-pharmacity.tn\/index.php?rest_route=%2Fwp%2Fv2%2Fcomments&post=21438"}],"version-history":[{"count":2,"href":"https:\/\/para-pharmacity.tn\/index.php?rest_route=\/wp\/v2\/product\/21438\/revisions"}],"predecessor-version":[{"id":25911,"href":"https:\/\/para-pharmacity.tn\/index.php?rest_route=\/wp\/v2\/product\/21438\/revisions\/25911"}],"wp:featuredmedia":[{"embeddable":true,"href":"https:\/\/para-pharmacity.tn\/index.php?rest_route=\/wp\/v2\/media\/25910"}],"wp:attachment":[{"href":"https:\/\/para-pharmacity.tn\/index.php?rest_route=%2Fwp%2Fv2%2Fmedia&parent=21438"}],"wp:term":[{"taxonomy":"product_cat","embeddable":true,"href":"https:\/\/para-pharmacity.tn\/index.php?rest_route=%2Fwp%2Fv2%2Fproduct_cat&post=21438"},{"taxonomy":"product_tag","embeddable":true,"href":"https:\/\/para-pharmacity.tn\/index.php?rest_route=%2Fwp%2Fv2%2Fproduct_tag&post=21438"}],"curies":[{"name":"wp","href":"https:\/\/api.w.org\/{rel}","templated":true}]}}