{"id":21431,"date":"2024-07-11T10:22:27","date_gmt":"2024-07-11T10:22:27","guid":{"rendered":"https:\/\/para-pharmacity.tn\/?product=veryderm-mousse-nett-ultra-legere-200-ml"},"modified":"2025-05-29T12:04:31","modified_gmt":"2025-05-29T12:04:31","slug":"veryderm-mousse-nett-ultra-legere-200-ml","status":"publish","type":"product","link":"https:\/\/para-pharmacity.tn\/?product=veryderm-mousse-nett-ultra-legere-200-ml","title":{"rendered":"VERYDERM MOUSSE NETT ULTRA LEGERE 200 ML"},"content":{"rendered":"<p style=\"font-weight: 400;\">Cette mousse nettoyante essentielle, d&rsquo;une l\u00e9g\u00e8ret\u00e9 exceptionnelle, offre une triple action :<\/p>\n<p style=\"font-weight: 400;\">Nettoie : sa formule douce nettoie efficacement la peau en \u00e9liminant les impuret\u00e9s et les r\u00e9sidus de maquillage.<\/p>\n<p style=\"font-weight: 400;\">D\u00e9maquille : en plus de son pouvoir nettoyant, elle agit comme un d\u00e9maquillant, facilitant le retrait du maquillage en douceur.<\/p>\n<p style=\"font-weight: 400;\">Anti-oxydante : int\u00e9grant des propri\u00e9t\u00e9s antioxydantes, cette mousse aide \u00e0 prot\u00e9ger la peau des effets n\u00e9fastes des radicaux libres et des agressions environnementales.<\/p>\n<p style=\"font-weight: 400;\">Cette mousse nettoyante essentielle ultra l\u00e9g\u00e8re est un soin polyvalent pour une routine de nettoyage et de d\u00e9maquillage en toute l\u00e9g\u00e8ret\u00e9, tout en pr\u00e9servant la protection antioxydante de la peau.<\/p>\n<p style=\"font-weight: 400;\">La Mousse Nettoyante Very Derm, con\u00e7ue pour tous les types de peau.<\/p>\n<p style=\"font-weight: 400;\">Imaginez une texture ultra-l\u00e9g\u00e8re, plus douce que les caresses d&rsquo;un souffle de vent, et sans ce sentiment d\u00e9sagr\u00e9able de savon. C&rsquo;est ce que vous offre notre Mousse Nettoyante Very Derm, une exp\u00e9rience sensorielle unique.<\/p>\n<p style=\"font-weight: 400;\">Enrichie de prot\u00e9ines et d&rsquo;actifs hydratants puissants, elle nourrit votre peau en profondeur, lui offrant une nouvelle vie. Les eaux florales qu&rsquo;elle renferme apaisent et rafra\u00eechissent, cr\u00e9ant une symphonie florale sur votre visage.<\/p>\n<p style=\"font-weight: 400;\">Ce n&rsquo;est pas tout, notre Mousse Nettoyante respecte l&rsquo;\u00e9quilibre naturel de votre peau et son pH. Elle purifie en douceur, laissant votre peau nette et oxyg\u00e9n\u00e9e, pr\u00eate \u00e0 affronter le monde avec une confiance renouvel\u00e9e.<\/p>\n<p style=\"font-weight: 400;\">Prenez soin de votre peau avec l&rsquo;excellence de la Mousse Nettoyante Very Derm.<\/p>\n<p style=\"font-weight: 400;\">Offrez vous ce moment de pure indulgence et faites briller votre beaut\u00e9 naturelle.<\/p>\n","protected":false},"excerpt":{"rendered":"<p>Mousse Nettoyante essentielle Very-Derm<br \/>\nUltra L\u00e9g\u00e8re<\/p>\n<p>Nettoie<br \/>\nD\u00e9maquille<br \/>\nAnti-Oxydante<\/p>\n","protected":false},"featured_media":26407,"comment_status":"open","ping_status":"closed","template":"","meta":[],"product_cat":[213],"product_tag":[],"class_list":{"0":"post-21431","1":"product","2":"type-product","3":"status-publish","4":"has-post-thumbnail","6":"product_cat-visage","8":"first","9":"instock","10":"shipping-taxable","11":"purchasable","12":"product-type-simple"},"jetpack_sharing_enabled":true,"_links":{"self":[{"href":"https:\/\/para-pharmacity.tn\/index.php?rest_route=\/wp\/v2\/product\/21431","targetHints":{"allow":["GET"]}}],"collection":[{"href":"https:\/\/para-pharmacity.tn\/index.php?rest_route=\/wp\/v2\/product"}],"about":[{"href":"https:\/\/para-pharmacity.tn\/index.php?rest_route=\/wp\/v2\/types\/product"}],"replies":[{"embeddable":true,"href":"https:\/\/para-pharmacity.tn\/index.php?rest_route=%2Fwp%2Fv2%2Fcomments&post=21431"}],"version-history":[{"count":2,"href":"https:\/\/para-pharmacity.tn\/index.php?rest_route=\/wp\/v2\/product\/21431\/revisions"}],"predecessor-version":[{"id":26408,"href":"https:\/\/para-pharmacity.tn\/index.php?rest_route=\/wp\/v2\/product\/21431\/revisions\/26408"}],"wp:featuredmedia":[{"embeddable":true,"href":"https:\/\/para-pharmacity.tn\/index.php?rest_route=\/wp\/v2\/media\/26407"}],"wp:attachment":[{"href":"https:\/\/para-pharmacity.tn\/index.php?rest_route=%2Fwp%2Fv2%2Fmedia&parent=21431"}],"wp:term":[{"taxonomy":"product_cat","embeddable":true,"href":"https:\/\/para-pharmacity.tn\/index.php?rest_route=%2Fwp%2Fv2%2Fproduct_cat&post=21431"},{"taxonomy":"product_tag","embeddable":true,"href":"https:\/\/para-pharmacity.tn\/index.php?rest_route=%2Fwp%2Fv2%2Fproduct_tag&post=21431"}],"curies":[{"name":"wp","href":"https:\/\/api.w.org\/{rel}","templated":true}]}}