{"id":21316,"date":"2024-07-11T10:21:31","date_gmt":"2024-07-11T10:21:31","guid":{"rendered":"https:\/\/para-pharmacity.tn\/?product=xen-pelli-q10-shamp-pellicules-gras"},"modified":"2025-05-05T08:52:58","modified_gmt":"2025-05-05T08:52:58","slug":"xen-pelli-q10-shamp-pellicules-gras","status":"publish","type":"product","link":"https:\/\/para-pharmacity.tn\/?product=xen-pelli-q10-shamp-pellicules-gras","title":{"rendered":"XEN PELLI Q10 SHAMP PELLICULES GRAS"},"content":{"rendered":"<p><strong>XEN PELLI Q10 SHAMPOOING ANTI PELLICULES GRASSES 200ML<\/strong><\/p>\n<p>XEN PELLI Q10 SHAMPOOING ANTI PELLICULES GRASSES\u00a0est un shampooing anti-pelliculaire d\u00e9puratif et antiseptique \u00e0 effet imm\u00e9diat. C\u2019est un shampooing efficace d\u00e8s la premi\u00e8re application, il \u00e9limine l\u2019exc\u00e8s de s\u00e9bum r\u00e9siduel et diminue les pellicules de 81,7% apr\u00e8s 6 semaines de traitement.<\/p>\n<p><span style=\"color: #000000\">\u00a0<u><strong>Composition :<\/strong><\/u><\/span><\/p>\n<p>Aqua , Sdium laureth sulphate, Sadium lauroyl sarcosinate Peg7 glyc\u00e9rylcocoate, Peg 150 pentaerythriyl t\u00e9trast\u00e9arate and aqua and peg6- caprylic capric tr glyc\u00e9rid, cocamide DEA, Cocoamidopropylb\u00e9taine, Camomille extract, Arnica extract, D-Panth\u00e9nol, MPG , Green tea extract , Bergamante extract, Sv\u00e9comane, PVP Iodine, Piroctone olamine, K\u00e9ratoline, Bacocalmine, EDTA T\u00e9trasodique, Citric Acid, fragrance, Colorant.<\/p>\n<p><span style=\"color: #000000\"><u><strong>Conseils d&rsquo;utilisation :<\/strong><\/u><\/span><\/p>\n<p>Il est recommand\u00e9 de :<\/p>\n<ul>\n<li>Pour la1\u00e8re application : laisser poser 5mn, puis rincer.<\/li>\n<li>Pour les applications suivantes : masser puis rincer. Eviter le contact avec les yeux et la peau endommag\u00e9e<\/li>\n<\/ul>\n","protected":false},"excerpt":{"rendered":"<p>&#8211; Diminution de 81,7% des pellicules apr\u00e8s seulement 6 semaines de traitement .<br \/>\n&#8211; Action anti fongique et anti bact\u00e9rienne<br \/>\n&#8211; Efficace d\u00e8s la premi\u00e8re application<br \/>\n&#8211; Effets b\u00e9n\u00e9fiques qui persistent jusqu\u2019\u00e0 3 jours<\/p>\n","protected":false},"featured_media":25764,"comment_status":"open","ping_status":"closed","template":"","meta":[],"product_cat":[211],"product_tag":[],"class_list":{"0":"post-21316","1":"product","2":"type-product","3":"status-publish","4":"has-post-thumbnail","6":"product_cat-cheveux","8":"first","9":"instock","10":"shipping-taxable","11":"purchasable","12":"product-type-simple"},"jetpack_sharing_enabled":true,"_links":{"self":[{"href":"https:\/\/para-pharmacity.tn\/index.php?rest_route=\/wp\/v2\/product\/21316","targetHints":{"allow":["GET"]}}],"collection":[{"href":"https:\/\/para-pharmacity.tn\/index.php?rest_route=\/wp\/v2\/product"}],"about":[{"href":"https:\/\/para-pharmacity.tn\/index.php?rest_route=\/wp\/v2\/types\/product"}],"replies":[{"embeddable":true,"href":"https:\/\/para-pharmacity.tn\/index.php?rest_route=%2Fwp%2Fv2%2Fcomments&post=21316"}],"version-history":[{"count":2,"href":"https:\/\/para-pharmacity.tn\/index.php?rest_route=\/wp\/v2\/product\/21316\/revisions"}],"predecessor-version":[{"id":25765,"href":"https:\/\/para-pharmacity.tn\/index.php?rest_route=\/wp\/v2\/product\/21316\/revisions\/25765"}],"wp:featuredmedia":[{"embeddable":true,"href":"https:\/\/para-pharmacity.tn\/index.php?rest_route=\/wp\/v2\/media\/25764"}],"wp:attachment":[{"href":"https:\/\/para-pharmacity.tn\/index.php?rest_route=%2Fwp%2Fv2%2Fmedia&parent=21316"}],"wp:term":[{"taxonomy":"product_cat","embeddable":true,"href":"https:\/\/para-pharmacity.tn\/index.php?rest_route=%2Fwp%2Fv2%2Fproduct_cat&post=21316"},{"taxonomy":"product_tag","embeddable":true,"href":"https:\/\/para-pharmacity.tn\/index.php?rest_route=%2Fwp%2Fv2%2Fproduct_tag&post=21316"}],"curies":[{"name":"wp","href":"https:\/\/api.w.org\/{rel}","templated":true}]}}