{"id":21315,"date":"2024-07-11T10:21:31","date_gmt":"2024-07-11T10:21:31","guid":{"rendered":"https:\/\/para-pharmacity.tn\/?product=vog-creme-post-epilation-100ml"},"modified":"2025-05-07T09:34:58","modified_gmt":"2025-05-07T09:34:58","slug":"vog-creme-post-epilation-100ml","status":"publish","type":"product","link":"https:\/\/para-pharmacity.tn\/?product=vog-creme-post-epilation-100ml","title":{"rendered":"VOG CREME POST EPILATION 100ML"},"content":{"rendered":"<p>La cr\u00e8me apaisante r\u00e9paratrice \u00ab VOG \u00bb : apaise les petites irritations cutan\u00e9es caus\u00e9es par l \u00e9pilation, les piqures d\u2019insectes, les brulures thermiques et les coups de soleil. Cet ensemble d\u2019actifs acc\u00e9l\u00e8re la r\u00e9paration \u00e9pidermique des peaux fragilis\u00e9es et aide \u00e0 r\u00e9duire les marques cutan\u00e9es. Elle peut \u00eatre appliqu\u00e9e sur le visage et le corps et convient du nourrisson \u00e0 l adulte. Elle rend la peau douce, hydrat\u00e9e, avec une sensation de fra\u00eecheur d\u00e9licate.<\/p>\n","protected":false},"excerpt":{"rendered":"<p><strong data-start=\"0\" data-end=\"35\" data-is-only-node=\"\">VOG Cr\u00e8me Apaisante R\u00e9paratrice<\/strong> \u2013 Soulage irritations, piq\u00fbres, br\u00fblures et coups de soleil. Favorise la r\u00e9paration et r\u00e9duit les marques cutan\u00e9es.<\/p>\n","protected":false},"featured_media":25928,"comment_status":"open","ping_status":"closed","template":"","meta":[],"product_cat":[235,213],"product_tag":[],"class_list":{"0":"post-21315","1":"product","2":"type-product","3":"status-publish","4":"has-post-thumbnail","6":"product_cat-corps","7":"product_cat-visage","9":"first","10":"instock","11":"shipping-taxable","12":"purchasable","13":"product-type-simple"},"jetpack_sharing_enabled":true,"_links":{"self":[{"href":"https:\/\/para-pharmacity.tn\/index.php?rest_route=\/wp\/v2\/product\/21315","targetHints":{"allow":["GET"]}}],"collection":[{"href":"https:\/\/para-pharmacity.tn\/index.php?rest_route=\/wp\/v2\/product"}],"about":[{"href":"https:\/\/para-pharmacity.tn\/index.php?rest_route=\/wp\/v2\/types\/product"}],"replies":[{"embeddable":true,"href":"https:\/\/para-pharmacity.tn\/index.php?rest_route=%2Fwp%2Fv2%2Fcomments&post=21315"}],"version-history":[{"count":2,"href":"https:\/\/para-pharmacity.tn\/index.php?rest_route=\/wp\/v2\/product\/21315\/revisions"}],"predecessor-version":[{"id":25929,"href":"https:\/\/para-pharmacity.tn\/index.php?rest_route=\/wp\/v2\/product\/21315\/revisions\/25929"}],"wp:featuredmedia":[{"embeddable":true,"href":"https:\/\/para-pharmacity.tn\/index.php?rest_route=\/wp\/v2\/media\/25928"}],"wp:attachment":[{"href":"https:\/\/para-pharmacity.tn\/index.php?rest_route=%2Fwp%2Fv2%2Fmedia&parent=21315"}],"wp:term":[{"taxonomy":"product_cat","embeddable":true,"href":"https:\/\/para-pharmacity.tn\/index.php?rest_route=%2Fwp%2Fv2%2Fproduct_cat&post=21315"},{"taxonomy":"product_tag","embeddable":true,"href":"https:\/\/para-pharmacity.tn\/index.php?rest_route=%2Fwp%2Fv2%2Fproduct_tag&post=21315"}],"curies":[{"name":"wp","href":"https:\/\/api.w.org\/{rel}","templated":true}]}}