{"id":21306,"date":"2024-07-11T10:21:28","date_gmt":"2024-07-11T10:21:28","guid":{"rendered":"https:\/\/para-pharmacity.tn\/?product=tynor-chaussette-de-contention-moye"},"modified":"2025-06-11T16:14:23","modified_gmt":"2025-06-11T16:14:23","slug":"tynor-chaussette-de-contention-moye","status":"publish","type":"product","link":"https:\/\/para-pharmacity.tn\/?product=tynor-chaussette-de-contention-moye","title":{"rendered":"TYNOR CHAUSSETTE DE CONTENTION MOYE"},"content":{"rendered":"<p>Bas de compression m\u00e9dical au genou (paire) Tynor I-67 \u2013 i68 Traits: Les fils de haute qualit\u00e9 et de denier \u00e9lev\u00e9 utilis\u00e9s conf\u00e8rent r\u00e9sistance, durabilit\u00e9 et longue dur\u00e9e de vie au produit. Les fils dermophilliques utilis\u00e9s ont \u00e9galement une excellente esth\u00e9tique et une excellente solidit\u00e9 des couleurs. Une teneur plus \u00e9lev\u00e9e en spandex assure une compression efficace. La compression contr\u00f4l\u00e9e et uniform\u00e9ment r\u00e9duite de bas en haut assure une \u00e9vacuation efficace du sang et un ajustement parfait. Il est disponible dans diff\u00e9rentes classes de compression. La forme anatomique assure un ajustement parfait et une compression uniforme m\u00eame sur une surface in\u00e9gale du membre. La conception \u00e0 bout ouvert est facile \u00e0 porter et r\u00e9duit l\u2019usure. La bande sup\u00e9rieure doubl\u00e9e de silicone assure aucun glissement et une adh\u00e9rence optimale sans aucune constriction au bord sup\u00e9rieur L\u2019applicateur, le manuel d\u2019utilisation et le CD renseignent l\u2019utilisateur sur le produit et la maladie, expliquent comment porter rapidement et sans effort. Un port correct augmente consid\u00e9rablement la dur\u00e9e de vie du produit et \u00e9limine le besoin d\u2019assistance. Produit certifi\u00e9 OEKOTEX.<\/p>\n","protected":false},"excerpt":{"rendered":"<p>Les bas de compression Tynor sous le genou classiques sont Conus pour fournir une compression contr\u00f4le aux jambes afin d\u2019\u00e9viter un reflux anormal de sang vers le c\u0153ur cause par une accumulation de sang dans les jambes. La compression des veines superficielles les rend plus solides et empoche la formation de varices sur leurs parois externes.<\/p>\n","protected":false},"featured_media":26640,"comment_status":"open","ping_status":"closed","template":"","meta":[],"product_cat":[20],"product_tag":[],"class_list":{"0":"post-21306","1":"product","2":"type-product","3":"status-publish","4":"has-post-thumbnail","6":"product_cat-accessories","8":"first","9":"instock","10":"shipping-taxable","11":"purchasable","12":"product-type-simple"},"jetpack_sharing_enabled":true,"_links":{"self":[{"href":"https:\/\/para-pharmacity.tn\/index.php?rest_route=\/wp\/v2\/product\/21306","targetHints":{"allow":["GET"]}}],"collection":[{"href":"https:\/\/para-pharmacity.tn\/index.php?rest_route=\/wp\/v2\/product"}],"about":[{"href":"https:\/\/para-pharmacity.tn\/index.php?rest_route=\/wp\/v2\/types\/product"}],"replies":[{"embeddable":true,"href":"https:\/\/para-pharmacity.tn\/index.php?rest_route=%2Fwp%2Fv2%2Fcomments&post=21306"}],"version-history":[{"count":2,"href":"https:\/\/para-pharmacity.tn\/index.php?rest_route=\/wp\/v2\/product\/21306\/revisions"}],"predecessor-version":[{"id":26641,"href":"https:\/\/para-pharmacity.tn\/index.php?rest_route=\/wp\/v2\/product\/21306\/revisions\/26641"}],"wp:featuredmedia":[{"embeddable":true,"href":"https:\/\/para-pharmacity.tn\/index.php?rest_route=\/wp\/v2\/media\/26640"}],"wp:attachment":[{"href":"https:\/\/para-pharmacity.tn\/index.php?rest_route=%2Fwp%2Fv2%2Fmedia&parent=21306"}],"wp:term":[{"taxonomy":"product_cat","embeddable":true,"href":"https:\/\/para-pharmacity.tn\/index.php?rest_route=%2Fwp%2Fv2%2Fproduct_cat&post=21306"},{"taxonomy":"product_tag","embeddable":true,"href":"https:\/\/para-pharmacity.tn\/index.php?rest_route=%2Fwp%2Fv2%2Fproduct_tag&post=21306"}],"curies":[{"name":"wp","href":"https:\/\/api.w.org\/{rel}","templated":true}]}}