{"id":21202,"date":"2024-07-11T10:20:33","date_gmt":"2024-07-11T10:20:33","guid":{"rendered":"https:\/\/para-pharmacity.tn\/?product=young-health-h-mag-magnesium-60-gelules"},"modified":"2025-05-02T12:44:11","modified_gmt":"2025-05-02T12:44:11","slug":"young-health-h-mag-magnesium-60-gelules","status":"publish","type":"product","link":"https:\/\/para-pharmacity.tn\/?product=young-health-h-mag-magnesium-60-gelules","title":{"rendered":"YOUNG HEALTH H MAG MAGNESIUM 60 GELULES"},"content":{"rendered":"<p><strong>YOUNG HEALTH H mag Magn\u00e9sium Marin | Anti-Stress et Anti-Fatigue<\/strong><\/p>\n<p><strong>Bienfaits :<\/strong><\/p>\n<p>Dans un monde o\u00f9 le rythme effr\u00e9n\u00e9 de la vie moderne met notre corps et notre esprit \u00e0 rude \u00e9preuve. YOUNG HEALTH H Mag Magn\u00e9sium Marin se pr\u00e9sente comme une solution naturelle et efficace pour retrouver \u00e9quilibre, vitalit\u00e9 et s\u00e9r\u00e9nit\u00e9. Ce compl\u00e9ment alimentaire unique combine les bienfaits du magn\u00e9sium marin et des vitamines B pour vous aider \u00e0 surmonter le stress, la fatigue et les troubles du sommeil.<\/p>\n<p>YOUNG HEALTH H Mag Magn\u00e9sium Marin est formul\u00e9 \u00e0 partir d\u2019ingr\u00e9dients rigoureusement s\u00e9lectionn\u00e9s pour leurs propri\u00e9t\u00e9s b\u00e9n\u00e9fiques.<\/p>\n<p>Magn\u00e9sium Marin est une source naturelle de magn\u00e9sium, un min\u00e9ral essentiel impliqu\u00e9 dans plus de 300 r\u00e9actions biochimiques dans le corps. Contribue \u00e0 r\u00e9duire le stress et l\u2019anxi\u00e9t\u00e9 en r\u00e9gulant le syst\u00e8me nerveux. Favorise la relaxation musculaire et am\u00e9liore la qualit\u00e9 du sommeil.<\/p>\n<p><strong>Vitamines B (B1, B6, B12)\u00a0<\/strong>jouent un r\u00f4le crucial dans le m\u00e9tabolisme \u00e9nerg\u00e9tique, aidant \u00e0 transformer les aliments en \u00e9nergie. Soutiennent le fonctionnement normal du syst\u00e8me nerveux et contribuent \u00e0 r\u00e9duire la fatigue.<\/p>\n<p><strong>Conseils d\u2019utilisation :<\/strong><\/p>\n<p>Prendre de 2 \u00e0 3 g\u00e9lules par jour.<\/p>\n<p>De pr\u00e9f\u00e9rence prendre pendant un repas, en 2 prises le midi et le soir ou en une seule prise le soir.<\/p>\n<p><strong>Composition :<\/strong><\/p>\n<p>Magn\u00e9sium marin, Vitamine B6, Vitamine B1, Vitamine B12.<\/p>\n","protected":false},"excerpt":{"rendered":"<p>En int\u00e9grant YOUNG HEALTH H Mag Magn\u00e9sium Marin \u00e0 votre routine quotidienne, vous offrez \u00e0 votre corps et \u00e0 votre esprit les nutriments essentiels dont ils ont besoin pour faire face aux d\u00e9fis de la vie moderne. Ce compl\u00e9ment alimentaire vous aide \u00e0 retrouver un \u00e9quilibre naturel, \u00e0 am\u00e9liorer votre bien-\u00eatre g\u00e9n\u00e9ral et \u00e0 vivre pleinement chaque journ\u00e9e.<\/p>\n","protected":false},"featured_media":25682,"comment_status":"open","ping_status":"closed","template":"","meta":[],"product_cat":[286],"product_tag":[],"class_list":{"0":"post-21202","1":"product","2":"type-product","3":"status-publish","4":"has-post-thumbnail","6":"product_cat-complement-alimentaire","8":"first","9":"instock","10":"shipping-taxable","11":"purchasable","12":"product-type-simple"},"jetpack_sharing_enabled":true,"_links":{"self":[{"href":"https:\/\/para-pharmacity.tn\/index.php?rest_route=\/wp\/v2\/product\/21202","targetHints":{"allow":["GET"]}}],"collection":[{"href":"https:\/\/para-pharmacity.tn\/index.php?rest_route=\/wp\/v2\/product"}],"about":[{"href":"https:\/\/para-pharmacity.tn\/index.php?rest_route=\/wp\/v2\/types\/product"}],"replies":[{"embeddable":true,"href":"https:\/\/para-pharmacity.tn\/index.php?rest_route=%2Fwp%2Fv2%2Fcomments&post=21202"}],"version-history":[{"count":1,"href":"https:\/\/para-pharmacity.tn\/index.php?rest_route=\/wp\/v2\/product\/21202\/revisions"}],"predecessor-version":[{"id":25683,"href":"https:\/\/para-pharmacity.tn\/index.php?rest_route=\/wp\/v2\/product\/21202\/revisions\/25683"}],"wp:featuredmedia":[{"embeddable":true,"href":"https:\/\/para-pharmacity.tn\/index.php?rest_route=\/wp\/v2\/media\/25682"}],"wp:attachment":[{"href":"https:\/\/para-pharmacity.tn\/index.php?rest_route=%2Fwp%2Fv2%2Fmedia&parent=21202"}],"wp:term":[{"taxonomy":"product_cat","embeddable":true,"href":"https:\/\/para-pharmacity.tn\/index.php?rest_route=%2Fwp%2Fv2%2Fproduct_cat&post=21202"},{"taxonomy":"product_tag","embeddable":true,"href":"https:\/\/para-pharmacity.tn\/index.php?rest_route=%2Fwp%2Fv2%2Fproduct_tag&post=21202"}],"curies":[{"name":"wp","href":"https:\/\/api.w.org\/{rel}","templated":true}]}}