{"id":21079,"date":"2024-07-11T10:19:39","date_gmt":"2024-07-11T10:19:39","guid":{"rendered":"https:\/\/para-pharmacity.tn\/?product=baby-n-bib-verre-125ml-decore"},"modified":"2025-04-21T10:23:40","modified_gmt":"2025-04-21T10:23:40","slug":"baby-n-bib-verre-125ml-decore","status":"publish","type":"product","link":"https:\/\/para-pharmacity.tn\/?product=baby-n-bib-verre-125ml-decore","title":{"rendered":"BABY N.BIB VERRE 125ML DECORE"},"content":{"rendered":"<p><span class=\"relative -mx-px my-[-0.2rem] rounded px-px py-[0.2rem] bg-[#FCECC1] dark:bg-[#64572A] transition-colors duration-100 ease-in-out\">Le <strong data-start=\"3\" data-end=\"41\">BABY N. BIB en verre 125 ml d\u00e9cor\u00e9<\/strong> est sp\u00e9cialement con\u00e7u pour r\u00e9pondre aux besoins des nourrissons d\u00e8s la naissance.<\/span> <span class=\"relative -mx-px my-[-0.2rem] rounded px-px py-[0.2rem] bg-[#FCECC1] dark:bg-[#64572A] transition-colors duration-100 ease-in-out\">Fabriqu\u00e9 en verre de haute qualit\u00e9, il est r\u00e9sistant aux chocs thermiques, ce qui le rend compatible avec la st\u00e9rilisation \u00e0 chaud.<\/span> <span class=\"relative -mx-px my-[-0.2rem] rounded px-px py-[0.2rem] transition-colors duration-100 ease-in-out\">Sa t\u00e9tine en silicone souple imite la forme naturelle du sein, facilitant ainsi la transition entre l&rsquo;allaitement maternel et le biberon.<\/span> <span class=\"relative -mx-px my-[-0.2rem] rounded px-px py-[0.2rem] transition-colors duration-100 ease-in-out\">Le biberon est d\u00e9cor\u00e9 de motifs attrayants, disponibles en plusieurs couleurs, pour stimuler visuellement b\u00e9b\u00e9.<\/span> <span class=\"relative -mx-px my-[-0.2rem] rounded px-px py-[0.2rem] transition-colors duration-100 ease-in-out\">Sans BPA, il assure une alimentation saine et s\u00e9curis\u00e9e.<\/span>\u200b<\/p>\n","protected":false},"excerpt":{"rendered":"<p>Biberon en verre de 125 ml, d\u00e9cor\u00e9, avec t\u00e9tine en silicone souple. Id\u00e9al pour les nouveau-n\u00e9s, sans BPA, facile \u00e0 nettoyer et r\u00e9sistant aux chocs thermiques.<\/p>\n","protected":false},"featured_media":0,"comment_status":"open","ping_status":"closed","template":"","meta":[],"product_cat":[243],"product_tag":[],"class_list":{"0":"post-21079","1":"product","2":"type-product","3":"status-publish","5":"product_cat-bebe-et-maman","7":"first","8":"instock","9":"shipping-taxable","10":"purchasable","11":"product-type-simple"},"jetpack_sharing_enabled":true,"_links":{"self":[{"href":"https:\/\/para-pharmacity.tn\/index.php?rest_route=\/wp\/v2\/product\/21079","targetHints":{"allow":["GET"]}}],"collection":[{"href":"https:\/\/para-pharmacity.tn\/index.php?rest_route=\/wp\/v2\/product"}],"about":[{"href":"https:\/\/para-pharmacity.tn\/index.php?rest_route=\/wp\/v2\/types\/product"}],"replies":[{"embeddable":true,"href":"https:\/\/para-pharmacity.tn\/index.php?rest_route=%2Fwp%2Fv2%2Fcomments&post=21079"}],"version-history":[{"count":2,"href":"https:\/\/para-pharmacity.tn\/index.php?rest_route=\/wp\/v2\/product\/21079\/revisions"}],"predecessor-version":[{"id":25380,"href":"https:\/\/para-pharmacity.tn\/index.php?rest_route=\/wp\/v2\/product\/21079\/revisions\/25380"}],"wp:attachment":[{"href":"https:\/\/para-pharmacity.tn\/index.php?rest_route=%2Fwp%2Fv2%2Fmedia&parent=21079"}],"wp:term":[{"taxonomy":"product_cat","embeddable":true,"href":"https:\/\/para-pharmacity.tn\/index.php?rest_route=%2Fwp%2Fv2%2Fproduct_cat&post=21079"},{"taxonomy":"product_tag","embeddable":true,"href":"https:\/\/para-pharmacity.tn\/index.php?rest_route=%2Fwp%2Fv2%2Fproduct_tag&post=21079"}],"curies":[{"name":"wp","href":"https:\/\/api.w.org\/{rel}","templated":true}]}}