{"id":21067,"date":"2024-07-11T10:19:34","date_gmt":"2024-07-11T10:19:34","guid":{"rendered":"https:\/\/para-pharmacity.tn\/?product=young-health-minci-bruleur-60g"},"modified":"2025-05-02T11:10:02","modified_gmt":"2025-05-02T11:10:02","slug":"young-health-minci-bruleur-60g","status":"publish","type":"product","link":"https:\/\/para-pharmacity.tn\/?product=young-health-minci-bruleur-60g","title":{"rendered":"YOUNG HEALTH MINCI BRULEUR 60G"},"content":{"rendered":"<h1>young health MINCI bruleur de graisses<\/h1>\n<p><strong>PROPRIETES :<\/strong><\/p>\n<ul>\n<li>Action lipolytique facilitant la mobilit\u00e9 et la combustion des acides gras.<\/li>\n<li>Action catabolique sur les graisses de r\u00e9serve emp\u00eachant leur d\u00e9p\u00f4t sur les tissus.<\/li>\n<li>Action purifiante facilitant l\u2019\u00e9limination des toxines<\/li>\n<\/ul>\n<h3><strong>CONSEILS D\u2019UTILISATION :<\/strong><\/h3>\n<p>Prendre 2 g\u00e9lules avec un verre d\u2019eau au milieu du petit d\u00e9jeuner et au milieu de diner.<\/p>\n<h3><strong>INGR\u00c9DIENTS\u00a0:<\/strong><\/h3>\n<p>Extraits de Guarana, Th\u00e9 vert et Garcinia, L-carnitine tartrate, T\u00e9trachlorure de chrome.<br \/>\nAgent d\u2019enrobage : G\u00e9latine, Antiagglom\u00e9rant : Silice<\/p>\n<h3><strong>PR\u00c9CAUTIONS\u00a0D\u2019EMPLOI :<\/strong><\/h3>\n<p>Ne pas utiliser chez les enfants et les femmes enceintes ou allaitantes.<br \/>\nNe pas d\u00e9passer la dose journali\u00e8re recommand\u00e9e.<br \/>\nTenir hors de port\u00e9e des jeunes enfants.<br \/>\nA conserver \u00e0 l\u2019abri de la chaleur et de l\u2019humidit\u00e9<\/p>\n","protected":false},"excerpt":{"rendered":"<div id=\"product-description-short-4559\" class=\"tvproduct-page-decs\">\n<p>MINCI BRULEUR :compl\u00e9ment alimentaire 3 actions conjuguees<\/p>\n<\/div>\n","protected":false},"featured_media":25667,"comment_status":"open","ping_status":"closed","template":"","meta":[],"product_cat":[286],"product_tag":[],"class_list":{"0":"post-21067","1":"product","2":"type-product","3":"status-publish","4":"has-post-thumbnail","6":"product_cat-complement-alimentaire","8":"first","9":"instock","10":"shipping-taxable","11":"purchasable","12":"product-type-simple"},"jetpack_sharing_enabled":true,"_links":{"self":[{"href":"https:\/\/para-pharmacity.tn\/index.php?rest_route=\/wp\/v2\/product\/21067","targetHints":{"allow":["GET"]}}],"collection":[{"href":"https:\/\/para-pharmacity.tn\/index.php?rest_route=\/wp\/v2\/product"}],"about":[{"href":"https:\/\/para-pharmacity.tn\/index.php?rest_route=\/wp\/v2\/types\/product"}],"replies":[{"embeddable":true,"href":"https:\/\/para-pharmacity.tn\/index.php?rest_route=%2Fwp%2Fv2%2Fcomments&post=21067"}],"version-history":[{"count":2,"href":"https:\/\/para-pharmacity.tn\/index.php?rest_route=\/wp\/v2\/product\/21067\/revisions"}],"predecessor-version":[{"id":25665,"href":"https:\/\/para-pharmacity.tn\/index.php?rest_route=\/wp\/v2\/product\/21067\/revisions\/25665"}],"wp:featuredmedia":[{"embeddable":true,"href":"https:\/\/para-pharmacity.tn\/index.php?rest_route=\/wp\/v2\/media\/25667"}],"wp:attachment":[{"href":"https:\/\/para-pharmacity.tn\/index.php?rest_route=%2Fwp%2Fv2%2Fmedia&parent=21067"}],"wp:term":[{"taxonomy":"product_cat","embeddable":true,"href":"https:\/\/para-pharmacity.tn\/index.php?rest_route=%2Fwp%2Fv2%2Fproduct_cat&post=21067"},{"taxonomy":"product_tag","embeddable":true,"href":"https:\/\/para-pharmacity.tn\/index.php?rest_route=%2Fwp%2Fv2%2Fproduct_tag&post=21067"}],"curies":[{"name":"wp","href":"https:\/\/api.w.org\/{rel}","templated":true}]}}