{"id":21046,"date":"2024-07-11T10:19:23","date_gmt":"2024-07-11T10:19:23","guid":{"rendered":"https:\/\/para-pharmacity.tn\/?product=tynor-ceinture-de-soutien-av-accouc"},"modified":"2025-06-12T10:25:57","modified_gmt":"2025-06-12T10:25:57","slug":"tynor-ceinture-de-soutien-av-accouc","status":"publish","type":"product","link":"https:\/\/para-pharmacity.tn\/?product=tynor-ceinture-de-soutien-av-accouc","title":{"rendered":"TYNOR CEINTURE DE SOUTIEN AV\/ACCOUC"},"content":{"rendered":"<div class=\"tabs\">\n<div id=\"tab-content\" class=\"tab-content\">\n<div id=\"description\" class=\"tab-pane fade in active\" role=\"tabpanel\">\n<div class=\"product-description\">\n<p>Ceinture de Soutien avant Accouchement offre l&rsquo;avantage d&rsquo;une conception avanc\u00e9e et de mat\u00e9riaux techniquement corrects pour fournir \u00e0 la m\u00e8re enceinte, un soutien et une immobilisation efficaces d&rsquo;une part et une excellente esth\u00e9tique et un confort de l&rsquo;autre. Le soutien du dos pendant la grossesse maintient la r\u00e9gion lombo-sacr\u00e9e en position neutre pour apaiser le \u00absyndrome de lombalgie pendant la grossesse\u00bb.<\/p>\n<\/div>\n<\/div>\n<\/div>\n<\/div>\n","protected":false},"excerpt":{"rendered":"<p>Ceinture de Soutien avant Accouchement offre l&rsquo;avantage d&rsquo;une conception avanc\u00e9e et de mat\u00e9riaux techniquement corrects pour fournir \u00e0 la m\u00e8re enceinte, un soutien et une immobilisation efficaces d&rsquo;une part et une excellente esth\u00e9tique et un confort de l&rsquo;autre.<\/p>\n","protected":false},"featured_media":26660,"comment_status":"open","ping_status":"closed","template":"","meta":[],"product_cat":[20],"product_tag":[],"class_list":{"0":"post-21046","1":"product","2":"type-product","3":"status-publish","4":"has-post-thumbnail","6":"product_cat-accessories","8":"first","9":"instock","10":"shipping-taxable","11":"purchasable","12":"product-type-simple"},"jetpack_sharing_enabled":true,"_links":{"self":[{"href":"https:\/\/para-pharmacity.tn\/index.php?rest_route=\/wp\/v2\/product\/21046","targetHints":{"allow":["GET"]}}],"collection":[{"href":"https:\/\/para-pharmacity.tn\/index.php?rest_route=\/wp\/v2\/product"}],"about":[{"href":"https:\/\/para-pharmacity.tn\/index.php?rest_route=\/wp\/v2\/types\/product"}],"replies":[{"embeddable":true,"href":"https:\/\/para-pharmacity.tn\/index.php?rest_route=%2Fwp%2Fv2%2Fcomments&post=21046"}],"version-history":[{"count":2,"href":"https:\/\/para-pharmacity.tn\/index.php?rest_route=\/wp\/v2\/product\/21046\/revisions"}],"predecessor-version":[{"id":26661,"href":"https:\/\/para-pharmacity.tn\/index.php?rest_route=\/wp\/v2\/product\/21046\/revisions\/26661"}],"wp:featuredmedia":[{"embeddable":true,"href":"https:\/\/para-pharmacity.tn\/index.php?rest_route=\/wp\/v2\/media\/26660"}],"wp:attachment":[{"href":"https:\/\/para-pharmacity.tn\/index.php?rest_route=%2Fwp%2Fv2%2Fmedia&parent=21046"}],"wp:term":[{"taxonomy":"product_cat","embeddable":true,"href":"https:\/\/para-pharmacity.tn\/index.php?rest_route=%2Fwp%2Fv2%2Fproduct_cat&post=21046"},{"taxonomy":"product_tag","embeddable":true,"href":"https:\/\/para-pharmacity.tn\/index.php?rest_route=%2Fwp%2Fv2%2Fproduct_tag&post=21046"}],"curies":[{"name":"wp","href":"https:\/\/api.w.org\/{rel}","templated":true}]}}