{"id":20911,"date":"2024-07-11T10:18:17","date_gmt":"2024-07-11T10:18:17","guid":{"rendered":"https:\/\/para-pharmacity.tn\/?product=xen-cb3-mousse-mic-nett-p-mixtes"},"modified":"2025-05-06T15:22:56","modified_gmt":"2025-05-06T15:22:56","slug":"xen-cb3-mousse-mic-nett-p-mixtes","status":"publish","type":"product","link":"https:\/\/para-pharmacity.tn\/?product=xen-cb3-mousse-mic-nett-p-mixtes","title":{"rendered":"XEN CB3 MOUSSE MIC NETT P MIXTES"},"content":{"rendered":"<p><strong>XEN CB3 DEFENSE MOUSSE MICELLAIRE NETTOYANTE PEAUX GRASSES 200ML<\/strong><\/p>\n<p>Oubliez le savon, et optez pour la mousse: le nettoyage est nettement plus agr\u00e9able que par le pass\u00e9. Cette mousse nettoie d\u00e9licatement votre peau tout en \u00e9liminant les impuret\u00e9s. Sa composition sp\u00e9ciale pr\u00e9vient efficacement l\u2019apparition des imperfections.<\/p>\n<p>Type de peaux: Peaux mixtes \u00e0 grasses<\/p>\n","protected":false},"excerpt":{"rendered":"<div id=\"product-description-short-4779\" class=\"product-description\">\n<p>Nettoie en douceur la peau tout en \u00e9liminant les impuret\u00e9.<\/p>\n<\/div>\n","protected":false},"featured_media":25886,"comment_status":"open","ping_status":"closed","template":"","meta":[],"product_cat":[213],"product_tag":[],"class_list":{"0":"post-20911","1":"product","2":"type-product","3":"status-publish","4":"has-post-thumbnail","6":"product_cat-visage","8":"first","9":"instock","10":"shipping-taxable","11":"purchasable","12":"product-type-simple"},"jetpack_sharing_enabled":true,"_links":{"self":[{"href":"https:\/\/para-pharmacity.tn\/index.php?rest_route=\/wp\/v2\/product\/20911","targetHints":{"allow":["GET"]}}],"collection":[{"href":"https:\/\/para-pharmacity.tn\/index.php?rest_route=\/wp\/v2\/product"}],"about":[{"href":"https:\/\/para-pharmacity.tn\/index.php?rest_route=\/wp\/v2\/types\/product"}],"replies":[{"embeddable":true,"href":"https:\/\/para-pharmacity.tn\/index.php?rest_route=%2Fwp%2Fv2%2Fcomments&post=20911"}],"version-history":[{"count":2,"href":"https:\/\/para-pharmacity.tn\/index.php?rest_route=\/wp\/v2\/product\/20911\/revisions"}],"predecessor-version":[{"id":25884,"href":"https:\/\/para-pharmacity.tn\/index.php?rest_route=\/wp\/v2\/product\/20911\/revisions\/25884"}],"wp:featuredmedia":[{"embeddable":true,"href":"https:\/\/para-pharmacity.tn\/index.php?rest_route=\/wp\/v2\/media\/25886"}],"wp:attachment":[{"href":"https:\/\/para-pharmacity.tn\/index.php?rest_route=%2Fwp%2Fv2%2Fmedia&parent=20911"}],"wp:term":[{"taxonomy":"product_cat","embeddable":true,"href":"https:\/\/para-pharmacity.tn\/index.php?rest_route=%2Fwp%2Fv2%2Fproduct_cat&post=20911"},{"taxonomy":"product_tag","embeddable":true,"href":"https:\/\/para-pharmacity.tn\/index.php?rest_route=%2Fwp%2Fv2%2Fproduct_tag&post=20911"}],"curies":[{"name":"wp","href":"https:\/\/api.w.org\/{rel}","templated":true}]}}