{"id":20892,"date":"2024-07-11T10:18:09","date_gmt":"2024-07-11T10:18:09","guid":{"rendered":"https:\/\/para-pharmacity.tn\/?product=tynor-attelle-genou-amov-long-50cm-med"},"modified":"2025-06-12T14:15:38","modified_gmt":"2025-06-12T14:15:38","slug":"tynor-attelle-genou-amov-long-50cm-med","status":"publish","type":"product","link":"https:\/\/para-pharmacity.tn\/?product=tynor-attelle-genou-amov-long-50cm-med","title":{"rendered":"TYNOR ATTELLE GENOU AMOV LONG 50CM MED"},"content":{"rendered":"<p><strong>TYNOR ATTELLE GENOU AMOVIBLE LONG D11.D28 L 50CM<\/strong><\/p>\n<p>Attelle de Genou Amovible Longue 50cm \u2033 Une excellente orth\u00e8se pour immobiliser, soutenir et prot\u00e9ger le genou bless\u00e9 ou op\u00e9r\u00e9 pendant qu&rsquo;il r\u00e9cup\u00e8re.<\/p>\n<p>&nbsp;<\/p>\n<ul>\n<li>Poids l\u00e9ger.<\/li>\n<li>Forme anatomique.<\/li>\n<li>Doux et confortable.<\/li>\n<li>Immobilisation parfaite.<\/li>\n<li>Immobilisation en l\u00e9g\u00e8re flexion.<\/li>\n<\/ul>\n<p>Les attelles dorsales en aluminium \u00e0 contour anatomique sont l\u00e9g\u00e8res et confortables, mais tr\u00e8s rigides et durables. Ils assurent une bonne adh\u00e9rence et une parfaite immobilisation du genou. Les attelles lat\u00e9rales avec relief am\u00e9liorent l&rsquo;immobilisation, sans points chauds sur les protub\u00e9rances du genou.<\/p>\n<p>Le corps en tissu fusionn\u00e9 PUF est durable, assure un amorti appropri\u00e9 et un confort accru avec des propri\u00e9t\u00e9s antid\u00e9rapantes. La conception de la boucle invers\u00e9e offre une forte force de verrouillage et une compression personnalis\u00e9e. Il est facile \u00e0 porter.<\/p>\n<p>La sangle rotulienne suppl\u00e9mentaire am\u00e9liore l&rsquo;immobilisation, offre une protection suppl\u00e9mentaire au genou et est amovible lorsqu&rsquo;elle n&rsquo;est pas n\u00e9cessaire<\/p>\n","protected":false},"excerpt":{"rendered":"<p>Immobilisateur de genou 19<strong>\u00a0\u2033<\/strong>\u00a0Une excellente attelle pour immobiliser, soutenir et prot\u00e9ger le genou bless\u00e9 ou op\u00e9r\u00e9 pendant qu\u2019il r\u00e9cup\u00e8re.<\/p>\n","protected":false},"featured_media":26689,"comment_status":"open","ping_status":"closed","template":"","meta":[],"product_cat":[20],"product_tag":[],"class_list":{"0":"post-20892","1":"product","2":"type-product","3":"status-publish","4":"has-post-thumbnail","6":"product_cat-accessories","8":"first","9":"instock","10":"shipping-taxable","11":"purchasable","12":"product-type-simple"},"jetpack_sharing_enabled":true,"_links":{"self":[{"href":"https:\/\/para-pharmacity.tn\/index.php?rest_route=\/wp\/v2\/product\/20892","targetHints":{"allow":["GET"]}}],"collection":[{"href":"https:\/\/para-pharmacity.tn\/index.php?rest_route=\/wp\/v2\/product"}],"about":[{"href":"https:\/\/para-pharmacity.tn\/index.php?rest_route=\/wp\/v2\/types\/product"}],"replies":[{"embeddable":true,"href":"https:\/\/para-pharmacity.tn\/index.php?rest_route=%2Fwp%2Fv2%2Fcomments&post=20892"}],"version-history":[{"count":2,"href":"https:\/\/para-pharmacity.tn\/index.php?rest_route=\/wp\/v2\/product\/20892\/revisions"}],"predecessor-version":[{"id":26690,"href":"https:\/\/para-pharmacity.tn\/index.php?rest_route=\/wp\/v2\/product\/20892\/revisions\/26690"}],"wp:featuredmedia":[{"embeddable":true,"href":"https:\/\/para-pharmacity.tn\/index.php?rest_route=\/wp\/v2\/media\/26689"}],"wp:attachment":[{"href":"https:\/\/para-pharmacity.tn\/index.php?rest_route=%2Fwp%2Fv2%2Fmedia&parent=20892"}],"wp:term":[{"taxonomy":"product_cat","embeddable":true,"href":"https:\/\/para-pharmacity.tn\/index.php?rest_route=%2Fwp%2Fv2%2Fproduct_cat&post=20892"},{"taxonomy":"product_tag","embeddable":true,"href":"https:\/\/para-pharmacity.tn\/index.php?rest_route=%2Fwp%2Fv2%2Fproduct_tag&post=20892"}],"curies":[{"name":"wp","href":"https:\/\/api.w.org\/{rel}","templated":true}]}}