{"id":20774,"date":"2024-07-11T10:17:03","date_gmt":"2024-07-11T10:17:03","guid":{"rendered":"https:\/\/para-pharmacity.tn\/?product=deo-femme-verona-200ml-2"},"modified":"2024-07-12T13:23:16","modified_gmt":"2024-07-12T13:23:16","slug":"deo-femme-verona-200ml-2","status":"publish","type":"product","link":"https:\/\/para-pharmacity.tn\/?product=deo-femme-verona-200ml-2","title":{"rendered":"DEO FEMME VERONA 200ML"},"content":{"rendered":"<p>Le parfum Verona de Yves de Sistelle est un parfum Floral fruit\u00e9 pour femme. Les notes de t\u00eate sont Mandarine, Pamplemousse et Notes vertes; Les notes de c\u0153ur sont Jasmin, Rose, Fleurs blanches, Gard\u00e9nia et Muguet; Les notes de fond sont Racine d\u2019iris, Ambre et Musc.<br \/>\nCette fragrance lumineuse s\u2019ouvre sur une envol\u00e9e de notes fruit\u00e9es m\u00ealant Cassis, Poire, framboise et P\u00eache, d\u00e9licatement rehauss\u00e9e par une touche \u00e9pic\u00e9e de Baie Rose.<br \/>\nLe c\u0153ur tendre et d\u00e9licat s\u2019anime en une v\u00e9ritable cascade de fleurs opulentes et voluptueuses o\u00f9 s\u2019\u00e9panouissent la Rose, le Jasmin Sambac et le St\u00e9phanotis.<br \/>\nLe fond se fait chaud et sensuel au contact de l\u2019Iris, du Patchouli, du Bois de Santal et des muscs.<\/p>\n<div class=\"aiosrs-rating-wrap\" data-schema-id=\"12328\">\n<div class=\"aiosrs-star-rating-wrap \"><\/div>\n<\/div>\n","protected":false},"excerpt":{"rendered":"<p>Le parfum Verona de Yves de Sistelle est un parfum Floral fruit\u00e9 pour femme. Les notes de t\u00eate sont Mandarine,<\/p>\n","protected":false},"featured_media":22613,"comment_status":"open","ping_status":"closed","template":"","meta":[],"product_cat":[20],"product_tag":[],"class_list":{"0":"post-20774","1":"product","2":"type-product","3":"status-publish","4":"has-post-thumbnail","6":"product_cat-accessories","8":"first","9":"instock","10":"shipping-taxable","11":"product-type-simple"},"jetpack_sharing_enabled":true,"_links":{"self":[{"href":"https:\/\/para-pharmacity.tn\/index.php?rest_route=\/wp\/v2\/product\/20774","targetHints":{"allow":["GET"]}}],"collection":[{"href":"https:\/\/para-pharmacity.tn\/index.php?rest_route=\/wp\/v2\/product"}],"about":[{"href":"https:\/\/para-pharmacity.tn\/index.php?rest_route=\/wp\/v2\/types\/product"}],"replies":[{"embeddable":true,"href":"https:\/\/para-pharmacity.tn\/index.php?rest_route=%2Fwp%2Fv2%2Fcomments&post=20774"}],"version-history":[{"count":2,"href":"https:\/\/para-pharmacity.tn\/index.php?rest_route=\/wp\/v2\/product\/20774\/revisions"}],"predecessor-version":[{"id":22616,"href":"https:\/\/para-pharmacity.tn\/index.php?rest_route=\/wp\/v2\/product\/20774\/revisions\/22616"}],"wp:featuredmedia":[{"embeddable":true,"href":"https:\/\/para-pharmacity.tn\/index.php?rest_route=\/wp\/v2\/media\/22613"}],"wp:attachment":[{"href":"https:\/\/para-pharmacity.tn\/index.php?rest_route=%2Fwp%2Fv2%2Fmedia&parent=20774"}],"wp:term":[{"taxonomy":"product_cat","embeddable":true,"href":"https:\/\/para-pharmacity.tn\/index.php?rest_route=%2Fwp%2Fv2%2Fproduct_cat&post=20774"},{"taxonomy":"product_tag","embeddable":true,"href":"https:\/\/para-pharmacity.tn\/index.php?rest_route=%2Fwp%2Fv2%2Fproduct_tag&post=20774"}],"curies":[{"name":"wp","href":"https:\/\/api.w.org\/{rel}","templated":true}]}}