{"id":20731,"date":"2024-07-11T10:16:37","date_gmt":"2024-07-11T10:16:37","guid":{"rendered":"https:\/\/para-pharmacity.tn\/?product=baby-n-chainette-34133"},"modified":"2025-04-21T10:35:27","modified_gmt":"2025-04-21T10:35:27","slug":"baby-n-chainette-34133","status":"publish","type":"product","link":"https:\/\/para-pharmacity.tn\/?product=baby-n-chainette-34133","title":{"rendered":"BABY N.CHAINETTE 34133"},"content":{"rendered":"<p class=\"\" data-start=\"359\" data-end=\"554\"><span class=\"relative -mx-px my-[-0.2rem] rounded px-px py-[0.2rem] transition-colors duration-100 ease-in-out\">La <strong data-start=\"3\" data-end=\"32\">Baby Nova Cha\u00eenette 34133<\/strong> est con\u00e7ue pour maintenir la sucette de votre b\u00e9b\u00e9 propre et accessible.<\/span> <span class=\"relative -mx-px my-[-0.2rem] rounded px-px py-[0.2rem] transition-colors duration-100 ease-in-out\">Gr\u00e2ce \u00e0 son <strong data-start=\"12\" data-end=\"32\">clip en silicone<\/strong>, elle s&rsquo;adapte \u00e0 toutes les tailles de sucettes, offrant une fixation s\u00e9curis\u00e9e.<\/span> <span class=\"relative -mx-px my-[-0.2rem] rounded px-px py-[0.2rem] transition-colors duration-100 ease-in-out\">Disponible en plusieurs couleurs et motifs, elle est fabriqu\u00e9e sans BPA, garantissant une utilisation s\u00fbre pour votre enfant.<\/span> <span class=\"relative -mx-px my-[-0.2rem] rounded px-px py-[0.2rem] transition-colors duration-100 ease-in-out\">Facile \u00e0 attacher aux v\u00eatements ou \u00e0 la poussette, elle permet de garder la sucette \u00e0 port\u00e9e de main et de r\u00e9duire les risques de perte.<\/span>\u200b<\/p>\n<ul data-start=\"600\" data-end=\"1001\">\n<li class=\"\" data-start=\"600\" data-end=\"655\">\n<p class=\"\" data-start=\"602\" data-end=\"655\"><strong data-start=\"602\" data-end=\"615\">R\u00e9f\u00e9rence<\/strong> : <span class=\"relative -mx-px my-[-0.2rem] rounded px-px py-[0.2rem] bg-[#FCECC1] dark:bg-[#64572A] transition-colors duration-100 ease-in-out\">34133<\/span><\/p>\n<\/li>\n<li class=\"\" data-start=\"656\" data-end=\"710\">\n<p class=\"\" data-start=\"658\" data-end=\"710\"><strong data-start=\"658\" data-end=\"670\">Mat\u00e9riau<\/strong> : <span class=\"relative -mx-px my-[-0.2rem] rounded px-px py-[0.2rem] transition-colors duration-100 ease-in-out\">Silicone sans BPA<\/span><\/p>\n<\/li>\n<li class=\"\" data-start=\"711\" data-end=\"772\">\n<p class=\"\" data-start=\"713\" data-end=\"772\"><strong data-start=\"713\" data-end=\"730\">Compatibilit\u00e9<\/strong> : <span class=\"relative -mx-px my-[-0.2rem] rounded px-px py-[0.2rem] transition-colors duration-100 ease-in-out\">Convient \u00e0 toutes les tailles de sucettes<\/span><\/p>\n<\/li>\n<li class=\"\" data-start=\"773\" data-end=\"827\">\n<p class=\"\" data-start=\"775\" data-end=\"827\"><strong data-start=\"775\" data-end=\"785\">Design<\/strong> : <span class=\"relative -mx-px my-[-0.2rem] rounded px-px py-[0.2rem] transition-colors duration-100 ease-in-out\">Color\u00e9 et attrayant<\/span><\/p>\n<\/li>\n<li class=\"\" data-start=\"828\" data-end=\"898\">\n<p class=\"\" data-start=\"830\" data-end=\"898\"><strong data-start=\"830\" data-end=\"856\">Facilit\u00e9 d&rsquo;utilisation<\/strong> : <span class=\"relative -mx-px my-[-0.2rem] rounded px-px py-[0.2rem] transition-colors duration-100 ease-in-out\">Clip pratique pour attacher facilement<\/span><\/p>\n<\/li>\n<li class=\"\" data-start=\"899\" data-end=\"1001\">\n<p class=\"\" data-start=\"901\" data-end=\"1001\"><strong data-start=\"901\" data-end=\"913\">S\u00e9curit\u00e9<\/strong> : <span class=\"relative -mx-px my-[-0.2rem] rounded px-px py-[0.2rem] transition-colors duration-100 ease-in-out\">Sans BPA, conforme aux normes de s\u00e9curit\u00e9<\/span><\/p>\n<\/li>\n<\/ul>\n","protected":false},"excerpt":{"rendered":"<p><span class=\"relative -mx-px my-[-0.2rem] rounded px-px py-[0.2rem] transition-colors duration-100 ease-in-out\">Cha\u00eenette pour sucette Baby Nova 34133 avec clip en silicone, adapt\u00e9e \u00e0 toutes les tailles de sucettes. Design color\u00e9 et s\u00e9curis\u00e9, id\u00e9al pour \u00e9viter la perte de la sucette.<\/span>\u200b<\/p>\n","protected":false},"featured_media":25385,"comment_status":"open","ping_status":"closed","template":"","meta":[],"product_cat":[243],"product_tag":[],"class_list":{"0":"post-20731","1":"product","2":"type-product","3":"status-publish","4":"has-post-thumbnail","6":"product_cat-bebe-et-maman","8":"first","9":"instock","10":"shipping-taxable","11":"purchasable","12":"product-type-simple"},"jetpack_sharing_enabled":true,"_links":{"self":[{"href":"https:\/\/para-pharmacity.tn\/index.php?rest_route=\/wp\/v2\/product\/20731","targetHints":{"allow":["GET"]}}],"collection":[{"href":"https:\/\/para-pharmacity.tn\/index.php?rest_route=\/wp\/v2\/product"}],"about":[{"href":"https:\/\/para-pharmacity.tn\/index.php?rest_route=\/wp\/v2\/types\/product"}],"replies":[{"embeddable":true,"href":"https:\/\/para-pharmacity.tn\/index.php?rest_route=%2Fwp%2Fv2%2Fcomments&post=20731"}],"version-history":[{"count":2,"href":"https:\/\/para-pharmacity.tn\/index.php?rest_route=\/wp\/v2\/product\/20731\/revisions"}],"predecessor-version":[{"id":25386,"href":"https:\/\/para-pharmacity.tn\/index.php?rest_route=\/wp\/v2\/product\/20731\/revisions\/25386"}],"wp:featuredmedia":[{"embeddable":true,"href":"https:\/\/para-pharmacity.tn\/index.php?rest_route=\/wp\/v2\/media\/25385"}],"wp:attachment":[{"href":"https:\/\/para-pharmacity.tn\/index.php?rest_route=%2Fwp%2Fv2%2Fmedia&parent=20731"}],"wp:term":[{"taxonomy":"product_cat","embeddable":true,"href":"https:\/\/para-pharmacity.tn\/index.php?rest_route=%2Fwp%2Fv2%2Fproduct_cat&post=20731"},{"taxonomy":"product_tag","embeddable":true,"href":"https:\/\/para-pharmacity.tn\/index.php?rest_route=%2Fwp%2Fv2%2Fproduct_tag&post=20731"}],"curies":[{"name":"wp","href":"https:\/\/api.w.org\/{rel}","templated":true}]}}