{"id":20716,"date":"2024-07-11T10:16:31","date_gmt":"2024-07-11T10:16:31","guid":{"rendered":"https:\/\/para-pharmacity.tn\/?product=xen-cb3-ecran-pour-homme"},"modified":"2025-05-06T15:32:46","modified_gmt":"2025-05-06T15:32:46","slug":"xen-cb3-ecran-pour-homme","status":"publish","type":"product","link":"https:\/\/para-pharmacity.tn\/?product=xen-cb3-ecran-pour-homme","title":{"rendered":"XEN CB3 ECRAN POUR HOMME"},"content":{"rendered":"<p>XEN CB3 DEFENCE ECRAN SOLAIRE MEN est sp\u00e9cialement con\u00e7ue pour les peaux grasses M\u00eame pour monsieur afin de r\u00e9pondre un maximum \u00e0 toutes vos exigences messieurs (Odeur, texture, efficacit\u00e9, simplicit\u00e9 d\u2019utilisation..), sous le soleil, pas d&rsquo;impasse, il faut se prot\u00e9ger l&rsquo;\u00e9piderme des rayons nocifs ! Voil\u00e0 pourquoi, notre cr\u00e8me solaire pour homme est d\u00e9sormais sur le march\u00e9 pour contenter ces messieurs et prot\u00e9ger leur peau en toute s\u00e9curit\u00e9 et toute virilit\u00e9<\/p>\n<p>Beaucoup d&rsquo;hommes d\u00e9testent les produits de beaut\u00e9, surtout ceux qui collent, qui graissent, et qui parfument&#8230;<\/p>\n<p>Notre produit solaire homme a \u00e9t\u00e9 minutieusement \u00e9tudi\u00e9 par nos \u00e9quipes afin de r\u00e9pondre un maximum \u00e0 toutes vos exigences messieurs (Odeur, texture, efficacit\u00e9, simplicit\u00e9 d\u2019utilisation..).<\/p>\n<p>D\u00e9sormais, bronzez en toute tranquillit\u00e9 avec une protection solaire homme adapt\u00e9e.<\/p>\n<h4>Conseils d&rsquo;utilisation:<\/h4>\n<p>Il est recommand\u00e9 d&rsquo;appliquer uniformement une g\u00e9nereuse quantit\u00e9 sur le visage, nettoy\u00e9 et s\u00e9sh\u00e9 ou pr\u00e9alable avant toute exposition au soleil.<\/p>\n","protected":false},"excerpt":{"rendered":"<p>La Cr\u00e8me Solaire Matifiante spf50+ est sp\u00e9cialement con\u00e7ue pour les hommes.<\/p>\n","protected":false},"featured_media":25889,"comment_status":"open","ping_status":"closed","template":"","meta":[],"product_cat":[213],"product_tag":[],"class_list":{"0":"post-20716","1":"product","2":"type-product","3":"status-publish","4":"has-post-thumbnail","6":"product_cat-visage","8":"first","9":"instock","10":"shipping-taxable","11":"purchasable","12":"product-type-simple"},"jetpack_sharing_enabled":true,"_links":{"self":[{"href":"https:\/\/para-pharmacity.tn\/index.php?rest_route=\/wp\/v2\/product\/20716","targetHints":{"allow":["GET"]}}],"collection":[{"href":"https:\/\/para-pharmacity.tn\/index.php?rest_route=\/wp\/v2\/product"}],"about":[{"href":"https:\/\/para-pharmacity.tn\/index.php?rest_route=\/wp\/v2\/types\/product"}],"replies":[{"embeddable":true,"href":"https:\/\/para-pharmacity.tn\/index.php?rest_route=%2Fwp%2Fv2%2Fcomments&post=20716"}],"version-history":[{"count":2,"href":"https:\/\/para-pharmacity.tn\/index.php?rest_route=\/wp\/v2\/product\/20716\/revisions"}],"predecessor-version":[{"id":25890,"href":"https:\/\/para-pharmacity.tn\/index.php?rest_route=\/wp\/v2\/product\/20716\/revisions\/25890"}],"wp:featuredmedia":[{"embeddable":true,"href":"https:\/\/para-pharmacity.tn\/index.php?rest_route=\/wp\/v2\/media\/25889"}],"wp:attachment":[{"href":"https:\/\/para-pharmacity.tn\/index.php?rest_route=%2Fwp%2Fv2%2Fmedia&parent=20716"}],"wp:term":[{"taxonomy":"product_cat","embeddable":true,"href":"https:\/\/para-pharmacity.tn\/index.php?rest_route=%2Fwp%2Fv2%2Fproduct_cat&post=20716"},{"taxonomy":"product_tag","embeddable":true,"href":"https:\/\/para-pharmacity.tn\/index.php?rest_route=%2Fwp%2Fv2%2Fproduct_tag&post=20716"}],"curies":[{"name":"wp","href":"https:\/\/api.w.org\/{rel}","templated":true}]}}