{"id":20696,"date":"2024-07-11T10:16:21","date_gmt":"2024-07-11T10:16:21","guid":{"rendered":"https:\/\/para-pharmacity.tn\/?product=vital-aide-minceur-30-gelules"},"modified":"2025-05-23T14:29:37","modified_gmt":"2025-05-23T14:29:37","slug":"vital-aide-minceur-30-gelules","status":"publish","type":"product","link":"https:\/\/para-pharmacity.tn\/?product=vital-aide-minceur-30-gelules","title":{"rendered":"VITAL AIDE MINCEUR 30 GELULES"},"content":{"rendered":"<p style=\"font-weight: 400;\">Phytothera Aide Minceur est un compl\u00e9ment alimentaire innovant con\u00e7u pour accompagner vos efforts de gestion du poids et favoriser une sensation de sati\u00e9t\u00e9. Gr\u00e2ce \u00e0 sa formule \u00e0 base d&rsquo;agar-agar, un ingr\u00e9dient d&rsquo;origine naturelle reconnu pour ses propri\u00e9t\u00e9s g\u00e9lifiantes, ce produit aide \u00e0 r\u00e9duire l&rsquo;app\u00e9tit en formant un gel dans l&rsquo;estomac, contribuant ainsi \u00e0 limiter les fringales.<\/p>\n<p style=\"font-weight: 400;\"><b><strong>Bienfaits :<\/strong><\/b><\/p>\n<p style=\"font-weight: 400;\">R\u00e9duction de l&rsquo;app\u00e9tit : Le principal atout de Phytothera Aide Minceur est sa capacit\u00e9 \u00e0 g\u00e9n\u00e9rer une sensation de sati\u00e9t\u00e9, ce qui peut faciliter la gestion de l&rsquo;alimentation quotidienne.<\/p>\n<p style=\"font-weight: 400;\">Favorise le contr\u00f4le du poids : En compl\u00e9ment d&rsquo;un mode de vie sain, ce produit aide \u00e0 soutenir les objectifs de perte de poids.<\/p>\n<p style=\"font-weight: 400;\">Ingr\u00e9dient naturel : L&rsquo;agar-agar, pr\u00e9sent dans la composition, est une fibre naturelle qui capte l&rsquo;eau et gonfle dans l&rsquo;estomac, agissant ainsi comme un coupe-faim efficace.<\/p>\n<p style=\"font-weight: 400;\">Utilisation recommand\u00e9e : Prendre 2 \u00e0 3 g\u00e9lules par jour, environ 15 minutes avant les repas, avec un grand verre d\u2019eau. Cela permet d&rsquo;optimiser l\u2019effet coupe-faim et de mieux contr\u00f4ler les portions alimentaires.<\/p>\n<p style=\"font-weight: 400;\"><b><strong>Pr\u00e9cautions :<\/strong><\/b><\/p>\n<p style=\"font-weight: 400;\">\u00c0 utiliser avec une alimentation \u00e9quilibr\u00e9e et un mode de vie actif.<\/p>\n<p style=\"font-weight: 400;\">Ne pas d\u00e9passer la dose recommand\u00e9e.<\/p>\n<p style=\"font-weight: 400;\">Ce produit est d\u00e9conseill\u00e9 en cas d\u2019hyperthyro\u00efdie ou d\u2019acn\u00e9.<\/p>\n<p style=\"font-weight: 400;\"><b><strong>Conseils d&rsquo;utilisation :<\/strong><\/b><\/p>\n<p style=\"font-weight: 400;\">Pour de meilleurs r\u00e9sultats, associez l\u2019utilisation de Phytothera Aide Minceur \u00e0 un programme de r\u00e9gime alimentaire \u00e9quilibr\u00e9 et \u00e0 une activit\u00e9 physique r\u00e9guli\u00e8re.<\/p>\n<p style=\"font-weight: 400;\"><b><strong>Composition\u00a0\u00a0:<\/strong><\/b><\/p>\n<p style=\"font-weight: 400;\">Agar-agar : source naturelle de fibres.<\/p>\n<p style=\"font-weight: 400;\">Autres composants pour la formulation (d\u00e9tails disponibles sur la notice).<\/p>\n<p style=\"font-weight: 400;\">Format : Bo\u00eete de 30 g\u00e9lules, id\u00e9ale pour une cure d&rsquo;un mois.<\/p>\n","protected":false},"excerpt":{"rendered":"<div class=\"details-info-top \">\n<div class=\"brief-description\">Coupe faim, Ob\u00e9sit\u00e9, Adjuvant de r\u00e9gime<\/div>\n<\/div>\n","protected":false},"featured_media":26353,"comment_status":"open","ping_status":"closed","template":"","meta":[],"product_cat":[235],"product_tag":[],"class_list":{"0":"post-20696","1":"product","2":"type-product","3":"status-publish","4":"has-post-thumbnail","6":"product_cat-corps","8":"first","9":"instock","10":"shipping-taxable","11":"purchasable","12":"product-type-simple"},"jetpack_sharing_enabled":true,"_links":{"self":[{"href":"https:\/\/para-pharmacity.tn\/index.php?rest_route=\/wp\/v2\/product\/20696","targetHints":{"allow":["GET"]}}],"collection":[{"href":"https:\/\/para-pharmacity.tn\/index.php?rest_route=\/wp\/v2\/product"}],"about":[{"href":"https:\/\/para-pharmacity.tn\/index.php?rest_route=\/wp\/v2\/types\/product"}],"replies":[{"embeddable":true,"href":"https:\/\/para-pharmacity.tn\/index.php?rest_route=%2Fwp%2Fv2%2Fcomments&post=20696"}],"version-history":[{"count":2,"href":"https:\/\/para-pharmacity.tn\/index.php?rest_route=\/wp\/v2\/product\/20696\/revisions"}],"predecessor-version":[{"id":26354,"href":"https:\/\/para-pharmacity.tn\/index.php?rest_route=\/wp\/v2\/product\/20696\/revisions\/26354"}],"wp:featuredmedia":[{"embeddable":true,"href":"https:\/\/para-pharmacity.tn\/index.php?rest_route=\/wp\/v2\/media\/26353"}],"wp:attachment":[{"href":"https:\/\/para-pharmacity.tn\/index.php?rest_route=%2Fwp%2Fv2%2Fmedia&parent=20696"}],"wp:term":[{"taxonomy":"product_cat","embeddable":true,"href":"https:\/\/para-pharmacity.tn\/index.php?rest_route=%2Fwp%2Fv2%2Fproduct_cat&post=20696"},{"taxonomy":"product_tag","embeddable":true,"href":"https:\/\/para-pharmacity.tn\/index.php?rest_route=%2Fwp%2Fv2%2Fproduct_tag&post=20696"}],"curies":[{"name":"wp","href":"https:\/\/api.w.org\/{rel}","templated":true}]}}