{"id":20619,"date":"2024-07-11T10:15:49","date_gmt":"2024-07-11T10:15:49","guid":{"rendered":"https:\/\/para-pharmacity.tn\/?product=svr-topialyse-baume-intensif-200ml"},"modified":"2025-06-27T10:48:40","modified_gmt":"2025-06-27T10:48:40","slug":"svr-topialyse-baume-intensif-200ml","status":"publish","type":"product","link":"https:\/\/para-pharmacity.tn\/?product=svr-topialyse-baume-intensif-200ml","title":{"rendered":"SVR TOPIALYSE BAUME INTENSIF 200ML"},"content":{"rendered":"<p>Sa texture nourrissante relipidante fond et laisse un film protecteur \u00e0 la surface de la peau avec un effet anti-adh\u00e9sion des microparticules de pollution (PM 2.5)2.<\/p>\n<p>Non gras et non collant, l\u2019habillage se fait directement apr\u00e8s l\u2019application.<\/p>\n<p>Le baume Protect+ est compos\u00e9 de seulement 20 ingr\u00e9dients \u00e0 98% d\u2019origine naturelle.<\/p>\n<p>Sans parfum mais avec une odeur d\u00e9licate.<\/p>\n<p><b>Conseils d&rsquo;utilisation\u00a0 :<\/b><\/p>\n<p>Appliquer sur l\u2019ensemble du visage et\/ou du corps pr\u00e9alablement nettoy\u00e9, en insistant sur les zones tr\u00e8s s\u00e8ches.<\/p>\n<p>Si l\u2019irritation persiste, veuillez consulter un m\u00e9decin.<\/p>\n<p>A utiliser tous les jours pour \u00e9viter les rechutes.<\/p>\n","protected":false},"excerpt":{"rendered":"<p>Topialyse baume Protect+ peau atopique apaise imm\u00e9diatement et durablement les sensations de d\u00e9mangeaisons pour une peau apais\u00e9e, prot\u00e9g\u00e9e et r\u00e9par\u00e9e durablement.<\/p>\n","protected":false},"featured_media":26904,"comment_status":"open","ping_status":"closed","template":"","meta":[],"product_cat":[235,213],"product_tag":[],"class_list":{"0":"post-20619","1":"product","2":"type-product","3":"status-publish","4":"has-post-thumbnail","6":"product_cat-corps","7":"product_cat-visage","9":"first","10":"instock","11":"shipping-taxable","12":"purchasable","13":"product-type-simple"},"jetpack_sharing_enabled":true,"_links":{"self":[{"href":"https:\/\/para-pharmacity.tn\/index.php?rest_route=\/wp\/v2\/product\/20619","targetHints":{"allow":["GET"]}}],"collection":[{"href":"https:\/\/para-pharmacity.tn\/index.php?rest_route=\/wp\/v2\/product"}],"about":[{"href":"https:\/\/para-pharmacity.tn\/index.php?rest_route=\/wp\/v2\/types\/product"}],"replies":[{"embeddable":true,"href":"https:\/\/para-pharmacity.tn\/index.php?rest_route=%2Fwp%2Fv2%2Fcomments&post=20619"}],"version-history":[{"count":2,"href":"https:\/\/para-pharmacity.tn\/index.php?rest_route=\/wp\/v2\/product\/20619\/revisions"}],"predecessor-version":[{"id":26905,"href":"https:\/\/para-pharmacity.tn\/index.php?rest_route=\/wp\/v2\/product\/20619\/revisions\/26905"}],"wp:featuredmedia":[{"embeddable":true,"href":"https:\/\/para-pharmacity.tn\/index.php?rest_route=\/wp\/v2\/media\/26904"}],"wp:attachment":[{"href":"https:\/\/para-pharmacity.tn\/index.php?rest_route=%2Fwp%2Fv2%2Fmedia&parent=20619"}],"wp:term":[{"taxonomy":"product_cat","embeddable":true,"href":"https:\/\/para-pharmacity.tn\/index.php?rest_route=%2Fwp%2Fv2%2Fproduct_cat&post=20619"},{"taxonomy":"product_tag","embeddable":true,"href":"https:\/\/para-pharmacity.tn\/index.php?rest_route=%2Fwp%2Fv2%2Fproduct_tag&post=20619"}],"curies":[{"name":"wp","href":"https:\/\/api.w.org\/{rel}","templated":true}]}}