{"id":20383,"date":"2024-07-11T10:13:59","date_gmt":"2024-07-11T10:13:59","guid":{"rendered":"https:\/\/para-pharmacity.tn\/?product=almaflore-hair-key-serum-capillaire"},"modified":"2025-04-15T11:15:47","modified_gmt":"2025-04-15T11:15:47","slug":"almaflore-hair-key-serum-capillaire","status":"publish","type":"product","link":"https:\/\/para-pharmacity.tn\/?product=almaflore-hair-key-serum-capillaire","title":{"rendered":"ALMAFLORE HAIR KEY SERUM CAPILLAIRE"},"content":{"rendered":"<p class=\"\" data-start=\"391\" data-end=\"757\">Le <strong data-start=\"394\" data-end=\"433\">s\u00e9rum capillaire Almaflore Hair Key<\/strong> est un soin intensif formul\u00e9 avec des <strong data-start=\"472\" data-end=\"503\">huiles v\u00e9g\u00e9tales pr\u00e9cieuses<\/strong> pour nourrir et revitaliser la fibre capillaire. Il aide \u00e0 <strong data-start=\"563\" data-end=\"593\">r\u00e9parer les cheveux ab\u00eem\u00e9s<\/strong>, <strong data-start=\"595\" data-end=\"615\">r\u00e9duire la casse<\/strong>, tout en apportant <strong data-start=\"635\" data-end=\"646\">douceur<\/strong> et <strong data-start=\"650\" data-end=\"663\">brillance<\/strong>. Il prot\u00e8ge \u00e9galement des agressions ext\u00e9rieures comme le soleil, la chaleur ou la pollution.<\/p>\n<ul data-start=\"759\" data-end=\"990\">\n<li class=\"\" data-start=\"759\" data-end=\"798\">\n<p class=\"\" data-start=\"761\" data-end=\"798\">Nourrit et <strong data-start=\"772\" data-end=\"796\">r\u00e9pare en profondeur<\/strong><\/p>\n<\/li>\n<li class=\"\" data-start=\"799\" data-end=\"844\">\n<p class=\"\" data-start=\"801\" data-end=\"844\">Pr\u00e9vient les <strong data-start=\"814\" data-end=\"826\">fourches<\/strong> et la <strong data-start=\"833\" data-end=\"842\">casse<\/strong><\/p>\n<\/li>\n<li class=\"\" data-start=\"845\" data-end=\"891\">\n<p class=\"\" data-start=\"847\" data-end=\"891\">Apporte <strong data-start=\"855\" data-end=\"868\">souplesse<\/strong> et <strong data-start=\"872\" data-end=\"889\">\u00e9clat naturel<\/strong><\/p>\n<\/li>\n<li class=\"\" data-start=\"892\" data-end=\"932\">\n<p class=\"\" data-start=\"894\" data-end=\"932\">Parfum d\u00e9licat et texture non grasse<\/p>\n<\/li>\n<li class=\"\" data-start=\"933\" data-end=\"990\">\n<p class=\"\" data-start=\"935\" data-end=\"990\">Convient \u00e0 un usage <strong data-start=\"955\" data-end=\"968\">quotidien<\/strong> ou <strong data-start=\"972\" data-end=\"990\">avant coiffage<\/strong><\/p>\n<\/li>\n<\/ul>\n","protected":false},"excerpt":{"rendered":"<p class=\"\" data-start=\"133\" data-end=\"260\"><strong data-start=\"133\" data-end=\"172\">Almaflore Hair Key S\u00e9rum Capillaire<\/strong><br data-start=\"172\" data-end=\"175\" \/>S\u00e9rum nourrissant pour <strong data-start=\"198\" data-end=\"211\">fortifier<\/strong>, <strong data-start=\"213\" data-end=\"224\">r\u00e9parer<\/strong> et <strong data-start=\"228\" data-end=\"245\">faire briller<\/strong> les cheveux.<\/p>\n<ul data-start=\"261\" data-end=\"351\">\n<li class=\"\" data-start=\"261\" data-end=\"312\">\n<p class=\"\" data-start=\"263\" data-end=\"312\">Id\u00e9al pour cheveux <strong data-start=\"282\" data-end=\"310\">secs, ab\u00eem\u00e9s ou cassants<\/strong><\/p>\n<\/li>\n<li class=\"\" data-start=\"313\" data-end=\"351\">\n<p class=\"\" data-start=\"315\" data-end=\"351\">\u00c0 base d\u2019huiles v\u00e9g\u00e9tales naturelles<\/p>\n<\/li>\n<\/ul>\n","protected":false},"featured_media":25078,"comment_status":"open","ping_status":"closed","template":"","meta":[],"product_cat":[211],"product_tag":[],"class_list":{"0":"post-20383","1":"product","2":"type-product","3":"status-publish","4":"has-post-thumbnail","6":"product_cat-cheveux","8":"first","9":"instock","10":"shipping-taxable","11":"purchasable","12":"product-type-simple"},"jetpack_sharing_enabled":true,"_links":{"self":[{"href":"https:\/\/para-pharmacity.tn\/index.php?rest_route=\/wp\/v2\/product\/20383","targetHints":{"allow":["GET"]}}],"collection":[{"href":"https:\/\/para-pharmacity.tn\/index.php?rest_route=\/wp\/v2\/product"}],"about":[{"href":"https:\/\/para-pharmacity.tn\/index.php?rest_route=\/wp\/v2\/types\/product"}],"replies":[{"embeddable":true,"href":"https:\/\/para-pharmacity.tn\/index.php?rest_route=%2Fwp%2Fv2%2Fcomments&post=20383"}],"version-history":[{"count":2,"href":"https:\/\/para-pharmacity.tn\/index.php?rest_route=\/wp\/v2\/product\/20383\/revisions"}],"predecessor-version":[{"id":25079,"href":"https:\/\/para-pharmacity.tn\/index.php?rest_route=\/wp\/v2\/product\/20383\/revisions\/25079"}],"wp:featuredmedia":[{"embeddable":true,"href":"https:\/\/para-pharmacity.tn\/index.php?rest_route=\/wp\/v2\/media\/25078"}],"wp:attachment":[{"href":"https:\/\/para-pharmacity.tn\/index.php?rest_route=%2Fwp%2Fv2%2Fmedia&parent=20383"}],"wp:term":[{"taxonomy":"product_cat","embeddable":true,"href":"https:\/\/para-pharmacity.tn\/index.php?rest_route=%2Fwp%2Fv2%2Fproduct_cat&post=20383"},{"taxonomy":"product_tag","embeddable":true,"href":"https:\/\/para-pharmacity.tn\/index.php?rest_route=%2Fwp%2Fv2%2Fproduct_tag&post=20383"}],"curies":[{"name":"wp","href":"https:\/\/api.w.org\/{rel}","templated":true}]}}