{"id":20376,"date":"2024-07-11T10:13:57","date_gmt":"2024-07-11T10:13:57","guid":{"rendered":"https:\/\/para-pharmacity.tn\/?product=young-health-omega-vision-30-capsules"},"modified":"2025-05-02T10:03:06","modified_gmt":"2025-05-02T10:03:06","slug":"young-health-omega-vision-30-capsules","status":"publish","type":"product","link":"https:\/\/para-pharmacity.tn\/?product=young-health-omega-vision-30-capsules","title":{"rendered":"YOUNG HEALTH OMEGA VISION 30 CAPSULES"},"content":{"rendered":"<p>Les huiles de poisson des mers froides sont riches en Om\u00e9ga 3, en particulier EPA et DHA qui nePeuvent \u00eatre synth\u00e9tis\u00e9s par l\u2019organisme.L\u2019EPA se transforme en prostaglandines E de s\u00e9rie 3 qui contribuent \u00e0 la protection des Art\u00e8res et du c\u0153ur et ont des effets majeurs sur l\u2019agr\u00e9gation plaquettaire, sur l\u2019inflammation, les ph\u00e9nom\u00e8nes de fibrillation ventriculaire et sur la triglyc\u00e9rid\u00e9mie.\u00a0DHA, \u00e9galement appel\u00e9 acide cervonique (vue son abondance dans les phospholipidesdes structures c\u00e9r\u00e9brales), a des fonctions sp\u00e9cifiques dans le d\u00e9veloppement du syst\u00e8menerveux et de la r\u00e9tine.Le DHA est un composant important des membranes, ainsi il contribue au bonFonctionnement de la physiologie cellulaire<\/p>\n","protected":false},"excerpt":{"rendered":"<p>les huiles de poisson des mers froides sont riches en omega3 en particuler epa et dha qui ne peuvent etre synthelises par lorganisme<\/p>\n","protected":false},"featured_media":25639,"comment_status":"open","ping_status":"closed","template":"","meta":[],"product_cat":[286],"product_tag":[],"class_list":{"0":"post-20376","1":"product","2":"type-product","3":"status-publish","4":"has-post-thumbnail","6":"product_cat-complement-alimentaire","8":"first","9":"instock","10":"shipping-taxable","11":"purchasable","12":"product-type-simple"},"jetpack_sharing_enabled":true,"_links":{"self":[{"href":"https:\/\/para-pharmacity.tn\/index.php?rest_route=\/wp\/v2\/product\/20376","targetHints":{"allow":["GET"]}}],"collection":[{"href":"https:\/\/para-pharmacity.tn\/index.php?rest_route=\/wp\/v2\/product"}],"about":[{"href":"https:\/\/para-pharmacity.tn\/index.php?rest_route=\/wp\/v2\/types\/product"}],"replies":[{"embeddable":true,"href":"https:\/\/para-pharmacity.tn\/index.php?rest_route=%2Fwp%2Fv2%2Fcomments&post=20376"}],"version-history":[{"count":2,"href":"https:\/\/para-pharmacity.tn\/index.php?rest_route=\/wp\/v2\/product\/20376\/revisions"}],"predecessor-version":[{"id":25637,"href":"https:\/\/para-pharmacity.tn\/index.php?rest_route=\/wp\/v2\/product\/20376\/revisions\/25637"}],"wp:featuredmedia":[{"embeddable":true,"href":"https:\/\/para-pharmacity.tn\/index.php?rest_route=\/wp\/v2\/media\/25639"}],"wp:attachment":[{"href":"https:\/\/para-pharmacity.tn\/index.php?rest_route=%2Fwp%2Fv2%2Fmedia&parent=20376"}],"wp:term":[{"taxonomy":"product_cat","embeddable":true,"href":"https:\/\/para-pharmacity.tn\/index.php?rest_route=%2Fwp%2Fv2%2Fproduct_cat&post=20376"},{"taxonomy":"product_tag","embeddable":true,"href":"https:\/\/para-pharmacity.tn\/index.php?rest_route=%2Fwp%2Fv2%2Fproduct_tag&post=20376"}],"curies":[{"name":"wp","href":"https:\/\/api.w.org\/{rel}","templated":true}]}}