{"id":20298,"date":"2024-07-11T10:13:24","date_gmt":"2024-07-11T10:13:24","guid":{"rendered":"https:\/\/para-pharmacity.tn\/?product=wellastrate-normal-9090ml"},"modified":"2025-05-07T09:04:08","modified_gmt":"2025-05-07T09:04:08","slug":"wellastrate-normal-9090ml","status":"publish","type":"product","link":"https:\/\/para-pharmacity.tn\/?product=wellastrate-normal-9090ml","title":{"rendered":"WELLASTRATE NORMAL 90+90ML"},"content":{"rendered":"<p><strong data-start=\"63\" data-end=\"85\">WELLASTRATE Normal<\/strong> est une cr\u00e8me de soin capillaire \u00e0 l\u2019huile de jojoba \u00e0 effet lissant. Sa nouvelle formule assure une performance maximale, m\u00eame sur les cheveux tr\u00e8s fris\u00e9s. Le soin neutralisant, en tube pr\u00eat \u00e0 l\u2019emploi, facilite l\u2019application.<br data-start=\"313\" data-end=\"316\" \/><\/p>\n","protected":false},"excerpt":{"rendered":"<p>Cr\u00e8me lissante WELLASTRATE \u00e0 l\u2019huile de jojoba, pour cheveux fris\u00e9s. Application facile.<\/p>\n","protected":false},"featured_media":25920,"comment_status":"open","ping_status":"closed","template":"","meta":[],"product_cat":[20],"product_tag":[],"class_list":{"0":"post-20298","1":"product","2":"type-product","3":"status-publish","4":"has-post-thumbnail","6":"product_cat-accessories","8":"first","9":"instock","10":"shipping-taxable","11":"purchasable","12":"product-type-simple"},"jetpack_sharing_enabled":true,"_links":{"self":[{"href":"https:\/\/para-pharmacity.tn\/index.php?rest_route=\/wp\/v2\/product\/20298","targetHints":{"allow":["GET"]}}],"collection":[{"href":"https:\/\/para-pharmacity.tn\/index.php?rest_route=\/wp\/v2\/product"}],"about":[{"href":"https:\/\/para-pharmacity.tn\/index.php?rest_route=\/wp\/v2\/types\/product"}],"replies":[{"embeddable":true,"href":"https:\/\/para-pharmacity.tn\/index.php?rest_route=%2Fwp%2Fv2%2Fcomments&post=20298"}],"version-history":[{"count":2,"href":"https:\/\/para-pharmacity.tn\/index.php?rest_route=\/wp\/v2\/product\/20298\/revisions"}],"predecessor-version":[{"id":25921,"href":"https:\/\/para-pharmacity.tn\/index.php?rest_route=\/wp\/v2\/product\/20298\/revisions\/25921"}],"wp:featuredmedia":[{"embeddable":true,"href":"https:\/\/para-pharmacity.tn\/index.php?rest_route=\/wp\/v2\/media\/25920"}],"wp:attachment":[{"href":"https:\/\/para-pharmacity.tn\/index.php?rest_route=%2Fwp%2Fv2%2Fmedia&parent=20298"}],"wp:term":[{"taxonomy":"product_cat","embeddable":true,"href":"https:\/\/para-pharmacity.tn\/index.php?rest_route=%2Fwp%2Fv2%2Fproduct_cat&post=20298"},{"taxonomy":"product_tag","embeddable":true,"href":"https:\/\/para-pharmacity.tn\/index.php?rest_route=%2Fwp%2Fv2%2Fproduct_tag&post=20298"}],"curies":[{"name":"wp","href":"https:\/\/api.w.org\/{rel}","templated":true}]}}