{"id":20211,"date":"2024-07-11T10:12:43","date_gmt":"2024-07-11T10:12:43","guid":{"rendered":"https:\/\/para-pharmacity.tn\/?product=vital-stimul-plus-b-30gelules"},"modified":"2025-05-12T15:39:58","modified_gmt":"2025-05-12T15:39:58","slug":"vital-stimul-plus-b-30gelules","status":"publish","type":"product","link":"https:\/\/para-pharmacity.tn\/?product=vital-stimul-plus-b-30gelules","title":{"rendered":"VITAL STIMUL PLUS B\/30GELULES"},"content":{"rendered":"<p style=\"font-weight: 400\">La gel\u00e9e royale a une teneur normalis\u00e9e en 10-2 HDA ( 6% ) un des ingr\u00e9dients actifs de la gel\u00e9e royale qui sert \u00e9galement de marqueur.<\/p>\n<p style=\"font-weight: 400\">En M\u00e9decine traditionnelle chinoise, cette substance est consid\u00e9r\u00e9e comme un tonique en cas de carence du Yin.<\/p>\n<p style=\"font-weight: 400\">On trouve une tradition populaire similaire en Europe de l&rsquo;Est et en Russie o\u00f9 la gel\u00e9e royale est consid\u00e9r\u00e9e comme une substance adaptog\u00e8ne, c&rsquo;est-\u00e0-dire une substance qui accro\u00eet, de mani\u00e8re g\u00e9n\u00e9rale et non sp\u00e9cifique, la r\u00e9sistance de l&rsquo;organisme aux divers stress qui l&rsquo;affectent.<\/p>\n<p style=\"font-weight: 400\">La Commission E et l&rsquo;Organisation mondiale de la Sant\u00e9 reconnaissent l&rsquo;usage du ginseng asiatique (Panax Ginseng) pour tonifier l&rsquo;organisme des personnes fatigu\u00e9es ou affaiblies, r\u00e9tablir la capacit\u00e9 de travail physique et de concentration intellectuelle et aider les convalescents \u00e0 reprendre des forces.<\/p>\n<p style=\"font-weight: 400\">En M\u00e9decine traditionnelle chinoise (MTC), le ginseng (depuis 2 000 ans pour l&rsquo;asiatique et pr\u00e8s de 300 ans pour le nord-am\u00e9ricain) entre dans la composition d&rsquo;une multitude de pr\u00e9parations classiques. Selon la MTC, c&rsquo;est un tonique g\u00e9n\u00e9ral de l&rsquo;organisme<\/p>\n<p style=\"font-weight: 400\">De nombreuses pr\u00e9parations m\u00e9dicinales issues de la MTC et destin\u00e9es au traitement de diverses dysfonctions sexuelles renferment du ginseng. Au cours d&rsquo;une \u00e9tude comparative portant sur 90 sujets et publi\u00e9e en 1995, les chercheurs ont constat\u00e9 que le ginseng rouge soulageait plus efficacement certains troubles de la dysfonction \u00e9rectile qu&rsquo;un m\u00e9dicament classique (trazodone) et qu&rsquo;un placebo.<\/p>\n<p style=\"font-weight: 400\">Au cours d&rsquo;une \u00e9tude crois\u00e9e \u00e0 double insu avec placebo publi\u00e9e en 2002 et portant sur 45 sujets souffrant de dysfonction \u00e9rectile, le ginseng rouge s&rsquo;est \u00e9galement r\u00e9v\u00e9l\u00e9 plus efficace qu&rsquo;un placebo.<\/p>\n<p style=\"font-weight: 400\">On a d&rsquo;abord cru que les effets du ginseng sur la fonction sexuelle \u00e9taient d&rsquo;ordre hormonal, mais des recherches r\u00e9centes montreraient plut\u00f4t que la plante agit \u00e0 la fois sur le syst\u00e8me nerveux central et sur les tissus des gonades sans avoir pour autant une activit\u00e9 hormonale.<\/p>\n<p style=\"font-weight: 400\">Le rhizome de gingembre contient principalement une huile essentielle \u00e0 d\u00e9riv\u00e9s terp\u00e9niques, des principes amers actifs nomm\u00e9s gingeoles qui ont une action favorable sur la fertilit\u00e9 masculine en augmentant le volume du sperme et la mobilit\u00e9 des spermatozo\u00efdes.<\/p>\n<p style=\"font-weight: 400\"><b><strong>Conseils D\u2019utilisation\u00a0:<\/strong><\/b><\/p>\n<p style=\"font-weight: 400\">2 g\u00e9lules de Phytothera STIMUL PLUS le soir pendant 2 \u00e0 6 mois.<\/p>\n<p style=\"font-weight: 400\"><b><strong>Composition<\/strong><\/b>\u00a0:<\/p>\n<p style=\"font-weight: 400\">Gel\u00e9e Royale lyophilis\u00e9e, Racine de panax Ginseng, Gingembre, Agent de Surface, Pour une g\u00e9lule de 330mg<\/p>\n","protected":false},"excerpt":{"rendered":"<ol style=\"font-weight: 400\">\n<li>Fortifiant g\u00e9n\u00e9ral<\/li>\n<li>Fatigue sexuelle, Impuissance<\/li>\n<li>Favorise la spermatogen\u00e8se.<\/li>\n<\/ol>\n","protected":false},"featured_media":26032,"comment_status":"open","ping_status":"closed","template":"","meta":[],"product_cat":[286],"product_tag":[],"class_list":{"0":"post-20211","1":"product","2":"type-product","3":"status-publish","4":"has-post-thumbnail","6":"product_cat-complement-alimentaire","8":"first","9":"instock","10":"shipping-taxable","11":"purchasable","12":"product-type-simple"},"jetpack_sharing_enabled":true,"_links":{"self":[{"href":"https:\/\/para-pharmacity.tn\/index.php?rest_route=\/wp\/v2\/product\/20211","targetHints":{"allow":["GET"]}}],"collection":[{"href":"https:\/\/para-pharmacity.tn\/index.php?rest_route=\/wp\/v2\/product"}],"about":[{"href":"https:\/\/para-pharmacity.tn\/index.php?rest_route=\/wp\/v2\/types\/product"}],"replies":[{"embeddable":true,"href":"https:\/\/para-pharmacity.tn\/index.php?rest_route=%2Fwp%2Fv2%2Fcomments&post=20211"}],"version-history":[{"count":2,"href":"https:\/\/para-pharmacity.tn\/index.php?rest_route=\/wp\/v2\/product\/20211\/revisions"}],"predecessor-version":[{"id":26033,"href":"https:\/\/para-pharmacity.tn\/index.php?rest_route=\/wp\/v2\/product\/20211\/revisions\/26033"}],"wp:featuredmedia":[{"embeddable":true,"href":"https:\/\/para-pharmacity.tn\/index.php?rest_route=\/wp\/v2\/media\/26032"}],"wp:attachment":[{"href":"https:\/\/para-pharmacity.tn\/index.php?rest_route=%2Fwp%2Fv2%2Fmedia&parent=20211"}],"wp:term":[{"taxonomy":"product_cat","embeddable":true,"href":"https:\/\/para-pharmacity.tn\/index.php?rest_route=%2Fwp%2Fv2%2Fproduct_cat&post=20211"},{"taxonomy":"product_tag","embeddable":true,"href":"https:\/\/para-pharmacity.tn\/index.php?rest_route=%2Fwp%2Fv2%2Fproduct_tag&post=20211"}],"curies":[{"name":"wp","href":"https:\/\/api.w.org\/{rel}","templated":true}]}}