{"id":19966,"date":"2024-07-11T10:10:56","date_gmt":"2024-07-11T10:10:56","guid":{"rendered":"https:\/\/para-pharmacity.tn\/?product=veryderm-mousse-nett-p-acneique-200-ml"},"modified":"2025-05-29T12:10:41","modified_gmt":"2025-05-29T12:10:41","slug":"veryderm-mousse-nett-p-acneique-200-ml","status":"publish","type":"product","link":"https:\/\/para-pharmacity.tn\/?product=veryderm-mousse-nett-p-acneique-200-ml","title":{"rendered":"VERYDERM MOUSSE NETT P ACNEIQUE 200 ML"},"content":{"rendered":"<p style=\"font-weight: 400;\">Cette mousse nettoyante a \u00e9t\u00e9 sp\u00e9cialement formul\u00e9e pour les peaux acn\u00e9iques, offrant une solution compl\u00e8te pour leur entretien quotidien.<\/p>\n<p style=\"font-weight: 400;\">Nettoie en profondeur les peaux acn\u00e9iques<\/p>\n<p style=\"font-weight: 400;\">Hydrate la peau pour maintenir son \u00e9quilibre<\/p>\n<p style=\"font-weight: 400;\">Propri\u00e9t\u00e9s anti-oxydantes pour aider \u00e0 prot\u00e9ger la peau<\/p>\n<p style=\"font-weight: 400;\">La formule de cette mousse nettoyante vise \u00e0 d\u00e9barrasser la peau des impuret\u00e9s tout en offrant une hydratation \u00e9quilibr\u00e9e. Son action anti-oxydante contribue \u00e0 prot\u00e9ger la peau des agressions ext\u00e9rieures. Un soin complet pour les peaux sujettes \u00e0 l&rsquo;acn\u00e9.<\/p>\n<p style=\"font-weight: 400;\">Cette mousse nettoyante \u00e0 \u00e9liminer les imperfections et les points noirs. Elle p\u00e9n\u00e8tre en profondeur dans les pores pour \u00e9liminer huile sans trop ass\u00e9cher votre peau. Cette formule innovante de traitement de l&rsquo;acn\u00e9 contient de l&rsquo;extrait de g\u00e9ranium et de clou de girofle. Riche en prot\u00e9ines, puissants actifs hydratants et nourrissants et en eaux florales.<\/p>\n","protected":false},"excerpt":{"rendered":"<p>Mousse Nettoyante peaux acn\u00e9iques Very-Derm<br \/>\nPeaux Acn\u00e9iques<\/p>\n<p>Nettoie<br \/>\nHydratant<br \/>\nAnti-Oxydante<\/p>\n","protected":false},"featured_media":26410,"comment_status":"open","ping_status":"closed","template":"","meta":[],"product_cat":[213],"product_tag":[],"class_list":{"0":"post-19966","1":"product","2":"type-product","3":"status-publish","4":"has-post-thumbnail","6":"product_cat-visage","8":"first","9":"instock","10":"shipping-taxable","11":"purchasable","12":"product-type-simple"},"jetpack_sharing_enabled":true,"_links":{"self":[{"href":"https:\/\/para-pharmacity.tn\/index.php?rest_route=\/wp\/v2\/product\/19966","targetHints":{"allow":["GET"]}}],"collection":[{"href":"https:\/\/para-pharmacity.tn\/index.php?rest_route=\/wp\/v2\/product"}],"about":[{"href":"https:\/\/para-pharmacity.tn\/index.php?rest_route=\/wp\/v2\/types\/product"}],"replies":[{"embeddable":true,"href":"https:\/\/para-pharmacity.tn\/index.php?rest_route=%2Fwp%2Fv2%2Fcomments&post=19966"}],"version-history":[{"count":2,"href":"https:\/\/para-pharmacity.tn\/index.php?rest_route=\/wp\/v2\/product\/19966\/revisions"}],"predecessor-version":[{"id":26411,"href":"https:\/\/para-pharmacity.tn\/index.php?rest_route=\/wp\/v2\/product\/19966\/revisions\/26411"}],"wp:featuredmedia":[{"embeddable":true,"href":"https:\/\/para-pharmacity.tn\/index.php?rest_route=\/wp\/v2\/media\/26410"}],"wp:attachment":[{"href":"https:\/\/para-pharmacity.tn\/index.php?rest_route=%2Fwp%2Fv2%2Fmedia&parent=19966"}],"wp:term":[{"taxonomy":"product_cat","embeddable":true,"href":"https:\/\/para-pharmacity.tn\/index.php?rest_route=%2Fwp%2Fv2%2Fproduct_cat&post=19966"},{"taxonomy":"product_tag","embeddable":true,"href":"https:\/\/para-pharmacity.tn\/index.php?rest_route=%2Fwp%2Fv2%2Fproduct_tag&post=19966"}],"curies":[{"name":"wp","href":"https:\/\/api.w.org\/{rel}","templated":true}]}}