{"id":19761,"date":"2024-07-11T10:09:30","date_gmt":"2024-07-11T10:09:30","guid":{"rendered":"https:\/\/para-pharmacity.tn\/?product=uriage-bariederm-75-ml"},"modified":"2025-06-02T12:50:56","modified_gmt":"2025-06-02T12:50:56","slug":"uriage-bariederm-75-ml","status":"publish","type":"product","link":"https:\/\/para-pharmacity.tn\/?product=uriage-bariederm-75-ml","title":{"rendered":"URIAGE BARIEDERM 75 ML"},"content":{"rendered":"<div>La Cr\u00e8me Isolante R\u00e9paratrice Mains Visage et Corps d&rsquo;URIAGE\u00a0BARIEDERM\u00a0est un soin con\u00e7u pour le visage, corps et mains. Elle prot\u00e8ge votre peau contre les irritations, les frottements, les agressions chimiques et les conditions climatiques extr\u00eames.\u00a0 Ce soin poss\u00e8de complexe brevet\u00e9 au Poly-2P qui permet d&rsquo;isoler votre \u00e9piderme en surface sans effet occlusif tout en favorisant sa r\u00e9paration plus en profondeur.\u00a0 La Cr\u00e8me Isolante R\u00e9paratrice Mains Visage et Corps\u00a0URIAGE\u00a0BARIEDERM\u00a0contient \u00e9galement du squalane et des st\u00e9rols v\u00e9g\u00e9taux, associ\u00e9s \u00e0 l&rsquo;Eau Thermale d&rsquo;Uriage pour procurer confort et apaisement. Invisible \u00e0 l&rsquo;application, elle laisse un film doux non gras.<\/div>\n<h4>Conseils d&rsquo;utilisation<\/h4>\n<div>Appliquez la Cr\u00e8me Mains Sans Parfum NEUTROG\u00c9NA aussi souvent que n\u00e9cessaire sur la zone cutan\u00e9e destin\u00e9e \u00e0 \u00eatre isol\u00e9e, prot\u00e9g\u00e9e ou r\u00e9par\u00e9e.<\/div>\n","protected":false},"excerpt":{"rendered":"<div class=\"details-info-top \">\n<div class=\"brief-description\">Uriage Bari\u00e9derm Cr\u00e8me Isolante R\u00e9paratrice 75 ml Soin r\u00e9parateur visage et corps. Pour adultes, enfants, b\u00e9b\u00e9s Isole la peau des facteurs d&rsquo;agressions cutan\u00e9es de la vie quotidienne Sans parfum. Hypoallerg\u00e9nique<\/div>\n<\/div>\n","protected":false},"featured_media":26530,"comment_status":"open","ping_status":"closed","template":"","meta":[],"product_cat":[235],"product_tag":[],"class_list":{"0":"post-19761","1":"product","2":"type-product","3":"status-publish","4":"has-post-thumbnail","6":"product_cat-corps","8":"first","9":"instock","10":"shipping-taxable","11":"purchasable","12":"product-type-simple"},"jetpack_sharing_enabled":true,"_links":{"self":[{"href":"https:\/\/para-pharmacity.tn\/index.php?rest_route=\/wp\/v2\/product\/19761","targetHints":{"allow":["GET"]}}],"collection":[{"href":"https:\/\/para-pharmacity.tn\/index.php?rest_route=\/wp\/v2\/product"}],"about":[{"href":"https:\/\/para-pharmacity.tn\/index.php?rest_route=\/wp\/v2\/types\/product"}],"replies":[{"embeddable":true,"href":"https:\/\/para-pharmacity.tn\/index.php?rest_route=%2Fwp%2Fv2%2Fcomments&post=19761"}],"version-history":[{"count":1,"href":"https:\/\/para-pharmacity.tn\/index.php?rest_route=\/wp\/v2\/product\/19761\/revisions"}],"predecessor-version":[{"id":26531,"href":"https:\/\/para-pharmacity.tn\/index.php?rest_route=\/wp\/v2\/product\/19761\/revisions\/26531"}],"wp:featuredmedia":[{"embeddable":true,"href":"https:\/\/para-pharmacity.tn\/index.php?rest_route=\/wp\/v2\/media\/26530"}],"wp:attachment":[{"href":"https:\/\/para-pharmacity.tn\/index.php?rest_route=%2Fwp%2Fv2%2Fmedia&parent=19761"}],"wp:term":[{"taxonomy":"product_cat","embeddable":true,"href":"https:\/\/para-pharmacity.tn\/index.php?rest_route=%2Fwp%2Fv2%2Fproduct_cat&post=19761"},{"taxonomy":"product_tag","embeddable":true,"href":"https:\/\/para-pharmacity.tn\/index.php?rest_route=%2Fwp%2Fv2%2Fproduct_tag&post=19761"}],"curies":[{"name":"wp","href":"https:\/\/api.w.org\/{rel}","templated":true}]}}