{"id":19728,"date":"2024-07-11T10:09:18","date_gmt":"2024-07-11T10:09:18","guid":{"rendered":"https:\/\/para-pharmacity.tn\/?product=ultrasun-sports-spray-spf-50-150-ml"},"modified":"2024-09-17T15:03:04","modified_gmt":"2024-09-17T15:03:04","slug":"ultrasun-sports-spray-spf-50-150-ml","status":"publish","type":"product","link":"https:\/\/para-pharmacity.tn\/?product=ultrasun-sports-spray-spf-50-150-ml","title":{"rendered":"ULTRASUN SPORTS SPRAY SPF 50 150 ML"},"content":{"rendered":"<p>Description\u00a0:<\/p>\n<p>Protection solaire UVA et UVB (SPF 50) transparent, non gras et non collant, avec GSP pour la protection infrarouge. Id\u00e9al pour les personnes actives et sportives, rapide et facile \u00e0 appliquer.<\/p>\n<p>Toujours appliquer une couche g\u00e9n\u00e9reuse de cr\u00e8me solaire 15 \u00e0 30 minutes avant l\u2019exposition. L\u2019application insuffisante r\u00e9duit consid\u00e9rablement l\u2019effet protecteur. Attention, m\u00eame les \u00e9crans solaires avec un facteur de protection \u00e9lev\u00e9 ne garantissent pas une protection totale. Les b\u00e9b\u00e9s et les jeunes enfants ne doivent pas \u00eatre expos\u00e9s directement au soleil. Il est important de les prot\u00e9ger avec un indice de protection solaire \u00e9lev\u00e9 (SPF30) et des v\u00eatements appropri\u00e9s. \u00c9vitez le soleil de midi.<\/p>\n<p>Conseils \u00e0 l\u2019utilisateur\u00a0:<\/p>\n<p>Une seule application est g\u00e9n\u00e9ralement suffisante mais une nouvelle application est recommand\u00e9e en cas de transpiration, apr\u00e8s un bain ou apr\u00e8s s\u00e9chage avec une serviette. \u00c9viter le contact direct avec les v\u00eatements, risque de taches. \u00c9viter le contact avec les yeux.<\/p>\n<p>Composition\u00a0:<\/p>\n<p>ALCOOL, PH\u00c9NOXY\u00c9THYL CAPRYLATE, BENZOATE D\u2019ALKYLE C12-15, DI\u00c9THYLAMINO HYDROXYBEN-OYL HEXYL BENZOATE, ETHYLHEXYL SALICYLATE, OCTYLDOD\u00c9CANOL, DI\u00c9THYLHEXYL BUTAMIDO TRIAINE, HEXYLOXYPHENOL M\u00c9THOXYPHENYL TRIAINE, DIBUTYL ADIPATE, AQUA, D\u00c9NATANT D\u2019ALCOOL, COPOLYM\u00c8RE ACRYLATE DE BUTYL\/DE MALEATE DE BUTYLE\/ISOBORNYL, EXTRAIT DE GRAINE DE VITIS VINIFERA, GLYC\u00c9RINE, AC\u00c9TATE DE TOCOPH\u00c9ROL, 2,6-DIFID, T\u00c9TRAISOPALMITATE D\u2019ASCORBYL, TOCOPH\u00c9ROL, UBIQUINONE<\/p>\n","protected":false},"excerpt":{"rendered":"<p>Protection solaire UVA et UVB (SPF 50) transparent, non gras et non collant, avec GSP pour la protection infrarouge. Id\u00e9al pour les personnes actives et sportives, rapide et facile \u00e0 appliquer.<\/p>\n","protected":false},"featured_media":24977,"comment_status":"open","ping_status":"closed","template":"","meta":[],"product_cat":[20],"product_tag":[],"class_list":{"0":"post-19728","1":"product","2":"type-product","3":"status-publish","4":"has-post-thumbnail","6":"product_cat-accessories","8":"first","9":"instock","10":"shipping-taxable","11":"product-type-simple"},"jetpack_sharing_enabled":true,"_links":{"self":[{"href":"https:\/\/para-pharmacity.tn\/index.php?rest_route=\/wp\/v2\/product\/19728","targetHints":{"allow":["GET"]}}],"collection":[{"href":"https:\/\/para-pharmacity.tn\/index.php?rest_route=\/wp\/v2\/product"}],"about":[{"href":"https:\/\/para-pharmacity.tn\/index.php?rest_route=\/wp\/v2\/types\/product"}],"replies":[{"embeddable":true,"href":"https:\/\/para-pharmacity.tn\/index.php?rest_route=%2Fwp%2Fv2%2Fcomments&post=19728"}],"version-history":[{"count":2,"href":"https:\/\/para-pharmacity.tn\/index.php?rest_route=\/wp\/v2\/product\/19728\/revisions"}],"predecessor-version":[{"id":24980,"href":"https:\/\/para-pharmacity.tn\/index.php?rest_route=\/wp\/v2\/product\/19728\/revisions\/24980"}],"wp:featuredmedia":[{"embeddable":true,"href":"https:\/\/para-pharmacity.tn\/index.php?rest_route=\/wp\/v2\/media\/24977"}],"wp:attachment":[{"href":"https:\/\/para-pharmacity.tn\/index.php?rest_route=%2Fwp%2Fv2%2Fmedia&parent=19728"}],"wp:term":[{"taxonomy":"product_cat","embeddable":true,"href":"https:\/\/para-pharmacity.tn\/index.php?rest_route=%2Fwp%2Fv2%2Fproduct_cat&post=19728"},{"taxonomy":"product_tag","embeddable":true,"href":"https:\/\/para-pharmacity.tn\/index.php?rest_route=%2Fwp%2Fv2%2Fproduct_tag&post=19728"}],"curies":[{"name":"wp","href":"https:\/\/api.w.org\/{rel}","templated":true}]}}