{"id":19727,"date":"2024-07-11T10:09:17","date_gmt":"2024-07-11T10:09:17","guid":{"rendered":"https:\/\/para-pharmacity.tn\/?product=ultrasun-sports-gel-spf-50-100-ml"},"modified":"2024-09-17T14:36:38","modified_gmt":"2024-09-17T14:36:38","slug":"ultrasun-sports-gel-spf-50-100-ml","status":"publish","type":"product","link":"https:\/\/para-pharmacity.tn\/?product=ultrasun-sports-gel-spf-50-100-ml","title":{"rendered":"ULTRASUN SPORTS GEL SPF 50 100 ML"},"content":{"rendered":"<p>Description\u00a0:<\/p>\n<p>Prot\u00e9gez la peau pendant l\u2019exercice avec le gel sportif Ultrasun SPF50; r\u00e9sistant \u00e0 l\u2019eau sp\u00e9cialement d\u00e9velopp\u00e9 pour les personnes ayant un mode de vie actif. La formulation riche en antioxydants glisse rapidement sur le corps, absorbant rapidement et invisiblement sans laisser de r\u00e9sidus ind\u00e9sirables, gras ou collants.<\/p>\n<p>Conseils \u00e0 l\u2019utilisateur\u00a0:<\/p>\n<p>Appliquer sur une peau propre et s\u00e8che, id\u00e9alement \u00e0 l\u2019int\u00e9rieur, 15 minutes avant l\u2019exposition au soleil.<\/p>\n<p>\u00c9vitez le contact avec les yeux et les v\u00eatements.<\/p>\n<p>Composition\u00a0:<\/p>\n<p>Alcool, benzoate d\u2019alkyle en C12-15, benzoate de ph\u00e9noxy\u00e9thyle caprylate, benzoate di\u00e9thylamino hydroxybenzoyl hexyl, triazone di\u00e9thylhexyl butamido, salicylate d\u2019\u00e9thylhexyle, adipate de diisopropyle, triazone \u00e9thylhexyl octyldod\u00e9canole, copolym\u00e8re de bis-\u00e9thylhexyloxyph\u00e9nol et m\u00e9thoxyph\u00e9nyltrioxyoxyacylacrylate, Extrait de graine de Vitis Vinifera, glyc\u00e9rine, hydroxypropyl m\u00e9thylcellulose, aqua, ac\u00e9tate de tocoph\u00e9rol, 2,6-dim\u00e9thyl-7-octen-2-ol, l\u00e9cithine, chlorure de sodium, caprylique\/caprylique triglyc\u00e9ride, ascorbyl t\u00e9traisopalmitate, tocoph\u00e9rol, ubiquine.<\/p>\n","protected":false},"excerpt":{"rendered":"<p>Prot\u00e9gez la peau pendant l\u2019exercice avec le gel sportif Ultrasun SPF50<\/p>\n","protected":false},"featured_media":24974,"comment_status":"open","ping_status":"closed","template":"","meta":[],"product_cat":[20],"product_tag":[],"class_list":{"0":"post-19727","1":"product","2":"type-product","3":"status-publish","4":"has-post-thumbnail","6":"product_cat-accessories","8":"first","9":"instock","10":"shipping-taxable","11":"product-type-simple"},"jetpack_sharing_enabled":true,"_links":{"self":[{"href":"https:\/\/para-pharmacity.tn\/index.php?rest_route=\/wp\/v2\/product\/19727","targetHints":{"allow":["GET"]}}],"collection":[{"href":"https:\/\/para-pharmacity.tn\/index.php?rest_route=\/wp\/v2\/product"}],"about":[{"href":"https:\/\/para-pharmacity.tn\/index.php?rest_route=\/wp\/v2\/types\/product"}],"replies":[{"embeddable":true,"href":"https:\/\/para-pharmacity.tn\/index.php?rest_route=%2Fwp%2Fv2%2Fcomments&post=19727"}],"version-history":[{"count":2,"href":"https:\/\/para-pharmacity.tn\/index.php?rest_route=\/wp\/v2\/product\/19727\/revisions"}],"predecessor-version":[{"id":24975,"href":"https:\/\/para-pharmacity.tn\/index.php?rest_route=\/wp\/v2\/product\/19727\/revisions\/24975"}],"wp:featuredmedia":[{"embeddable":true,"href":"https:\/\/para-pharmacity.tn\/index.php?rest_route=\/wp\/v2\/media\/24974"}],"wp:attachment":[{"href":"https:\/\/para-pharmacity.tn\/index.php?rest_route=%2Fwp%2Fv2%2Fmedia&parent=19727"}],"wp:term":[{"taxonomy":"product_cat","embeddable":true,"href":"https:\/\/para-pharmacity.tn\/index.php?rest_route=%2Fwp%2Fv2%2Fproduct_cat&post=19727"},{"taxonomy":"product_tag","embeddable":true,"href":"https:\/\/para-pharmacity.tn\/index.php?rest_route=%2Fwp%2Fv2%2Fproduct_tag&post=19727"}],"curies":[{"name":"wp","href":"https:\/\/api.w.org\/{rel}","templated":true}]}}