{"id":19720,"date":"2024-07-11T10:09:15","date_gmt":"2024-07-11T10:09:15","guid":{"rendered":"https:\/\/para-pharmacity.tn\/?product=ultrasun-glimmer-spf-30-150-ml"},"modified":"2024-09-17T12:15:05","modified_gmt":"2024-09-17T12:15:05","slug":"ultrasun-glimmer-spf-30-150-ml","status":"publish","type":"product","link":"https:\/\/para-pharmacity.tn\/?product=ultrasun-glimmer-spf-30-150-ml","title":{"rendered":"ULTRASUN GLIMMER SPF 30 150 ML"},"content":{"rendered":"<p>Description\u00a0:<\/p>\n<p>Pour une protection solaire douce, hydratante et durable apr\u00e8s une seule application, ne cherchez pas plus loin que la formulation sensible Ultrasun Glimmer SPF30.<\/p>\n<p>La formule sensible d\u2019Ultrasun Glimmer SPF30 contient de minuscules &lsquo;lumi\u00e8res&rsquo; dor\u00e9es qui non seulement donnent \u00e0 la peau un beau rayon naturel mais refl\u00e8tent \u00e9galement les rayons nocifs du soleil.<\/p>\n<p>Le complexe liposomal brevet\u00e9 hydrate la peau en profondeur et, comme les autres produits Ultrasun, il est non gras et facile \u00e0 appliquer.Plus pour vous assurer de tirer le meilleur parti de votre \u00e9cran solaire, un distributeur de pompe airless a \u00e9t\u00e9 install\u00e9 pour \u00e9viter la d\u00e9t\u00e9rioration et la contamination du produit.<\/p>\n<p>Conseils \u00e0 l\u2019utilisateur\u00a0:<\/p>\n<p>Appliquer sur une peau propre et s\u00e8che, id\u00e9alement \u00e0 l\u2019int\u00e9rieur, 15 minutes avant l\u2019exposition au soleil.<\/p>\n<p>Composition\u00a0:<\/p>\n<p>Aqua, isost\u00e9aryl isost\u00e9arate, m\u00e9thyl\u00e8ne bis-benzotriazolyl t\u00e9tram\u00e9thylbutylph\u00e9nol (Nano), pentyl\u00e8ne glycol, \u00e9thylhexyl triazone, dioxyde de titane (Nano), bis-\u00e9thylhyloxyph\u00e9nol m\u00e9thoxyph\u00e9nyl triazine, di\u00e9thylamino hydroxybenzoyl hexyl benzoate, \u00e9thylclyl\/triglyc\u00e9ride caprique, Squalane, mica, polyacrylate de 6-polym\u00e8res, cocoglyc\u00e9rides, phosphatidylcholine hydrog\u00e9n\u00e9e, silice, dioxyde de titane, extrait de graine de Vitis vinifera, phosphate de c\u00e9tyle, alcool, alcool T-butylique, l\u00e9cithine, ac\u00e9tate de tocoph\u00e9ryle, ascorbyl t\u00e9tropal<\/p>\n","protected":false},"excerpt":{"rendered":"<p>Pour une protection solaire douce, hydratante et durable apr\u00e8s une seule application, ne cherchez pas plus loin que la formulation sensible Ultrasun Glimmer SPF30.<\/p>\n","protected":false},"featured_media":24959,"comment_status":"open","ping_status":"closed","template":"","meta":[],"product_cat":[20],"product_tag":[],"class_list":{"0":"post-19720","1":"product","2":"type-product","3":"status-publish","4":"has-post-thumbnail","6":"product_cat-accessories","8":"first","9":"instock","10":"shipping-taxable","11":"product-type-simple"},"jetpack_sharing_enabled":true,"_links":{"self":[{"href":"https:\/\/para-pharmacity.tn\/index.php?rest_route=\/wp\/v2\/product\/19720","targetHints":{"allow":["GET"]}}],"collection":[{"href":"https:\/\/para-pharmacity.tn\/index.php?rest_route=\/wp\/v2\/product"}],"about":[{"href":"https:\/\/para-pharmacity.tn\/index.php?rest_route=\/wp\/v2\/types\/product"}],"replies":[{"embeddable":true,"href":"https:\/\/para-pharmacity.tn\/index.php?rest_route=%2Fwp%2Fv2%2Fcomments&post=19720"}],"version-history":[{"count":2,"href":"https:\/\/para-pharmacity.tn\/index.php?rest_route=\/wp\/v2\/product\/19720\/revisions"}],"predecessor-version":[{"id":24960,"href":"https:\/\/para-pharmacity.tn\/index.php?rest_route=\/wp\/v2\/product\/19720\/revisions\/24960"}],"wp:featuredmedia":[{"embeddable":true,"href":"https:\/\/para-pharmacity.tn\/index.php?rest_route=\/wp\/v2\/media\/24959"}],"wp:attachment":[{"href":"https:\/\/para-pharmacity.tn\/index.php?rest_route=%2Fwp%2Fv2%2Fmedia&parent=19720"}],"wp:term":[{"taxonomy":"product_cat","embeddable":true,"href":"https:\/\/para-pharmacity.tn\/index.php?rest_route=%2Fwp%2Fv2%2Fproduct_cat&post=19720"},{"taxonomy":"product_tag","embeddable":true,"href":"https:\/\/para-pharmacity.tn\/index.php?rest_route=%2Fwp%2Fv2%2Fproduct_tag&post=19720"}],"curies":[{"name":"wp","href":"https:\/\/api.w.org\/{rel}","templated":true}]}}