{"id":19705,"date":"2024-07-11T10:09:08","date_gmt":"2024-07-11T10:09:08","guid":{"rendered":"https:\/\/para-pharmacity.tn\/?product=tynor-talon-pour-epine-s"},"modified":"2024-09-17T10:38:27","modified_gmt":"2024-09-17T10:38:27","slug":"tynor-talon-pour-epine-s","status":"publish","type":"product","link":"https:\/\/para-pharmacity.tn\/?product=tynor-talon-pour-epine-s","title":{"rendered":"TYNOR TALON POUR EPINE S"},"content":{"rendered":"<p>Le talon en silicone (vendu par paires) a \u00e9t\u00e9 sp\u00e9cialement con\u00e7u pour offrir un amorti doux au talon du pied. La zone de gel au niveau du calcan\u00e9um r\u00e9duit et r\u00e9partit la pression, ce qui procure un soulagement efficace de la douleur.<\/p>\n<p>Principales caract\u00e9ristiques\u00a0:<\/p>\n<p>&#8211; Facteur d\u2019amortissement \u00e9lev\u00e9<\/p>\n<p>&#8211; Zones tr\u00e8s molles<\/p>\n<p>&#8211; Forme anatomique<\/p>\n<p>&#8211; Hypoallerg\u00e9nique<\/p>\n<p>Fabriqu\u00e9 en silicone de haute qualit\u00e9, liquide, transparent et esth\u00e9tique, ce talon r\u00e9pond aux normes m\u00e9dicales les plus \u00e9lev\u00e9es. Avec une r\u00e9sistance \u00e9lev\u00e9e au cisaillement et un coefficient d\u2019amortissement \u00e9lev\u00e9, il offre une excellente absorption des chocs et un retour d\u2019\u00e9nergie. Hypoallerg\u00e9nique, inodore et durable, elle est non poreuse et non absorbante, facilitant son entretien.<\/p>\n<p>La zone super-douce cible sp\u00e9cifiquement le soulagement de la douleur, soulage la pression \u00e0 la base du calcan\u00e9um et am\u00e9liore le confort global.<\/p>\n<p>La conception ergonomique assure une adaptation optimale, tandis que la structure en filet renforce encore l\u2019amorti. Son \u00e9paisseur optimale permet d\u2019une part un amorti efficace, tout en facilitant son placement dans les chaussures par ailleurs.<\/p>\n","protected":false},"excerpt":{"rendered":"<p>Le talon en silicone (vendu par paires) a \u00e9t\u00e9 sp\u00e9cialement con\u00e7u pour offrir un amorti doux au talon du pied. La zone de gel au niveau du calcan\u00e9um r\u00e9duit et r\u00e9partit la pression, ce qui procure un soulagement efficace de la douleur.<\/p>\n","protected":false},"featured_media":24928,"comment_status":"open","ping_status":"closed","template":"","meta":[],"product_cat":[20],"product_tag":[],"class_list":{"0":"post-19705","1":"product","2":"type-product","3":"status-publish","4":"has-post-thumbnail","6":"product_cat-accessories","8":"first","9":"instock","10":"shipping-taxable","11":"product-type-simple"},"jetpack_sharing_enabled":true,"_links":{"self":[{"href":"https:\/\/para-pharmacity.tn\/index.php?rest_route=\/wp\/v2\/product\/19705","targetHints":{"allow":["GET"]}}],"collection":[{"href":"https:\/\/para-pharmacity.tn\/index.php?rest_route=\/wp\/v2\/product"}],"about":[{"href":"https:\/\/para-pharmacity.tn\/index.php?rest_route=\/wp\/v2\/types\/product"}],"replies":[{"embeddable":true,"href":"https:\/\/para-pharmacity.tn\/index.php?rest_route=%2Fwp%2Fv2%2Fcomments&post=19705"}],"version-history":[{"count":2,"href":"https:\/\/para-pharmacity.tn\/index.php?rest_route=\/wp\/v2\/product\/19705\/revisions"}],"predecessor-version":[{"id":24930,"href":"https:\/\/para-pharmacity.tn\/index.php?rest_route=\/wp\/v2\/product\/19705\/revisions\/24930"}],"wp:featuredmedia":[{"embeddable":true,"href":"https:\/\/para-pharmacity.tn\/index.php?rest_route=\/wp\/v2\/media\/24928"}],"wp:attachment":[{"href":"https:\/\/para-pharmacity.tn\/index.php?rest_route=%2Fwp%2Fv2%2Fmedia&parent=19705"}],"wp:term":[{"taxonomy":"product_cat","embeddable":true,"href":"https:\/\/para-pharmacity.tn\/index.php?rest_route=%2Fwp%2Fv2%2Fproduct_cat&post=19705"},{"taxonomy":"product_tag","embeddable":true,"href":"https:\/\/para-pharmacity.tn\/index.php?rest_route=%2Fwp%2Fv2%2Fproduct_tag&post=19705"}],"curies":[{"name":"wp","href":"https:\/\/api.w.org\/{rel}","templated":true}]}}