{"id":19702,"date":"2024-07-11T10:09:07","date_gmt":"2024-07-11T10:09:07","guid":{"rendered":"https:\/\/para-pharmacity.tn\/?product=tynor-support-epaule-neoprene-univ2"},"modified":"2024-09-17T10:11:10","modified_gmt":"2024-09-17T10:11:10","slug":"tynor-support-epaule-neoprene-univ2","status":"publish","type":"product","link":"https:\/\/para-pharmacity.tn\/?product=tynor-support-epaule-neoprene-univ2","title":{"rendered":"TYNOR SUPPORT EPAULE NEOPRENE UNIV2"},"content":{"rendered":"<div id=\"tab-description\" class=\"entry-content woocommerce-Tabs-panel woocommerce-Tabs-panel--description wd-active panel wc-tab\" role=\"tabpanel\" aria-labelledby=\"tab-title-description\" data-accordion-index=\"description\">\n<div class=\"wc-tab-inner\">\n<div id=\"description\" class=\"tab-pane fade js-product-tab-active active in\" role=\"tabpanel\" aria-expanded=\"true\">\n<div class=\"product-description\">\n<p>The TYNOR UN J14 Neoprene Shoulder Support is specially designed to provide protection and support to the shoulder joint injured or in difficulty. It keeps the shoulder joint warm and flexible, thus facilitating rapid healing.<\/p>\n<p>Characteristics:<\/p>\n<p>&#8211; Comfortable<\/p>\n<p>&#8211; Easy to wear<\/p>\n<p>&#8211; Elegant and styling<\/p>\n<p>&#8211; High quality neoprene fabric<\/p>\n<p>&#8211; Controlled compression<\/p>\n<p>Made of high-quality neoprene, this shoulder support offers a high level of comfort while ensuring controlled compression. Its elegant design makes it not only functional but also aesthetically attractive. Easy to wear, it provides the necessary support while allowing adequate mobility of the shoulder joint.<\/p>\n<\/div>\n<\/div>\n<\/div>\n<\/div>\n","protected":false},"excerpt":{"rendered":"<p>Le support d\u2019\u00e9paule en n\u00e9opr\u00e8ne TYNOR UN J14 est sp\u00e9cialement con\u00e7u pour fournir une protection et un soutien \u00e0 l\u2019articulation de l\u2019\u00e9paule bless\u00e9e ou en difficult\u00e9. Il maintient l\u2019articulation de l\u2019\u00e9paule au chaud et flexible, facilitant ainsi une gu\u00e9rison rapide.<\/p>\n","protected":false},"featured_media":24917,"comment_status":"open","ping_status":"closed","template":"","meta":[],"product_cat":[20],"product_tag":[],"class_list":{"0":"post-19702","1":"product","2":"type-product","3":"status-publish","4":"has-post-thumbnail","6":"product_cat-accessories","8":"first","9":"instock","10":"shipping-taxable","11":"product-type-simple"},"jetpack_sharing_enabled":true,"_links":{"self":[{"href":"https:\/\/para-pharmacity.tn\/index.php?rest_route=\/wp\/v2\/product\/19702","targetHints":{"allow":["GET"]}}],"collection":[{"href":"https:\/\/para-pharmacity.tn\/index.php?rest_route=\/wp\/v2\/product"}],"about":[{"href":"https:\/\/para-pharmacity.tn\/index.php?rest_route=\/wp\/v2\/types\/product"}],"replies":[{"embeddable":true,"href":"https:\/\/para-pharmacity.tn\/index.php?rest_route=%2Fwp%2Fv2%2Fcomments&post=19702"}],"version-history":[{"count":3,"href":"https:\/\/para-pharmacity.tn\/index.php?rest_route=\/wp\/v2\/product\/19702\/revisions"}],"predecessor-version":[{"id":24919,"href":"https:\/\/para-pharmacity.tn\/index.php?rest_route=\/wp\/v2\/product\/19702\/revisions\/24919"}],"wp:featuredmedia":[{"embeddable":true,"href":"https:\/\/para-pharmacity.tn\/index.php?rest_route=\/wp\/v2\/media\/24917"}],"wp:attachment":[{"href":"https:\/\/para-pharmacity.tn\/index.php?rest_route=%2Fwp%2Fv2%2Fmedia&parent=19702"}],"wp:term":[{"taxonomy":"product_cat","embeddable":true,"href":"https:\/\/para-pharmacity.tn\/index.php?rest_route=%2Fwp%2Fv2%2Fproduct_cat&post=19702"},{"taxonomy":"product_tag","embeddable":true,"href":"https:\/\/para-pharmacity.tn\/index.php?rest_route=%2Fwp%2Fv2%2Fproduct_tag&post=19702"}],"curies":[{"name":"wp","href":"https:\/\/api.w.org\/{rel}","templated":true}]}}